{"id":707284,"date":"2024-10-15T16:40:23","date_gmt":"2024-10-15T14:40:23","guid":{"rendered":"https:\/\/streetmarkets.fr\/app\/produit\/pantalon-perris-seashell-masscob-50\/"},"modified":"2025-02-26T01:00:32","modified_gmt":"2025-02-26T00:00:32","slug":"pantalon-perris-seashell-masscob-50","status":"publish","type":"product","link":"https:\/\/streetmarkets.fr\/app\/produit\/pantalon-perris-seashell-masscob-50\/","title":{"rendered":"MASSCOB Pantalon Perris Seashell -50%"},"content":{"rendered":"<p class=\"\">Pantalon 7\/8 en coton, soie et lin, coupe ample et droite, deux poches lat\u00e9rales. Sur la photo le mod\u00e8le porte le pantalon avec la veste Avalon Seashell.<\/p>\n<p class=\"\">D\u00e9tail : 44% coton, 34% soie, 22% lin<\/p>\n","protected":false},"excerpt":{"rendered":"<p>Pantalon 7\/8 en coton, soie et lin, coupe ample et droite, deux poches lat\u00e9rales. Sur la photo le mod\u00e8le porte le pantalon avec la veste Avalon Seashell. D\u00e9tail : 44% coton, 34% soie, 22% lin<\/p>\n","protected":false},"featured_media":707285,"comment_status":"open","ping_status":"closed","template":"","meta":[],"product_brand":[],"product_cat":[1756,1758],"product_tag":[2244],"acf":[],"_links":{"self":[{"href":"https:\/\/streetmarkets.fr\/app\/wp-json\/wp\/v2\/product\/707284"}],"collection":[{"href":"https:\/\/streetmarkets.fr\/app\/wp-json\/wp\/v2\/product"}],"about":[{"href":"https:\/\/streetmarkets.fr\/app\/wp-json\/wp\/v2\/types\/product"}],"replies":[{"embeddable":true,"href":"https:\/\/streetmarkets.fr\/app\/wp-json\/wp\/v2\/comments?post=707284"}],"wp:featuredmedia":[{"embeddable":true,"href":"https:\/\/streetmarkets.fr\/app\/wp-json\/wp\/v2\/media\/707285"}],"wp:attachment":[{"href":"https:\/\/streetmarkets.fr\/app\/wp-json\/wp\/v2\/media?parent=707284"}],"wp:term":[{"taxonomy":"product_brand","embeddable":true,"href":"https:\/\/streetmarkets.fr\/app\/wp-json\/wp\/v2\/product_brand?post=707284"},{"taxonomy":"product_cat","embeddable":true,"href":"https:\/\/streetmarkets.fr\/app\/wp-json\/wp\/v2\/product_cat?post=707284"},{"taxonomy":"product_tag","embeddable":true,"href":"https:\/\/streetmarkets.fr\/app\/wp-json\/wp\/v2\/product_tag?post=707284"}],"curies":[{"name":"wp","href":"https:\/\/api.w.org\/{rel}","templated":true}]}}