{"id":707229,"date":"2024-10-15T16:40:19","date_gmt":"2024-10-15T14:40:19","guid":{"rendered":"https:\/\/streetmarkets.fr\/app\/produit\/pantalon-atticus-aegean-blue-xirena-50\/"},"modified":"2026-05-13T02:01:22","modified_gmt":"2026-05-13T00:01:22","slug":"pantalon-atticus-aegean-blue-xirena-50","status":"publish","type":"product","link":"https:\/\/streetmarkets.fr\/app\/produit\/pantalon-atticus-aegean-blue-xirena-50\/","title":{"rendered":"XIRENA Pantalon Atticus Aegean Blue -50%"},"content":{"rendered":"<p class=\"\">Pantalon en lin coupe flare, taille \u00e9lastique, deux poches lat\u00e9rales. Souple, confortable et \u00e9l\u00e9gant. <\/p>\n<p class=\"\">D\u00e9tail : 100% lin<\/p>\n","protected":false},"excerpt":{"rendered":"<p>Pantalon en lin coupe flare, taille \u00e9lastique, deux poches lat\u00e9rales. Souple, confortable et \u00e9l\u00e9gant. D\u00e9tail : 100% lin<\/p>\n","protected":false},"featured_media":707230,"comment_status":"open","ping_status":"closed","template":"","meta":[],"product_brand":[],"product_cat":[1756,1758],"product_tag":[2244],"acf":[],"_links":{"self":[{"href":"https:\/\/streetmarkets.fr\/app\/wp-json\/wp\/v2\/product\/707229"}],"collection":[{"href":"https:\/\/streetmarkets.fr\/app\/wp-json\/wp\/v2\/product"}],"about":[{"href":"https:\/\/streetmarkets.fr\/app\/wp-json\/wp\/v2\/types\/product"}],"replies":[{"embeddable":true,"href":"https:\/\/streetmarkets.fr\/app\/wp-json\/wp\/v2\/comments?post=707229"}],"wp:featuredmedia":[{"embeddable":true,"href":"https:\/\/streetmarkets.fr\/app\/wp-json\/wp\/v2\/media\/707230"}],"wp:attachment":[{"href":"https:\/\/streetmarkets.fr\/app\/wp-json\/wp\/v2\/media?parent=707229"}],"wp:term":[{"taxonomy":"product_brand","embeddable":true,"href":"https:\/\/streetmarkets.fr\/app\/wp-json\/wp\/v2\/product_brand?post=707229"},{"taxonomy":"product_cat","embeddable":true,"href":"https:\/\/streetmarkets.fr\/app\/wp-json\/wp\/v2\/product_cat?post=707229"},{"taxonomy":"product_tag","embeddable":true,"href":"https:\/\/streetmarkets.fr\/app\/wp-json\/wp\/v2\/product_tag?post=707229"}],"curies":[{"name":"wp","href":"https:\/\/api.w.org\/{rel}","templated":true}]}}