{"id":707165,"date":"2024-10-15T16:40:13","date_gmt":"2024-10-15T14:40:13","guid":{"rendered":"https:\/\/streetmarkets.fr\/app\/produit\/mules-flatcar-off-white-laurence-bras-50\/"},"modified":"2026-05-11T02:01:21","modified_gmt":"2026-05-11T00:01:21","slug":"mules-flatcar-off-white-laurence-bras-50","status":"publish","type":"product","link":"https:\/\/streetmarkets.fr\/app\/produit\/mules-flatcar-off-white-laurence-bras-50\/","title":{"rendered":"LAURENCE BRAS Mules Flatcar Off White -50%"},"content":{"rendered":"<p class=\"\">Mules en cuir souple avec ornement en laiton dor\u00e9 sur le dessus, \u00e9l\u00e9gantes et confortables. <\/p>\n<p class=\"\">D\u00e9tail : 100% cuir v\u00e9ritable <\/p>\n","protected":false},"excerpt":{"rendered":"<p>Mules en cuir souple avec ornement en laiton dor\u00e9 sur le dessus, \u00e9l\u00e9gantes et confortables. D\u00e9tail : 100% cuir v\u00e9ritable<\/p>\n","protected":false},"featured_media":707166,"comment_status":"open","ping_status":"closed","template":"","meta":[],"product_brand":[],"product_cat":[1756,1763],"product_tag":[2244],"acf":[],"_links":{"self":[{"href":"https:\/\/streetmarkets.fr\/app\/wp-json\/wp\/v2\/product\/707165"}],"collection":[{"href":"https:\/\/streetmarkets.fr\/app\/wp-json\/wp\/v2\/product"}],"about":[{"href":"https:\/\/streetmarkets.fr\/app\/wp-json\/wp\/v2\/types\/product"}],"replies":[{"embeddable":true,"href":"https:\/\/streetmarkets.fr\/app\/wp-json\/wp\/v2\/comments?post=707165"}],"wp:featuredmedia":[{"embeddable":true,"href":"https:\/\/streetmarkets.fr\/app\/wp-json\/wp\/v2\/media\/707166"}],"wp:attachment":[{"href":"https:\/\/streetmarkets.fr\/app\/wp-json\/wp\/v2\/media?parent=707165"}],"wp:term":[{"taxonomy":"product_brand","embeddable":true,"href":"https:\/\/streetmarkets.fr\/app\/wp-json\/wp\/v2\/product_brand?post=707165"},{"taxonomy":"product_cat","embeddable":true,"href":"https:\/\/streetmarkets.fr\/app\/wp-json\/wp\/v2\/product_cat?post=707165"},{"taxonomy":"product_tag","embeddable":true,"href":"https:\/\/streetmarkets.fr\/app\/wp-json\/wp\/v2\/product_tag?post=707165"}],"curies":[{"name":"wp","href":"https:\/\/api.w.org\/{rel}","templated":true}]}}