{"id":707091,"date":"2024-10-15T16:40:06","date_gmt":"2024-10-15T14:40:06","guid":{"rendered":"https:\/\/streetmarkets.fr\/app\/produit\/robe-julia-jc-cloud-bellepiece-50\/"},"modified":"2025-04-23T02:01:34","modified_gmt":"2025-04-23T00:01:34","slug":"robe-julia-jc-cloud-bellepiece-50","status":"publish","type":"product","link":"https:\/\/streetmarkets.fr\/app\/produit\/robe-julia-jc-cloud-bellepiece-50\/","title":{"rendered":"BELLEPIECE Robe Julia JC Cloud -50%"},"content":{"rendered":"<p class=\"\">Robe courte en coton coupe ample, manches courtes \u00e9vas\u00e9es, encolure arrondie avec d\u00e9collet\u00e9 V, deux poches lat\u00e9rales. Se porte avec ou sans la ceinture. \u00c9galement disponible dans la couleur Plum. <\/p>\n<p class=\"\">D\u00e9tail : 55% coton, 45% viscose<\/p>\n","protected":false},"excerpt":{"rendered":"<p>Robe courte en coton coupe ample, manches courtes \u00e9vas\u00e9es, encolure arrondie avec d\u00e9collet\u00e9 V, deux poches lat\u00e9rales. Se porte avec ou sans la ceinture. \u00c9galement disponible dans la couleur Plum. D\u00e9tail : 55% coton, 45% viscose<\/p>\n","protected":false},"featured_media":707092,"comment_status":"open","ping_status":"closed","template":"","meta":[],"product_brand":[],"product_cat":[1756,1758],"product_tag":[2244],"acf":[],"_links":{"self":[{"href":"https:\/\/streetmarkets.fr\/app\/wp-json\/wp\/v2\/product\/707091"}],"collection":[{"href":"https:\/\/streetmarkets.fr\/app\/wp-json\/wp\/v2\/product"}],"about":[{"href":"https:\/\/streetmarkets.fr\/app\/wp-json\/wp\/v2\/types\/product"}],"replies":[{"embeddable":true,"href":"https:\/\/streetmarkets.fr\/app\/wp-json\/wp\/v2\/comments?post=707091"}],"wp:featuredmedia":[{"embeddable":true,"href":"https:\/\/streetmarkets.fr\/app\/wp-json\/wp\/v2\/media\/707092"}],"wp:attachment":[{"href":"https:\/\/streetmarkets.fr\/app\/wp-json\/wp\/v2\/media?parent=707091"}],"wp:term":[{"taxonomy":"product_brand","embeddable":true,"href":"https:\/\/streetmarkets.fr\/app\/wp-json\/wp\/v2\/product_brand?post=707091"},{"taxonomy":"product_cat","embeddable":true,"href":"https:\/\/streetmarkets.fr\/app\/wp-json\/wp\/v2\/product_cat?post=707091"},{"taxonomy":"product_tag","embeddable":true,"href":"https:\/\/streetmarkets.fr\/app\/wp-json\/wp\/v2\/product_tag?post=707091"}],"curies":[{"name":"wp","href":"https:\/\/api.w.org\/{rel}","templated":true}]}}