{"id":705670,"date":"2024-10-15T16:17:53","date_gmt":"2024-10-15T14:17:53","guid":{"rendered":"https:\/\/streetmarkets.fr\/app\/produit\/veste-impermeable-long-mixte-amelot-vert-sapin-flotte\/"},"modified":"2026-04-29T01:59:10","modified_gmt":"2026-04-28T23:59:10","slug":"veste-impermeable-long-mixte-amelot-vert-sapin-flotte","status":"publish","type":"product","link":"https:\/\/streetmarkets.fr\/app\/produit\/veste-impermeable-long-mixte-amelot-vert-sapin-flotte\/","title":{"rendered":"Veste Imperm\u00e9able Amelot Longue mixte recycl\u00e9e &#8211; Couleurs &#8211; Flotte"},"content":{"rendered":"<h2>Veste Imperm\u00e9able Amelot \u00a0Longue mixte recycl\u00e9e &#8211; Couleurs &#8211; Flotte<\/h2>\n<p><img decoding=\"async\" src=\"https:\/\/cdn.shopify.com\/s\/files\/1\/0593\/7093\/0335\/files\/FlotteLogo_8c651872-f648-4990-b751-cd1c3bf666ce_480x480.jpg?v=1677939486\" alt=\"\"><img decoding=\"async\" alt=\"\" src=\"https:\/\/cdn.shopify.com\/s\/files\/1\/0593\/7093\/0335\/files\/Picto_Mode_Textile_480x480.jpg?v=1677763747\"><img decoding=\"async\" alt=\"\" src=\"https:\/\/cdn.shopify.com\/s\/files\/1\/0593\/7093\/0335\/files\/Picto_Matieres_recyclees_480x480.jpg?v=1677763747\"><\/p>\n<p data-end=\"553\" data-start=\"268\">Ic\u00f4ne de la marque fran\u00e7aise Flotte, la veste Amelot est con\u00e7ue pour offrir un maximum de style et de protection contre la pluie. R\u00e9alis\u00e9e en polyester recycl\u00e9 certifi\u00e9, elle combine imperm\u00e9abilit\u00e9 de 10 000 mm et respirabilit\u00e9 \u00e9quivalente pour un confort optimal, m\u00eame en mouvement.<\/p>\n<p data-end=\"853\" data-start=\"555\">Sa coupe longue, son style mixte et ses finitions techniques en font un mod\u00e8le polyvalent, parfait pour affronter les intemp\u00e9ries au quotidien. Gr\u00e2ce \u00e0 sa pochette int\u00e9gr\u00e9e dans le dos, elle se transforme facilement en sac 2-en-1, laissant m\u00eame de la place pour quelques affaires suppl\u00e9mentaires.<\/p>\n<p data-end=\"1301\" data-start=\"855\"><strong data-end=\"879\" data-start=\"855\">\u2728 Pourquoi l\u2019adopter<\/strong><br data-end=\"882\" data-start=\"879\">\u267b\ufe0f Mati\u00e8re recycl\u00e9e certifi\u00e9e : polyester respectueux de l\u2019environnement<br data-end=\"957\" data-start=\"954\">\u2614\ufe0f Imperm\u00e9abilit\u00e9 10 000 mm : excellente protection contre la pluie<br data-end=\"1027\" data-start=\"1024\">\ud83d\udca8 Respirabilit\u00e9 10 000 g\/m\u00b2\/24h : confort optimal m\u00eame en mouvement<br data-end=\"1098\" data-start=\"1095\">\ud83d\udd12 Coutures thermocoll\u00e9es &amp; zips imperm\u00e9ables : \u00e9tanch\u00e9it\u00e9 renforc\u00e9e<br data-end=\"1169\" data-start=\"1166\">\ud83c\udfaf Polyvalence urbaine &amp; outdoor : coupe longue, mixte et ajustable<br data-end=\"1239\" data-start=\"1236\">\ud83c\udf92 Sac 2-en-1 int\u00e9gr\u00e9 : se range et se transporte facilement<\/p>\n<p data-end=\"1512\" data-start=\"1303\"><strong data-end=\"1321\" data-start=\"1303\">\ud83e\udd7e Id\u00e9al pour\u2026<\/strong><br data-end=\"1324\" data-start=\"1321\">Les trajets quotidiens \u00e0 v\u00e9lo ou \u00e0 pied, les sorties par temps pluvieux, les escapades en nature ou tout simplement pour rester \u00e9l\u00e9gant et au sec quelles que soient les conditions m\u00e9t\u00e9o.<\/p>\n<p data-end=\"1711\" data-start=\"1514\"><strong data-end=\"1530\" data-start=\"1514\">\ud83e\uddfc Entretien<\/strong><br data-end=\"1533\" data-start=\"1530\">Fermer tous les zips avant lavage. Laver \u00e0 froid (max 30\u00b0C) en programme d\u00e9licat avec essorage mod\u00e9r\u00e9. Ne pas utiliser d\u2019adoucissant, ne pas s\u00e9cher en machine, ne pas repasser.<\/p>\n<p>Le mod\u00e8le Amelot existe en plusieurs tailles et <a title=\"Veste Imperm\u00e9able Long mixte Amelot Classique - Flotte\" href=\"https:\/\/chez-hersee.fr\/products\/veste-impermeable-long-flotte-amelot-classique\">d&#8217;autres couleurs classiques.<\/a><br \/>Le mod\u00e8le Amelot taille l\u00e9g\u00e8rement grand.<br data-end=\"1757\" data-start=\"1754\">Pour l&#8217;homme, prendre votre taille habituelle ou sup\u00e9rieure pour plus d\u2019aisance.<br data-end=\"1840\" data-start=\"1837\">Pour la femme, prendre une taille inf\u00e9rieure.<\/p>\n<h3><span>FLOTTE<\/span><\/h3>\n<p>Flotte, marque fran\u00e7aise fond\u00e9e par Lyly et Micka\u00ebl en 2020, a pour mission de partager une vision plus\u00a0joyeuse de la pluie\u00a0et croit en\u00a0une mode plus responsable et durable en s&#8217;adressant aux adeptes de praticit\u00e9, de confort et de look.<br \/>Elle propose ainsi d&#8217;aimer\u00a0<span>la pluie en apportant de la joie et de la bonne humeur \u00e0 travers des v\u00eatements modulables et color\u00e9s, con\u00e7us en tissus 100% recycl\u00e9s et certifi\u00e9s. Vous \u00eates maintenant pluviophile !<\/span><\/p>\n<h3><span>INFORMATIONS<\/span><\/h3>\n<p><span>100% polyester recycl\u00e9, RPET<br \/><\/span>Imperm\u00e9abilit\u00e9 : 10,000 mm colonne d\u2019eau\u00a0<br \/>Respirabilit\u00e9 : 10,000 g \/ m2 \/ 24 h<br \/>Mod\u00e8le mixte<br \/>Fermetures \u00e9clairs imperm\u00e9ables<br \/>Zip \u00e0 double curseur<br \/>Coutures thermocoll\u00e9es<br \/>2 poches zipp\u00e9es<br \/>Cordons de serrage (capuche et taille)<br \/>Sac 2-en-1<br \/>Certifi\u00e9 OEKO-TEX et\u00a0Certifi\u00e9 Global Recycled Standard<\/p>\n","protected":false},"excerpt":{"rendered":"<p>Veste Imperm\u00e9able Amelot \u00a0Longue mixte recycl\u00e9e &#8211; Couleurs &#8211; Flotte Ic\u00f4ne de la marque fran\u00e7aise Flotte, la veste Amelot est con\u00e7ue pour offrir un maximum de style et de protection contre la pluie. R\u00e9alis\u00e9e en polyester recycl\u00e9 certifi\u00e9, elle combine imperm\u00e9abilit\u00e9 de 10 000 mm et respirabilit\u00e9 \u00e9quivalente pour un confort optimal, m\u00eame en mouvement. [&hellip;]<\/p>\n","protected":false},"featured_media":705671,"comment_status":"open","ping_status":"closed","template":"","meta":[],"product_brand":[7127],"product_cat":[1756,1760],"product_tag":[1810],"acf":[],"_links":{"self":[{"href":"https:\/\/streetmarkets.fr\/app\/wp-json\/wp\/v2\/product\/705670"}],"collection":[{"href":"https:\/\/streetmarkets.fr\/app\/wp-json\/wp\/v2\/product"}],"about":[{"href":"https:\/\/streetmarkets.fr\/app\/wp-json\/wp\/v2\/types\/product"}],"replies":[{"embeddable":true,"href":"https:\/\/streetmarkets.fr\/app\/wp-json\/wp\/v2\/comments?post=705670"}],"wp:featuredmedia":[{"embeddable":true,"href":"https:\/\/streetmarkets.fr\/app\/wp-json\/wp\/v2\/media\/705671"}],"wp:attachment":[{"href":"https:\/\/streetmarkets.fr\/app\/wp-json\/wp\/v2\/media?parent=705670"}],"wp:term":[{"taxonomy":"product_brand","embeddable":true,"href":"https:\/\/streetmarkets.fr\/app\/wp-json\/wp\/v2\/product_brand?post=705670"},{"taxonomy":"product_cat","embeddable":true,"href":"https:\/\/streetmarkets.fr\/app\/wp-json\/wp\/v2\/product_cat?post=705670"},{"taxonomy":"product_tag","embeddable":true,"href":"https:\/\/streetmarkets.fr\/app\/wp-json\/wp\/v2\/product_tag?post=705670"}],"curies":[{"name":"wp","href":"https:\/\/api.w.org\/{rel}","templated":true}]}}

Veste Imperméable Amelot Longue mixte recyclée &#8211; Couleurs &#8211; Flotte

<h2>Veste Imperméable Amelot  Longue mixte recyclée &#8211; Couleurs &#8211; Flotte</h2>
<p><img decoding="async" src="https://cdn.shopify.com/s/files/1/0593/7093/0335/files/FlotteLogo_8c651872-f648-4990-b751-cd1c3bf666ce_480x480.jpg?v=1677939486" alt=""><img decoding="async" alt="" src="https://cdn.shopify.com/s/files/1/0593/7093/0335/files/Picto_Mode_Textile_480x480.jpg?v=1677763747"><img decoding="async" alt="" src="https://cdn.shopify.com/s/files/1/0593/7093/0335/files/Picto_Matieres_recyclees_480x480.jpg?v=1677763747"></p>
<p data-end="553" data-start="268">Icône de la marque française Flotte, la veste Amelot est conçue pour offrir un maximum de style et de protection contre la pluie. Réalisée en polyester recyclé certifié, elle combine imperméabilité de 10 000 mm et respirabilité équivalente pour un confort optimal, même en mouvement.</p>
<p data-end="853" data-start="555">Sa coupe longue, son style mixte et ses finitions techniques en font un modèle polyvalent, parfait pour affronter les intempéries au quotidien. Grâce à sa pochette intégrée dans le dos, elle se transforme facilement en sac 2-en-1, laissant même de la place pour quelques affaires supplémentaires.</p>
<p data-end="1301" data-start="855"><strong data-end="879" data-start="855">✨ Pourquoi l’adopter</strong><br data-end="882" data-start="879">♻️ Matière recyclée certifiée : polyester respectueux de l’environnement<br data-end="957" data-start="954">☔️ Imperméabilité 10 000 mm : excellente protection contre la pluie<br data-end="1027" data-start="1024">💨 Respirabilité 10 000 g/m²/24h : confort optimal même en mouvement<br data-end="1098" data-start="1095">🔒 Coutures thermocollées &amp; zips imperméables : étanchéité renforcée<br data-end="1169" data-start="1166">🎯 Polyvalence urbaine &amp; outdoor : coupe longue, mixte et ajustable<br data-end="1239" data-start="1236">🎒 Sac 2-en-1 intégré : se range et se transporte facilement</p>
<p data-end="1512" data-start="1303"><strong data-end="1321" data-start="1303">🥾 Idéal pour…</strong><br data-end="1324" data-start="1321">Les trajets quotidiens à vélo ou à pied, les sorties par temps pluvieux, les escapades en nature ou tout simplement pour rester élégant et au sec quelles que soient les conditions météo.</p>
<p data-end="1711" data-start="1514"><strong data-end="1530" data-start="1514">🧼 Entretien</strong><br data-end="1533" data-start="1530">Fermer tous les zips avant lavage. Laver à froid (max 30°C) en programme délicat avec essorage modéré. Ne pas utiliser d’adoucissant, ne pas sécher en machine, ne pas repasser.</p>
<p>Le modèle Amelot existe en plusieurs tailles et <a title="Veste Imperméable Long mixte Amelot Classique - Flotte" href="https://chez-hersee.fr/products/veste-impermeable-long-flotte-amelot-classique">d&#8217;autres couleurs classiques.</a><br />Le modèle Amelot taille légèrement grand.<br data-end="1757" data-start="1754">Pour l&#8217;homme, prendre votre taille habituelle ou supérieure pour plus d’aisance.<br data-end="1840" data-start="1837">Pour la femme, prendre une taille inférieure.</p>
<h3><span>FLOTTE</span></h3>
<p>Flotte, marque française fondée par Lyly et Mickaël en 2020, a pour mission de partager une vision plus joyeuse de la pluie et croit en une mode plus responsable et durable en s&#8217;adressant aux adeptes de praticité, de confort et de look.<br />Elle propose ainsi d&#8217;aimer <span>la pluie en apportant de la joie et de la bonne humeur à travers des vêtements modulables et colorés, conçus en tissus 100% recyclés et certifiés. Vous êtes maintenant pluviophile !</span></p>
<h3><span>INFORMATIONS</span></h3>
<p><span>100% polyester recyclé, RPET<br /></span>Imperméabilité : 10,000 mm colonne d’eau <br />Respirabilité : 10,000 g / m2 / 24 h<br />Modèle mixte<br />Fermetures éclairs imperméables<br />Zip à double curseur<br />Coutures thermocollées<br />2 poches zippées<br />Cordons de serrage (capuche et taille)<br />Sac 2-en-1<br />Certifié OEKO-TEX et Certifié Global Recycled Standard</p>

<p>Veste Imperméable Amelot  Longue mixte recyclée &#8211; Couleurs &#8211; Flotte Icône de la marque française Flotte, la veste Amelot est conçue pour offrir un maximum de style et de protection contre la pluie. Réalisée en polyester recyclé certifié, elle combine imperméabilité de 10 000 mm et respirabilité équivalente pour un confort optimal, même en mouvement. [&hellip;]</p>
