{"id":704973,"date":"2024-10-15T16:16:40","date_gmt":"2024-10-15T14:16:40","guid":{"rendered":"https:\/\/streetmarkets.fr\/app\/produit\/gants-tactiles-en-laine-recyclee-made-in-france-jaune-pop-corn\/"},"modified":"2026-05-11T01:59:04","modified_gmt":"2026-05-10T23:59:04","slug":"gants-tactiles-en-laine-recyclee-made-in-france-jaune-pop-corn","status":"publish","type":"product","link":"https:\/\/streetmarkets.fr\/app\/produit\/gants-tactiles-en-laine-recyclee-made-in-france-jaune-pop-corn\/","title":{"rendered":"Gants tactiles en laine recycl\u00e9e made in France Jaune Pop Corn &#8211; Maison Bonnefoy"},"content":{"rendered":"<h2 data-mce-fragment=\"1\">Gants tactiles en laine recycl\u00e9e made in France Jaune Pop Corn &#8211; Maison Bonnefoy<br \/>\n<\/h2>\n<p data-mce-fragment=\"1\"><img decoding=\"async\" alt=\"\" src=\"https:\/\/cdn.shopify.com\/s\/files\/1\/0593\/7093\/0335\/files\/MaisonBonnefoylogo_cdaab24b-e2bb-4841-8b3a-4f57b5c7a112_480x480.jpg?v=1678195087\" data-mce-fragment=\"1\"><img decoding=\"async\" alt=\"\" src=\"https:\/\/cdn.shopify.com\/s\/files\/1\/0593\/7093\/0335\/files\/Picto_Mode_Textile_480x480.jpg?v=1677763747\" data-mce-fragment=\"1\"><img decoding=\"async\" alt=\"\" src=\"https:\/\/cdn.shopify.com\/s\/files\/1\/0593\/7093\/0335\/files\/Picto_Made_in_France_480x480.jpg?v=1677763747\" data-mce-fragment=\"1\"><img decoding=\"async\" alt=\"\" src=\"https:\/\/cdn.shopify.com\/s\/files\/1\/0593\/7093\/0335\/files\/Picto_Matieres_recyclees_480x480.jpg?v=1677763747\" data-mce-fragment=\"1\"><\/p>\n<div style=\"text-align: start\" data-mce-fragment=\"1\">\n<p>Une paire de gants respectueuse de l&#8217;environnement en laine !<\/p>\n<\/div>\n<p style=\"text-align: start\" data-mce-fragment=\"1\">Les gants tactiles mixte sont id\u00e9aux pour compl\u00e9ter votre tenue tout en vous apportant une chaleur importante. Tricot\u00e9s gr\u00e2ce \u00e0 un savoir-faire ancestral, ces gants au toucher ferme s\u2019ajustent parfaitement \u00e0 la taille de vos mains.<\/p>\n<p>Ces gants sont \u00e9quip\u00e9s d&#8217;une fonctionnalit\u00e9 tactile sur le pouce, l&#8217;index et le majeur pour permettre une utilisation optimale de son smartphone.<\/p>\n<p style=\"text-align: start\" data-mce-fragment=\"1\">Bien choisir la taille de ses gants permet d&#8217;\u00e9viter les retours. Vous limiterez ainsi les \u00e9missions de CO2 et votre impact \u00e9cologique<span style=\"text-decoration: underline\"><em> (voir guide des tailles en photo).<\/em><\/span><br \/>Disponibles en deux dimensions : S\/M et L\/XL.<\/p>\n<p style=\"text-align: start\" data-mce-fragment=\"1\">Le fil utilis\u00e9 pour tricoter ce bonnet provient d&#8217;une\u00a0filature fran\u00e7aise.\u00a0100% recycl\u00e9\u00a0\u00e0 partir de v\u00eatements usag\u00e9s, ce fil ne subit aucun traitement chimique et est ainsi\u00a0certifi\u00e9 GRS\u00a0(Global Recycled Standard).\u00a0<\/p>\n<p style=\"text-align: start\" data-mce-fragment=\"1\">Le tricotage, la confection et les finitions mains sont r\u00e9alis\u00e9s dans un\u00a0atelier artisanal de Maison Bonnefoy\u00a0situ\u00e9 en\u00a0Auvergne.\u00a0La garantie d&#8217;une qualit\u00e9 100% fran\u00e7aise.\u00a0<\/p>\n<div style=\"text-align: start\" data-mce-fragment=\"1\">\n<h3>Entretien<\/h3>\n<div>\n<ul>\n<li>Lavage \u00e0 l&#8217;eau froide \u00e0 la main ou en programme laine<\/li>\n<li>Utiliser une lessive sp\u00e9ciale laine\u00a0<\/li>\n<li>S\u00e9chage \u00e0 plat loin d&#8217;une source de chaleur<\/li>\n<li>Repassage \u00e0 froid<\/li>\n<\/ul>\n<\/div>\n<div class=\"page\" title=\"Page 15\" data-mce-fragment=\"1\">\n<div class=\"section\" data-mce-fragment=\"1\">\n<div class=\"layoutArea\" data-mce-fragment=\"1\">\n<div class=\"column\" data-mce-fragment=\"1\">\n<h3 data-mce-fragment=\"1\"><span data-mce-fragment=\"1\">Maison Bonnefoy<\/span><\/h3>\n<p><span>Depuis 1940 Maison Bonnefoy tricote, \u00e0 partir de fils m\u00e9ticuleusement s\u00e9lectionn\u00e9s en France et en Europe, des accessoires de mode et de d\u00e9coration.\u00a0<\/span><span>Gr\u00e2ce \u00e0 son savoir-faire ancestral et l\u2019utilisation de m\u00e9tiers anciens, Maison Bonnefoy a re\u00e7u le label EPV \u2013 Entreprise du Patrimoine Vivant.<\/span><\/p>\n<p><span>Consciente de l\u2019importance des enjeux environnementaux, Maison Bonnefoy est aujourd\u2019hui, avant tout, pouss\u00e9e par une volont\u00e9 d\u2019aller toujours plus loin dans son engagement \u00e9cologique. Pour cette raison la marque a d\u00e9velopp\u00e9 une collection \u00e9thique r\u00e9alis\u00e9e \u00e0 partir de laine bio, coton bio et mati\u00e8res recycl\u00e9es.<\/span><br data-v-1c02001a=\"\"><span>De la cr\u00e9ation des produits aux finitions main, tout le processus de fabrication est r\u00e9alis\u00e9 dans son atelier Auvergnat afin de garantir une qualit\u00e9 100% Fran\u00e7aise.<\/span><\/p>\n<h3 data-mce-fragment=\"1\">Informations<br \/>\n<\/h3>\n<p>Composition :\u00a0<span data-mce-fragment=\"1\">70% Laine, 25% Polyamide, 5% Autres fibres.<br \/>Fabrication en France.<\/span><\/p>\n<\/div>\n<\/div>\n<\/div>\n<\/div>\n<\/div>\n<h3 data-mce-fragment=\"1\"><\/h3>\n","protected":false},"excerpt":{"rendered":"<p>Gants tactiles en laine recycl\u00e9e made in France Jaune Pop Corn &#8211; Maison Bonnefoy Une paire de gants respectueuse de l&#8217;environnement en laine ! Les gants tactiles mixte sont id\u00e9aux pour compl\u00e9ter votre tenue tout en vous apportant une chaleur importante. Tricot\u00e9s gr\u00e2ce \u00e0 un savoir-faire ancestral, ces gants au toucher ferme s\u2019ajustent parfaitement \u00e0 [&hellip;]<\/p>\n","protected":false},"featured_media":704974,"comment_status":"open","ping_status":"closed","template":"","meta":[],"product_brand":[],"product_cat":[1756,1764],"product_tag":[1810],"acf":[],"_links":{"self":[{"href":"https:\/\/streetmarkets.fr\/app\/wp-json\/wp\/v2\/product\/704973"}],"collection":[{"href":"https:\/\/streetmarkets.fr\/app\/wp-json\/wp\/v2\/product"}],"about":[{"href":"https:\/\/streetmarkets.fr\/app\/wp-json\/wp\/v2\/types\/product"}],"replies":[{"embeddable":true,"href":"https:\/\/streetmarkets.fr\/app\/wp-json\/wp\/v2\/comments?post=704973"}],"wp:featuredmedia":[{"embeddable":true,"href":"https:\/\/streetmarkets.fr\/app\/wp-json\/wp\/v2\/media\/704974"}],"wp:attachment":[{"href":"https:\/\/streetmarkets.fr\/app\/wp-json\/wp\/v2\/media?parent=704973"}],"wp:term":[{"taxonomy":"product_brand","embeddable":true,"href":"https:\/\/streetmarkets.fr\/app\/wp-json\/wp\/v2\/product_brand?post=704973"},{"taxonomy":"product_cat","embeddable":true,"href":"https:\/\/streetmarkets.fr\/app\/wp-json\/wp\/v2\/product_cat?post=704973"},{"taxonomy":"product_tag","embeddable":true,"href":"https:\/\/streetmarkets.fr\/app\/wp-json\/wp\/v2\/product_tag?post=704973"}],"curies":[{"name":"wp","href":"https:\/\/api.w.org\/{rel}","templated":true}]}}