{"id":704933,"date":"2024-10-15T16:16:38","date_gmt":"2024-10-15T14:16:38","guid":{"rendered":"https:\/\/streetmarkets.fr\/app\/produit\/chaussettes-maille-ajouree-ecru-laine-et-soie\/"},"modified":"2026-05-04T01:59:51","modified_gmt":"2026-05-03T23:59:51","slug":"chaussettes-maille-ajouree-ecru-laine-et-soie","status":"publish","type":"product","link":"https:\/\/streetmarkets.fr\/app\/produit\/chaussettes-maille-ajouree-ecru-laine-et-soie\/","title":{"rendered":"Chaussettes Maille Ajour\u00e9e Ecru Laine et Soie"},"content":{"rendered":"<h2 data-mce-fragment=\"1\">\n<span><\/span>Chaussettes Maille Ajour\u00e9e Ecru Laine et Soie<\/h2>\n<p data-mce-fragment=\"1\"><img decoding=\"async\" alt=\"\" src=\"https:\/\/cdn.shopify.com\/s\/files\/1\/0593\/7093\/0335\/files\/MaisonBroussaudlogo_7aa74cdb-43cd-4bd8-bb9a-f60b91769367_480x480.jpg?v=1678195545\" data-mce-fragment=\"1\" data-mce-src=\"https:\/\/cdn.shopify.com\/s\/files\/1\/0593\/7093\/0335\/files\/MaisonBroussaudlogo_7aa74cdb-43cd-4bd8-bb9a-f60b91769367_480x480.jpg?v=1678195545\"><img decoding=\"async\" alt=\"\" src=\"https:\/\/cdn.shopify.com\/s\/files\/1\/0593\/7093\/0335\/files\/Picto_Mode_Textile_480x480.jpg?v=1677763747\" data-mce-fragment=\"1\" data-mce-src=\"https:\/\/cdn.shopify.com\/s\/files\/1\/0593\/7093\/0335\/files\/Picto_Mode_Textile_480x480.jpg?v=1677763747\"><img decoding=\"async\" alt=\"\" src=\"https:\/\/cdn.shopify.com\/s\/files\/1\/0593\/7093\/0335\/files\/Picto_Made_in_France_480x480.jpg?v=1677763747\" data-mce-fragment=\"1\" data-mce-src=\"https:\/\/cdn.shopify.com\/s\/files\/1\/0593\/7093\/0335\/files\/Picto_Made_in_France_480x480.jpg?v=1677763747\"><\/p>\n<p><span>Ces chaussettes avec de jolis\u00a0mailles ajour\u00e9es \u00e9cru\u00a0apporteront \u00e9l\u00e9gance et finesse \u00e0 votre vestiaire mais elles sont avant tout de qualit\u00e9, douces, confortables et faites pour durer avec leur composition en laine et soie.<\/span><\/p>\n<p><span>Comment bien les entretenir ? Lavage : Nous conseillons d&#8217;effectuer un lavage \u00e0 30\u00b0C max en cycle court. C&#8217;est \u00e9conomique, \u00e9cologique et \u00e7a pr\u00e9serve la fibre du coton. La premi\u00e8re fois il est pr\u00e9f\u00e9rable de faire un lavage avec des couleurs similaires.<\/span><\/p>\n<h3><span>MAISON BROUSSAUD<\/span><\/h3>\n<p>La Maison Broussaud, c\u2019est l\u2019histoire de\u00a0trois g\u00e9n\u00e9rations de passionn\u00e9s\u00a0qui se transmettent le savoir-faire du tricotage depuis 80 ans.<\/p>\n<p>Les chaussettes sont\u00a0dessin\u00e9es,\u00a0tricot\u00e9es\u00a0et\u00a0confectionn\u00e9es\u00a0exclusivement en\u00a0France, au c\u0153ur de leur\u00a0petit village du Limousin. L&#8217;atelier produit depuis 1938\u00a0sur le m\u00eame site, dans la plus pure tradition de la\u00a0bonneterie fran\u00e7aise et garantie des conditions de travail justes et respectables tout en r\u00e9duisant leur empreinte environnementale.<\/p>\n<p>Les mati\u00e8res premi\u00e8res r\u00e9pondent aux normes\u00a0OEKO-TEX\u00ae Standard 100 et les d\u00e9chets de chaussettes sont recycl\u00e9s afin de reconstituer un nouveau fil et, par la suite devenir de nouvelles chaussettes.<\/p>\n<h3><span>INFORMATIONS<\/span><\/h3>\n<p><span>Composition : 55% Laine, 24% Soie, 19% Polyamide, 2% Elasthanne.<\/span><span><br \/>Fabriqu\u00e9 en France.<\/span><\/p>\n","protected":false},"excerpt":{"rendered":"<p>Chaussettes Maille Ajour\u00e9e Ecru Laine et Soie Ces chaussettes avec de jolis\u00a0mailles ajour\u00e9es \u00e9cru\u00a0apporteront \u00e9l\u00e9gance et finesse \u00e0 votre vestiaire mais elles sont avant tout de qualit\u00e9, douces, confortables et faites pour durer avec leur composition en laine et soie. Comment bien les entretenir ? Lavage : Nous conseillons d&#8217;effectuer un lavage \u00e0 30\u00b0C max [&hellip;]<\/p>\n","protected":false},"featured_media":704934,"comment_status":"open","ping_status":"closed","template":"","meta":[],"product_brand":[],"product_cat":[1756,1764],"product_tag":[1810],"acf":[],"_links":{"self":[{"href":"https:\/\/streetmarkets.fr\/app\/wp-json\/wp\/v2\/product\/704933"}],"collection":[{"href":"https:\/\/streetmarkets.fr\/app\/wp-json\/wp\/v2\/product"}],"about":[{"href":"https:\/\/streetmarkets.fr\/app\/wp-json\/wp\/v2\/types\/product"}],"replies":[{"embeddable":true,"href":"https:\/\/streetmarkets.fr\/app\/wp-json\/wp\/v2\/comments?post=704933"}],"wp:featuredmedia":[{"embeddable":true,"href":"https:\/\/streetmarkets.fr\/app\/wp-json\/wp\/v2\/media\/704934"}],"wp:attachment":[{"href":"https:\/\/streetmarkets.fr\/app\/wp-json\/wp\/v2\/media?parent=704933"}],"wp:term":[{"taxonomy":"product_brand","embeddable":true,"href":"https:\/\/streetmarkets.fr\/app\/wp-json\/wp\/v2\/product_brand?post=704933"},{"taxonomy":"product_cat","embeddable":true,"href":"https:\/\/streetmarkets.fr\/app\/wp-json\/wp\/v2\/product_cat?post=704933"},{"taxonomy":"product_tag","embeddable":true,"href":"https:\/\/streetmarkets.fr\/app\/wp-json\/wp\/v2\/product_tag?post=704933"}],"curies":[{"name":"wp","href":"https:\/\/api.w.org\/{rel}","templated":true}]}}