{"id":704327,"date":"2024-10-15T10:33:51","date_gmt":"2024-10-15T08:33:51","guid":{"rendered":"https:\/\/streetmarkets.fr\/app\/produit\/col-deep-dye-storm-koon\/"},"modified":"2026-05-15T08:37:48","modified_gmt":"2026-05-15T06:37:48","slug":"col-deep-dye-storm-koon","status":"publish","type":"product","link":"https:\/\/streetmarkets.fr\/app\/produit\/col-deep-dye-storm-koon\/","title":{"rendered":"Col &#8211; Deep Dye Storm &#8211; Koon"},"content":{"rendered":"<div class=\"product__description color--primary-text bg--primary-background my2\" data-mce-fragment=\"1\">\n<p class=\"rte mx--auto font-size__basic max-width--3\" id=\"productDescription\" data-mce-fragment=\"1\"><span style=\"font-size: 0.875rem\"><span style=\"font-family: -apple-system, BlinkMacSystemFont, 'San Francisco', 'Segoe UI', Roboto, 'Helvetica Neue', sans-serif\">Col\u00a0en cachemire unisexe qui remplace de fa\u00e7on styl\u00e9e une \u00e9charpe.\u00a0<\/span><\/span><\/p>\n<p class=\"rte mx--auto font-size__basic max-width--3\" data-mce-fragment=\"1\"><span style=\"font-size: 0.875rem\"><span style=\"font-family: -apple-system, BlinkMacSystemFont, 'San Francisco', 'Segoe UI', Roboto, 'Helvetica Neue', sans-serif\">Il se porte en dessous d&#8217;une chemise ou d&#8217;un pull col V, il remplacera \u00e0 merveille un col, roul\u00e9.\u00a0<\/span><\/span><\/p>\n<div class=\"rte mx--auto font-size__basic max-width--3\" data-product-description=\"\" data-mce-fragment=\"1\"><\/div>\n<\/div>\n","protected":false},"excerpt":{"rendered":"<p>Col\u00a0en cachemire unisexe qui remplace de fa\u00e7on styl\u00e9e une \u00e9charpe.\u00a0 Il se porte en dessous d&#8217;une chemise ou d&#8217;un pull col V, il remplacera \u00e0 merveille un col, roul\u00e9.\u00a0<\/p>\n","protected":false},"featured_media":704328,"comment_status":"open","ping_status":"closed","template":"","meta":[],"product_brand":[],"product_cat":[1756,1764],"product_tag":[2244],"acf":[],"_links":{"self":[{"href":"https:\/\/streetmarkets.fr\/app\/wp-json\/wp\/v2\/product\/704327"}],"collection":[{"href":"https:\/\/streetmarkets.fr\/app\/wp-json\/wp\/v2\/product"}],"about":[{"href":"https:\/\/streetmarkets.fr\/app\/wp-json\/wp\/v2\/types\/product"}],"replies":[{"embeddable":true,"href":"https:\/\/streetmarkets.fr\/app\/wp-json\/wp\/v2\/comments?post=704327"}],"wp:featuredmedia":[{"embeddable":true,"href":"https:\/\/streetmarkets.fr\/app\/wp-json\/wp\/v2\/media\/704328"}],"wp:attachment":[{"href":"https:\/\/streetmarkets.fr\/app\/wp-json\/wp\/v2\/media?parent=704327"}],"wp:term":[{"taxonomy":"product_brand","embeddable":true,"href":"https:\/\/streetmarkets.fr\/app\/wp-json\/wp\/v2\/product_brand?post=704327"},{"taxonomy":"product_cat","embeddable":true,"href":"https:\/\/streetmarkets.fr\/app\/wp-json\/wp\/v2\/product_cat?post=704327"},{"taxonomy":"product_tag","embeddable":true,"href":"https:\/\/streetmarkets.fr\/app\/wp-json\/wp\/v2\/product_tag?post=704327"}],"curies":[{"name":"wp","href":"https:\/\/api.w.org\/{rel}","templated":true}]}}