{"id":704127,"date":"2024-10-15T10:32:51","date_gmt":"2024-10-15T08:32:51","guid":{"rendered":"https:\/\/streetmarkets.fr\/app\/produit\/foulard-vertige-vert-ma-poesie\/"},"modified":"2026-05-05T08:37:39","modified_gmt":"2026-05-05T06:37:39","slug":"foulard-vertige-vert-ma-poesie","status":"publish","type":"product","link":"https:\/\/streetmarkets.fr\/app\/produit\/foulard-vertige-vert-ma-poesie\/","title":{"rendered":"Foulard Vertige vert &#8211; Ma Po\u00e9sie"},"content":{"rendered":"<div>Foulard en laine avec motif graphique vert<\/div>\n<div><\/div>\n<p><strong>Ma po\u00e9sie<\/strong> est une marque fran\u00e7aise fond\u00e9e par Elsa Poux. Ses collections sont fabriqu\u00e9es en Inde. La signature de la cr\u00e9atrice est un univers onirique \u00e0 l\u2019identit\u00e9 graphique et color\u00e9e.\u00a0\u00a0<\/p>\n<p>dimension : 1m x 1m90<\/p>\n","protected":false},"excerpt":{"rendered":"<p>Foulard en laine avec motif graphique vert Ma po\u00e9sie est une marque fran\u00e7aise fond\u00e9e par Elsa Poux. Ses collections sont fabriqu\u00e9es en Inde. La signature de la cr\u00e9atrice est un univers onirique \u00e0 l\u2019identit\u00e9 graphique et color\u00e9e.\u00a0\u00a0 dimension : 1m x 1m90<\/p>\n","protected":false},"featured_media":704128,"comment_status":"open","ping_status":"closed","template":"","meta":[],"product_brand":[],"product_cat":[1756,1764],"product_tag":[2244],"acf":[],"_links":{"self":[{"href":"https:\/\/streetmarkets.fr\/app\/wp-json\/wp\/v2\/product\/704127"}],"collection":[{"href":"https:\/\/streetmarkets.fr\/app\/wp-json\/wp\/v2\/product"}],"about":[{"href":"https:\/\/streetmarkets.fr\/app\/wp-json\/wp\/v2\/types\/product"}],"replies":[{"embeddable":true,"href":"https:\/\/streetmarkets.fr\/app\/wp-json\/wp\/v2\/comments?post=704127"}],"wp:featuredmedia":[{"embeddable":true,"href":"https:\/\/streetmarkets.fr\/app\/wp-json\/wp\/v2\/media\/704128"}],"wp:attachment":[{"href":"https:\/\/streetmarkets.fr\/app\/wp-json\/wp\/v2\/media?parent=704127"}],"wp:term":[{"taxonomy":"product_brand","embeddable":true,"href":"https:\/\/streetmarkets.fr\/app\/wp-json\/wp\/v2\/product_brand?post=704127"},{"taxonomy":"product_cat","embeddable":true,"href":"https:\/\/streetmarkets.fr\/app\/wp-json\/wp\/v2\/product_cat?post=704127"},{"taxonomy":"product_tag","embeddable":true,"href":"https:\/\/streetmarkets.fr\/app\/wp-json\/wp\/v2\/product_tag?post=704127"}],"curies":[{"name":"wp","href":"https:\/\/api.w.org\/{rel}","templated":true}]}}