{"id":704088,"date":"2024-10-15T10:32:49","date_gmt":"2024-10-15T08:32:49","guid":{"rendered":"https:\/\/streetmarkets.fr\/app\/produit\/chemise-ali-lys\/"},"modified":"2024-10-15T10:33:25","modified_gmt":"2024-10-15T08:33:25","slug":"chemise-ali-lys","status":"publish","type":"product","link":"https:\/\/streetmarkets.fr\/app\/produit\/chemise-ali-lys\/","title":{"rendered":"Chemise Ali Lys"},"content":{"rendered":"<p>D\u00e9couvrez la chemise Ali et son coloris Lys de la marque Sacr\u00e9coeur chez Mamamushi.<br \/>\nClick and collect disponible, livraison &amp; paiement s\u00e9curis\u00e9.<\/p>\n<p class=\"MsoNormal\">Blouse f\u00e9minine avec broderies plac\u00e9es.<\/p>\n<p class=\"MsoNormal\">Percale fine de coton. Broderies exclusives Sacr\u00e9coeur.<\/p>\n<p class=\"MsoNormal\">-Manches longues<\/p>\n<p class=\"MsoNormal\">-Col chemise classique<\/p>\n<p class=\"MsoNormal\">-Fronc\u00e9e aux \u00e9paules et en bas de manches<\/p>\n<p class=\"MsoNormal\">-Boutons apparents<\/p>\n<p class=\"MsoNormal\">-Poignets boutonn\u00e9s<\/p>\n<p class=\"MsoNormal\">-Mati\u00e8re principale : 100% coton<\/p>\n<p class=\"MsoNormal\">Lavage: -Lavage cycle d\u00e9licat 30\u00b0<\/p>\n<p class=\"MsoNormal\">\u00a0 \u00a0 \u00a0 \u00a0 \u00a0 \u00a0 -Chlore interdit<\/p>\n<p class=\"MsoNormal\">\u00a0 \u00a0 \u00a0 \u00a0 \u00a0 \u00a0 -S\u00e9chage en tambour interdit<\/p>\n<p class=\"MsoNormal\">\u00a0 \u00a0 \u00a0 \u00a0 \u00a0 \u00a0 -Repassage doux sur l\u2019envers<\/p>\n<p class=\"MsoNormal\">\u00a0 \u00a0 \u00a0 \u00a0 \u00a0 \u00a0 -Nettoyage \u00e0 sec possible<\/p>\n<\/p><\/p>\n","protected":false},"excerpt":{"rendered":"<p>D\u00e9couvrez la chemise Ali et son coloris Lys de la marque Sacr\u00e9coeur chez Mamamushi. Click and collect disponible, livraison &amp; paiement s\u00e9curis\u00e9. Blouse f\u00e9minine avec broderies plac\u00e9es. Percale fine de coton. Broderies exclusives Sacr\u00e9coeur. -Manches longues -Col chemise classique -Fronc\u00e9e aux \u00e9paules et en bas de manches -Boutons apparents -Poignets boutonn\u00e9s -Mati\u00e8re principale : 100% [&hellip;]<\/p>\n","protected":false},"featured_media":704091,"comment_status":"open","ping_status":"closed","template":"","meta":[],"product_brand":[],"product_cat":[1756,1762],"product_tag":[2244],"acf":[],"_links":{"self":[{"href":"https:\/\/streetmarkets.fr\/app\/wp-json\/wp\/v2\/product\/704088"}],"collection":[{"href":"https:\/\/streetmarkets.fr\/app\/wp-json\/wp\/v2\/product"}],"about":[{"href":"https:\/\/streetmarkets.fr\/app\/wp-json\/wp\/v2\/types\/product"}],"replies":[{"embeddable":true,"href":"https:\/\/streetmarkets.fr\/app\/wp-json\/wp\/v2\/comments?post=704088"}],"wp:featuredmedia":[{"embeddable":true,"href":"https:\/\/streetmarkets.fr\/app\/wp-json\/wp\/v2\/media\/704091"}],"wp:attachment":[{"href":"https:\/\/streetmarkets.fr\/app\/wp-json\/wp\/v2\/media?parent=704088"}],"wp:term":[{"taxonomy":"product_brand","embeddable":true,"href":"https:\/\/streetmarkets.fr\/app\/wp-json\/wp\/v2\/product_brand?post=704088"},{"taxonomy":"product_cat","embeddable":true,"href":"https:\/\/streetmarkets.fr\/app\/wp-json\/wp\/v2\/product_cat?post=704088"},{"taxonomy":"product_tag","embeddable":true,"href":"https:\/\/streetmarkets.fr\/app\/wp-json\/wp\/v2\/product_tag?post=704088"}],"curies":[{"name":"wp","href":"https:\/\/api.w.org\/{rel}","templated":true}]}}