{"id":703939,"date":"2024-10-15T10:32:42","date_gmt":"2024-10-15T08:32:42","guid":{"rendered":"https:\/\/streetmarkets.fr\/app\/produit\/chemise-clara-market\/"},"modified":"2024-10-15T10:33:24","modified_gmt":"2024-10-15T08:33:24","slug":"chemise-clara-market","status":"publish","type":"product","link":"https:\/\/streetmarkets.fr\/app\/produit\/chemise-clara-market\/","title":{"rendered":"Chemise Clara Market"},"content":{"rendered":"<p>Chemise Clara Market Laure + Max durable et \u00e9thique \u2713 Livraison rapide &amp; paiement en x3 ou x4.<\/p>\n<p style=\"margin:0px 0px 20px;font-size:16px;font-family:Midnight36;border:0px solid\">La chemise CLARA avec cet imprim\u00e9 Market sera votre parfaite alli\u00e9e pour \u00e9gayer vos tenues. On est fans de cet imprim\u00e9 aux couleurs punchy !<\/p>\n<p style=\"margin:0px;font-size:16px;font-family:Midnight36;border:0px solid\">&#8211; Chemise imprim\u00e9e<br style=\"border:0px solid\" \/>&#8211; Manches courtes<br style=\"border:0px solid\" \/>&#8211; Col classique<br style=\"border:0px solid\" \/>&#8211; Boutonnage devant<br style=\"border:0px solid\" \/>&#8211; Bas liquette avec dos l\u00e9gerement plus long<\/p>\n<p style=\"margin:0px;font-size:16px;font-family:Midnight36;border:0px solid\">\n<p style=\"margin:0px;font-size:16px;font-family:Midnight36;border:0px solid\">Mati\u00e8re: 55% Lin 45% Coton<\/p>\n","protected":false},"excerpt":{"rendered":"<p>Chemise Clara Market Laure + Max durable et \u00e9thique \u2713 Livraison rapide &amp; paiement en x3 ou x4. La chemise CLARA avec cet imprim\u00e9 Market sera votre parfaite alli\u00e9e pour \u00e9gayer vos tenues. On est fans de cet imprim\u00e9 aux couleurs punchy ! &#8211; Chemise imprim\u00e9e&#8211; Manches courtes&#8211; Col classique&#8211; Boutonnage devant&#8211; Bas liquette avec [&hellip;]<\/p>\n","protected":false},"featured_media":703940,"comment_status":"open","ping_status":"closed","template":"","meta":[],"product_brand":[],"product_cat":[1756,1762],"product_tag":[2244],"acf":[],"_links":{"self":[{"href":"https:\/\/streetmarkets.fr\/app\/wp-json\/wp\/v2\/product\/703939"}],"collection":[{"href":"https:\/\/streetmarkets.fr\/app\/wp-json\/wp\/v2\/product"}],"about":[{"href":"https:\/\/streetmarkets.fr\/app\/wp-json\/wp\/v2\/types\/product"}],"replies":[{"embeddable":true,"href":"https:\/\/streetmarkets.fr\/app\/wp-json\/wp\/v2\/comments?post=703939"}],"wp:featuredmedia":[{"embeddable":true,"href":"https:\/\/streetmarkets.fr\/app\/wp-json\/wp\/v2\/media\/703940"}],"wp:attachment":[{"href":"https:\/\/streetmarkets.fr\/app\/wp-json\/wp\/v2\/media?parent=703939"}],"wp:term":[{"taxonomy":"product_brand","embeddable":true,"href":"https:\/\/streetmarkets.fr\/app\/wp-json\/wp\/v2\/product_brand?post=703939"},{"taxonomy":"product_cat","embeddable":true,"href":"https:\/\/streetmarkets.fr\/app\/wp-json\/wp\/v2\/product_cat?post=703939"},{"taxonomy":"product_tag","embeddable":true,"href":"https:\/\/streetmarkets.fr\/app\/wp-json\/wp\/v2\/product_tag?post=703939"}],"curies":[{"name":"wp","href":"https:\/\/api.w.org\/{rel}","templated":true}]}}