{"id":703652,"date":"2024-10-15T10:31:54","date_gmt":"2024-10-15T08:31:54","guid":{"rendered":"https:\/\/streetmarkets.fr\/app\/produit\/combinaison-isaac-eclypse\/"},"modified":"2024-10-15T10:32:36","modified_gmt":"2024-10-15T08:32:36","slug":"combinaison-isaac-eclypse","status":"publish","type":"product","link":"https:\/\/streetmarkets.fr\/app\/produit\/combinaison-isaac-eclypse\/","title":{"rendered":"Combinaison Isaac \u00e9clypse"},"content":{"rendered":"<p>Combinaison Isaac \u00e9clypse Karma Koma durable et \u00e9thique \u2713 Livraison rapide &amp; paiement en x3 ou x4.<\/p>\n<p style=\"margin:0px;font-style:normal;font-size:13px;line-height:normal;font-family:'Helvetica Neue'\">Cette combinaison offre un confort maximale grace \u00e0 son style loose et tr\u00e8s ouvert.<\/p>\n<p style=\"margin:0px;font-style:normal;font-size:13px;line-height:normal;font-family:'Helvetica Neue'\">\n<p style=\"margin:0px;font-style:normal;font-size:13px;line-height:normal;font-family:'Helvetica Neue'\">Le mod\u00e8le, confectionn\u00e9 dans une mati\u00e8re jersey \u00e9lastiqu\u00e9e est particuli\u00e8rement douce.<\/p>\n<p style=\"margin:0px;font-style:normal;font-size:13px;line-height:normal;font-family:'Helvetica Neue'\">\n<p style=\"margin:0px;font-style:normal;font-size:13px;line-height:normal;font-family:'Helvetica Neue'\">Son top, aux finitions bords francs, est d\u00e9collet\u00e9 en V, avec de fines bretelles qui retiennent deux pans triangulaires habillant un dos nu quasi int\u00e9gral.<\/p>\n<p style=\"margin:0px;font-style:normal;font-size:13px;line-height:normal;font-family:'Helvetica Neue'\">\n<p style=\"margin:0px;font-style:normal;font-size:13px;line-height:normal;font-family:'Helvetica Neue'\">Elastiqu\u00e9 \u00e0 la taille, le pantalon est tr\u00e8s \u00e9vas\u00e9 et arrive l\u00e9g\u00e8rement au dessus des chevilles.<\/p>\n<p style=\"margin:0px;font-style:normal;font-size:13px;line-height:normal;font-family:'Helvetica Neue'\">\n<p style=\"margin:0px;font-style:normal;font-size:13px;line-height:normal;font-family:'Helvetica Neue'\"><span style=\"text-decoration:underline\">Mati\u00e8re<\/span><\/p>\n<p style=\"margin:0px;font-style:normal;font-size:13px;line-height:normal;font-family:'Helvetica Neue'\"><span style=\"text-decoration:underline\"><\/span><\/p>\n<p style=\"margin:0px;font-style:normal;font-size:13px;line-height:normal;font-family:'Helvetica Neue'\">Mati\u00e8re principale :<br \/>90% Modal<br \/>10% Elasthanne<\/p>\n<p style=\"margin:0px;font-style:normal;font-size:13px;line-height:normal;font-family:'Helvetica Neue'\">\n<p style=\"margin:0px;font-style:normal;font-size:13px;line-height:normal;font-family:'Helvetica Neue'\"><span style=\"text-decoration:underline\">Entretien<\/span><\/p>\n<p style=\"margin:0px;font-style:normal;font-size:13px;line-height:normal;font-family:'Helvetica Neue'\"><span style=\"text-decoration:underline\"><\/span><\/p>\n<p style=\"margin:0px;font-style:normal;font-size:13px;line-height:normal;font-family:'Helvetica Neue'\">Lavage 30\u00b0 d\u00e9licat<br \/>Pas de blanchissement<br \/>Pas de s\u00e9chage en tambour<br \/>Repassage \u00e0 temp\u00e9rature faible<\/p>\n","protected":false},"excerpt":{"rendered":"<p>Combinaison Isaac \u00e9clypse Karma Koma durable et \u00e9thique \u2713 Livraison rapide &amp; paiement en x3 ou x4. Cette combinaison offre un confort maximale grace \u00e0 son style loose et tr\u00e8s ouvert. Le mod\u00e8le, confectionn\u00e9 dans une mati\u00e8re jersey \u00e9lastiqu\u00e9e est particuli\u00e8rement douce. Son top, aux finitions bords francs, est d\u00e9collet\u00e9 en V, avec de fines [&hellip;]<\/p>\n","protected":false},"featured_media":703653,"comment_status":"open","ping_status":"closed","template":"","meta":[],"product_brand":[],"product_cat":[1756,1758],"product_tag":[2244],"acf":[],"_links":{"self":[{"href":"https:\/\/streetmarkets.fr\/app\/wp-json\/wp\/v2\/product\/703652"}],"collection":[{"href":"https:\/\/streetmarkets.fr\/app\/wp-json\/wp\/v2\/product"}],"about":[{"href":"https:\/\/streetmarkets.fr\/app\/wp-json\/wp\/v2\/types\/product"}],"replies":[{"embeddable":true,"href":"https:\/\/streetmarkets.fr\/app\/wp-json\/wp\/v2\/comments?post=703652"}],"wp:featuredmedia":[{"embeddable":true,"href":"https:\/\/streetmarkets.fr\/app\/wp-json\/wp\/v2\/media\/703653"}],"wp:attachment":[{"href":"https:\/\/streetmarkets.fr\/app\/wp-json\/wp\/v2\/media?parent=703652"}],"wp:term":[{"taxonomy":"product_brand","embeddable":true,"href":"https:\/\/streetmarkets.fr\/app\/wp-json\/wp\/v2\/product_brand?post=703652"},{"taxonomy":"product_cat","embeddable":true,"href":"https:\/\/streetmarkets.fr\/app\/wp-json\/wp\/v2\/product_cat?post=703652"},{"taxonomy":"product_tag","embeddable":true,"href":"https:\/\/streetmarkets.fr\/app\/wp-json\/wp\/v2\/product_tag?post=703652"}],"curies":[{"name":"wp","href":"https:\/\/api.w.org\/{rel}","templated":true}]}}