{"id":703566,"date":"2024-10-15T10:31:51","date_gmt":"2024-10-15T08:31:51","guid":{"rendered":"https:\/\/streetmarkets.fr\/app\/produit\/jupe-johannesbourg\/"},"modified":"2024-10-15T10:32:35","modified_gmt":"2024-10-15T08:32:35","slug":"jupe-johannesbourg","status":"publish","type":"product","link":"https:\/\/streetmarkets.fr\/app\/produit\/jupe-johannesbourg\/","title":{"rendered":"Jupe Johannesbourg"},"content":{"rendered":"<p>Jupe Johannesbourg Laure + Max durable et \u00e9thique \u2713 Livraison rapide &amp; paiement en x3 ou x4.<\/p>\n<p><span style=\"font-family:Midnight36;font-size:16px\">On adore la fente accompagn\u00e9e des petits boutons recouverts.<\/span><\/p>\n<p><span style=\"font-family:Midnight36;font-size:16px\"> Associ\u00e9e \u00e0 une jolie maille ou bien une chemise blanche, cette jupe twistera toujours vos tenues !<\/span><\/p>\n<p><span style=\"font-family:Midnight36;font-size:16px\">&#8211; Jupe midi en m\u00e9lange coton lin<\/span><br style=\"font-family:Midnight36;font-size:16px;border:0px solid\" \/><span style=\"font-family:Midnight36;font-size:16px\">&#8211; Taille haute<\/span><br style=\"font-family:Midnight36;font-size:16px;border:0px solid\" \/><span style=\"font-family:Midnight36;font-size:16px\">&#8211; Zip invisible au c\u00f4t\u00e9 gauche<\/span><br style=\"font-family:Midnight36;font-size:16px;border:0px solid\" \/><span style=\"font-family:Midnight36;font-size:16px\">&#8211; Fente sur la jambe gauche avec boutons recouverts<\/span><br style=\"font-family:Midnight36;font-size:16px;border:0px solid\" \/><span style=\"font-family:Midnight36;font-size:16px\">&#8211; Pinces dos<\/span><\/p>\n<p><span style=\"font-family:Midnight36;font-size:16px\">Mati\u00e8re:\u00a0<\/span><span style=\"font-family:Midnight36;font-size:16px\">55% Lin 45% Coton<\/span><\/p>\n","protected":false},"excerpt":{"rendered":"<p>Jupe Johannesbourg Laure + Max durable et \u00e9thique \u2713 Livraison rapide &amp; paiement en x3 ou x4. On adore la fente accompagn\u00e9e des petits boutons recouverts. Associ\u00e9e \u00e0 une jolie maille ou bien une chemise blanche, cette jupe twistera toujours vos tenues ! &#8211; Jupe midi en m\u00e9lange coton lin&#8211; Taille haute&#8211; Zip invisible au [&hellip;]<\/p>\n","protected":false},"featured_media":703567,"comment_status":"open","ping_status":"closed","template":"","meta":[],"product_brand":[],"product_cat":[1756,1758],"product_tag":[2244],"acf":[],"_links":{"self":[{"href":"https:\/\/streetmarkets.fr\/app\/wp-json\/wp\/v2\/product\/703566"}],"collection":[{"href":"https:\/\/streetmarkets.fr\/app\/wp-json\/wp\/v2\/product"}],"about":[{"href":"https:\/\/streetmarkets.fr\/app\/wp-json\/wp\/v2\/types\/product"}],"replies":[{"embeddable":true,"href":"https:\/\/streetmarkets.fr\/app\/wp-json\/wp\/v2\/comments?post=703566"}],"wp:featuredmedia":[{"embeddable":true,"href":"https:\/\/streetmarkets.fr\/app\/wp-json\/wp\/v2\/media\/703567"}],"wp:attachment":[{"href":"https:\/\/streetmarkets.fr\/app\/wp-json\/wp\/v2\/media?parent=703566"}],"wp:term":[{"taxonomy":"product_brand","embeddable":true,"href":"https:\/\/streetmarkets.fr\/app\/wp-json\/wp\/v2\/product_brand?post=703566"},{"taxonomy":"product_cat","embeddable":true,"href":"https:\/\/streetmarkets.fr\/app\/wp-json\/wp\/v2\/product_cat?post=703566"},{"taxonomy":"product_tag","embeddable":true,"href":"https:\/\/streetmarkets.fr\/app\/wp-json\/wp\/v2\/product_tag?post=703566"}],"curies":[{"name":"wp","href":"https:\/\/api.w.org\/{rel}","templated":true}]}}