{"id":703456,"date":"2024-10-15T10:31:08","date_gmt":"2024-10-15T08:31:08","guid":{"rendered":"https:\/\/streetmarkets.fr\/app\/produit\/robe-lydie\/"},"modified":"2024-10-15T10:31:46","modified_gmt":"2024-10-15T08:31:46","slug":"robe-lydie","status":"publish","type":"product","link":"https:\/\/streetmarkets.fr\/app\/produit\/robe-lydie\/","title":{"rendered":"Robe Lydie"},"content":{"rendered":"<p>Robe Lydie Grace &amp; Mila durable et \u00e9thique \u2713 Livraison rapide &amp; paiement en x3 ou x4.<\/p>\n<p style=\"margin:0px;font-size:13px;line-height:normal;font-family:'Helvetica Neue'\">La robe Lydie est une robe courte \u00e0 encolure en V en jersey lam\u00e9.<\/p>\n<p style=\"margin:0px;font-size:13px;line-height:normal;font-family:'Helvetica Neue'\">Ses manches sont courtes.<\/p>\n<p style=\"margin:0px;font-size:13px;line-height:normal;font-family:'Helvetica Neue'\">Cette robe a des passants \u00e0 la taille et une ceinture \u00e0 nouer d\u00e9tachable. Sa coupe est droite et met en valeur toutes les silhouettes.<\/p>\n<p style=\"margin:0px;font-size:13px;line-height:normal;font-family:'Helvetica Neue'\">Agr\u00e9able \u00e0 porter, elle est scintillante, fluide et large. Une pi\u00e8ce f\u00e9minine et \u00e9l\u00e9gante \u00e0 porter en toute occasion.<\/p>\n<p style=\"margin:0px;font-size:13px;line-height:normal;font-family:'Helvetica Neue'\">\n<p style=\"margin:0px;font-size:13px;line-height:normal;font-family:'Helvetica Neue'\">Mati\u00e8re : 50% Lurex 50% Nylon<\/p>\n","protected":false},"excerpt":{"rendered":"<p>Robe Lydie Grace &amp; Mila durable et \u00e9thique \u2713 Livraison rapide &amp; paiement en x3 ou x4. La robe Lydie est une robe courte \u00e0 encolure en V en jersey lam\u00e9. Ses manches sont courtes. Cette robe a des passants \u00e0 la taille et une ceinture \u00e0 nouer d\u00e9tachable. Sa coupe est droite et met [&hellip;]<\/p>\n","protected":false},"featured_media":703457,"comment_status":"open","ping_status":"closed","template":"","meta":[],"product_brand":[],"product_cat":[1756,1758],"product_tag":[2244],"acf":[],"_links":{"self":[{"href":"https:\/\/streetmarkets.fr\/app\/wp-json\/wp\/v2\/product\/703456"}],"collection":[{"href":"https:\/\/streetmarkets.fr\/app\/wp-json\/wp\/v2\/product"}],"about":[{"href":"https:\/\/streetmarkets.fr\/app\/wp-json\/wp\/v2\/types\/product"}],"replies":[{"embeddable":true,"href":"https:\/\/streetmarkets.fr\/app\/wp-json\/wp\/v2\/comments?post=703456"}],"wp:featuredmedia":[{"embeddable":true,"href":"https:\/\/streetmarkets.fr\/app\/wp-json\/wp\/v2\/media\/703457"}],"wp:attachment":[{"href":"https:\/\/streetmarkets.fr\/app\/wp-json\/wp\/v2\/media?parent=703456"}],"wp:term":[{"taxonomy":"product_brand","embeddable":true,"href":"https:\/\/streetmarkets.fr\/app\/wp-json\/wp\/v2\/product_brand?post=703456"},{"taxonomy":"product_cat","embeddable":true,"href":"https:\/\/streetmarkets.fr\/app\/wp-json\/wp\/v2\/product_cat?post=703456"},{"taxonomy":"product_tag","embeddable":true,"href":"https:\/\/streetmarkets.fr\/app\/wp-json\/wp\/v2\/product_tag?post=703456"}],"curies":[{"name":"wp","href":"https:\/\/api.w.org\/{rel}","templated":true}]}}