{"id":703268,"date":"2024-10-15T10:31:00","date_gmt":"2024-10-15T08:31:00","guid":{"rendered":"https:\/\/streetmarkets.fr\/app\/produit\/pantalon-chloe-discollab-au-choix\/"},"modified":"2024-10-15T10:31:44","modified_gmt":"2024-10-15T08:31:44","slug":"pantalon-chloe-discollab-au-choix","status":"publish","type":"product","link":"https:\/\/streetmarkets.fr\/app\/produit\/pantalon-chloe-discollab-au-choix\/","title":{"rendered":"Pantalon Chloe Discollab (au choix)"},"content":{"rendered":"<p>Pantalon Chloe Discollab (au choix) Mamamushi Studio durable et \u00e9thique \u2713 Livraison rapide &amp; paiement en x3 ou x4.<\/p>\n<p><span style=\"font-family:'Helvetica Neue', sans-serif;font-size:12pt\">Pour f\u00eater les 5 ans de Mamamushi, nous avons imagin\u00e9 une collection capsule: La Discollab!<\/span><\/p>\n<p>Pour cette occasion nous avons d\u00e9cid\u00e9 de transformer nos intemporelles en version Disco!\u00a0<\/p>\n<p>Le fameux Pantalon Chlo\u00e9 !<br \/>Nous avons chin\u00e9 un tissu qui scintille \u00e0 la fois souple et confortable pour vous d\u00e9hancher sur la piste de dance!<\/p>\n<p>Disponible en s\u00e9rie limit\u00e9e. Chaque tissu est issus de fin de stock a \u00e9t\u00e9 r\u00e9cup\u00e9r\u00e9 pour lui donner une nouvelle utilit\u00e9. Ce qui permet de cr\u00e9er 1 \u00e0 5\u00a0pi\u00e8ces par tissu.<\/p>\n<p>\u2022 Mati\u00e8re : 100% polyviscose<\/p>\n<p>\u2022 Fabriqu\u00e9 \u00e0 Paris<\/p>\n<p>\u2022 Marque : Cr\u00e9ation Mamamushi Studio<\/p>\n<p>Le mod\u00e8le existe\u00a0dans diff\u00e9rentes teintes: R<span style=\"color:#383a3c;font-family:'open sans', 'Helvetica Neue', Helvetica, Arial, sans-serif;font-size:13px;background-color:#f5f5f5\">ose paillett\u00e9,\u00a0<\/span><span style=\"color:#383a3c;font-family:'open sans', 'Helvetica Neue', Helvetica, Arial, sans-serif;font-size:13px;background-color:#f5f5f5\">Multicolor paillett\u00e9,\u00a0<\/span><span style=\"color:#383a3c;font-family:'open sans', 'Helvetica Neue', Helvetica, Arial, sans-serif;font-size:13px;background-color:#f5f5f5\">Marine paillett\u00e9,\u00a0<\/span><span style=\"color:#383a3c;font-family:'open sans', 'Helvetica Neue', Helvetica, Arial, sans-serif;font-size:13px;background-color:#f5f5f5\">Argent\u00e9 paillett\u00e9 et\u00a0<\/span><span style=\"color:#383a3c;font-family:'open sans', 'Helvetica Neue', Helvetica, Arial, sans-serif;font-size:13px;background-color:#f5f5f5\">Dor\u00e9 paillett\u00e9<\/span><\/p>\n","protected":false},"excerpt":{"rendered":"<p>Pantalon Chloe Discollab (au choix) Mamamushi Studio durable et \u00e9thique \u2713 Livraison rapide &amp; paiement en x3 ou x4. Pour f\u00eater les 5 ans de Mamamushi, nous avons imagin\u00e9 une collection capsule: La Discollab! Pour cette occasion nous avons d\u00e9cid\u00e9 de transformer nos intemporelles en version Disco!\u00a0 Le fameux Pantalon Chlo\u00e9 !Nous avons chin\u00e9 un [&hellip;]<\/p>\n","protected":false},"featured_media":703269,"comment_status":"open","ping_status":"closed","template":"","meta":[],"product_brand":[],"product_cat":[1756,1758],"product_tag":[2244],"acf":[],"_links":{"self":[{"href":"https:\/\/streetmarkets.fr\/app\/wp-json\/wp\/v2\/product\/703268"}],"collection":[{"href":"https:\/\/streetmarkets.fr\/app\/wp-json\/wp\/v2\/product"}],"about":[{"href":"https:\/\/streetmarkets.fr\/app\/wp-json\/wp\/v2\/types\/product"}],"replies":[{"embeddable":true,"href":"https:\/\/streetmarkets.fr\/app\/wp-json\/wp\/v2\/comments?post=703268"}],"wp:featuredmedia":[{"embeddable":true,"href":"https:\/\/streetmarkets.fr\/app\/wp-json\/wp\/v2\/media\/703269"}],"wp:attachment":[{"href":"https:\/\/streetmarkets.fr\/app\/wp-json\/wp\/v2\/media?parent=703268"}],"wp:term":[{"taxonomy":"product_brand","embeddable":true,"href":"https:\/\/streetmarkets.fr\/app\/wp-json\/wp\/v2\/product_brand?post=703268"},{"taxonomy":"product_cat","embeddable":true,"href":"https:\/\/streetmarkets.fr\/app\/wp-json\/wp\/v2\/product_cat?post=703268"},{"taxonomy":"product_tag","embeddable":true,"href":"https:\/\/streetmarkets.fr\/app\/wp-json\/wp\/v2\/product_tag?post=703268"}],"curies":[{"name":"wp","href":"https:\/\/api.w.org\/{rel}","templated":true}]}}