{"id":703208,"date":"2024-10-15T10:30:58","date_gmt":"2024-10-15T08:30:58","guid":{"rendered":"https:\/\/streetmarkets.fr\/app\/produit\/pull-laboetie-au-choix\/"},"modified":"2024-10-15T10:31:44","modified_gmt":"2024-10-15T08:31:44","slug":"pull-laboetie-au-choix","status":"publish","type":"product","link":"https:\/\/streetmarkets.fr\/app\/produit\/pull-laboetie-au-choix\/","title":{"rendered":"Pull Laboetie (au choix)"},"content":{"rendered":"<p>Pull Laboetie (au choix) Grace &amp; Mila durable et \u00e9thique \u2713 Livraison rapide &amp; paiement en x3 ou x4.<\/p>\n<p><span style=\"color:#666666;font-family:Montserrat;font-size:13px;background-color:#ffffff\">La silhouette : Ce pull fin \u00e0 c\u00f4tes est un basique de la garde-robe. Son encolure ronde et plongeante met en valeur le d\u00e9collet\u00e9 pour un style affirm\u00e9 en toute simplicit\u00e9.\u00a0<\/span><br style=\"color:#666666;font-family:Montserrat;font-size:13px\" \/><span style=\"color:#666666;font-family:Montserrat;font-size:13px;background-color:#ffffff\">On aime le porter avec : Un pantalon d\u2019hiver un peu large, pour contre-balancer avec cette pi\u00e8ce moulante port\u00e9e pr\u00e8s du corps.\u00a0<\/span><br style=\"color:#666666;font-family:Montserrat;font-size:13px\" \/><span style=\"color:#666666;font-family:Montserrat;font-size:13px;background-color:#ffffff\">Taille normalement. Prenez votre taille habituelle.<\/span><\/p>\n","protected":false},"excerpt":{"rendered":"<p>Pull Laboetie (au choix) Grace &amp; Mila durable et \u00e9thique \u2713 Livraison rapide &amp; paiement en x3 ou x4. La silhouette : Ce pull fin \u00e0 c\u00f4tes est un basique de la garde-robe. Son encolure ronde et plongeante met en valeur le d\u00e9collet\u00e9 pour un style affirm\u00e9 en toute simplicit\u00e9.\u00a0On aime le porter avec : [&hellip;]<\/p>\n","protected":false},"featured_media":703209,"comment_status":"open","ping_status":"closed","template":"","meta":[],"product_brand":[],"product_cat":[1756,1758],"product_tag":[2244],"acf":[],"_links":{"self":[{"href":"https:\/\/streetmarkets.fr\/app\/wp-json\/wp\/v2\/product\/703208"}],"collection":[{"href":"https:\/\/streetmarkets.fr\/app\/wp-json\/wp\/v2\/product"}],"about":[{"href":"https:\/\/streetmarkets.fr\/app\/wp-json\/wp\/v2\/types\/product"}],"replies":[{"embeddable":true,"href":"https:\/\/streetmarkets.fr\/app\/wp-json\/wp\/v2\/comments?post=703208"}],"wp:featuredmedia":[{"embeddable":true,"href":"https:\/\/streetmarkets.fr\/app\/wp-json\/wp\/v2\/media\/703209"}],"wp:attachment":[{"href":"https:\/\/streetmarkets.fr\/app\/wp-json\/wp\/v2\/media?parent=703208"}],"wp:term":[{"taxonomy":"product_brand","embeddable":true,"href":"https:\/\/streetmarkets.fr\/app\/wp-json\/wp\/v2\/product_brand?post=703208"},{"taxonomy":"product_cat","embeddable":true,"href":"https:\/\/streetmarkets.fr\/app\/wp-json\/wp\/v2\/product_cat?post=703208"},{"taxonomy":"product_tag","embeddable":true,"href":"https:\/\/streetmarkets.fr\/app\/wp-json\/wp\/v2\/product_tag?post=703208"}],"curies":[{"name":"wp","href":"https:\/\/api.w.org\/{rel}","templated":true}]}}