{"id":702949,"date":"2024-10-15T10:30:14","date_gmt":"2024-10-15T08:30:14","guid":{"rendered":"https:\/\/streetmarkets.fr\/app\/produit\/kimono-tajimi-maure-klein\/"},"modified":"2024-10-15T10:30:48","modified_gmt":"2024-10-15T08:30:48","slug":"kimono-tajimi-maure-klein","status":"publish","type":"product","link":"https:\/\/streetmarkets.fr\/app\/produit\/kimono-tajimi-maure-klein\/","title":{"rendered":"Kimono Tajimi Maure Klein"},"content":{"rendered":"<p>Kimono Tajimi Maure Klein Tinsels durable et \u00e9thique \u2713 Livraison rapide &amp; paiement en x3 ou x4.<\/p>\n<p style=\"margin:0px 0px 9.5px;color:#777777;font-size:18px;font-family:'Function Pro'\">\n<p style=\"margin:0cm 0cm 7.15pt;color:#777777;font-size:18px;font-family:'Function Pro';background-color:#ffffff\"><span><span style=\"font-size:13.5pt;font-family:'Function Pro', serif\">La coupe :\u00a0<\/span><\/span><\/p>\n<p style=\"margin:0cm 0cm 7.15pt;color:#777777;font-size:18px;font-family:'Function Pro';background-color:#ffffff\"><span style=\"font-size:13.5pt;font-family:'Function Pro', serif\">Kimono loose, manches courtes, \u00e0 porter en surchemise \u00e0 la ville, en sortie de bain \u00e0 la plage\u00a0!<\/span><\/p>\n<p style=\"margin:0cm 0cm 7.15pt;color:#777777;font-size:18px;font-family:'Function Pro';background-color:#ffffff\"><span><span style=\"font-size:13.5pt;font-family:'Function Pro', serif\">La mati\u00e8re\u00a0:<\/span><\/span><span style=\"font-size:13.5pt;font-family:'Function Pro', serif\">\u00a0Satin viscose fluide et f\u00e9minin, dessin exclusif Tinsels<\/span><\/p>\n<p style=\"margin:0cm 0cm 7.15pt;color:#777777;font-size:18px;font-family:'Function Pro';background-color:#ffffff\"><span><span style=\"font-size:13.5pt;font-family:'Function Pro', serif\">Composition\u00a0:<\/span><\/span><span style=\"font-size:13.5pt;font-family:'Function Pro', serif\">\u00a0100 % Viscose<\/span><\/p>\n<p style=\"margin:0cm 0cm 7.15pt;color:#777777;font-size:18px;font-family:'Function Pro';background-color:#ffffff\"><span><span style=\"font-size:13.5pt;font-family:'Function Pro', serif\">Entretien :\u00a0<\/span><\/span><span style=\"font-size:13.5pt;font-family:'Function Pro', serif\">Lavage en machine cycle d\u00e9licat 30\u00b0, repassage doux<\/span><\/p>\n<p style=\"margin:0cm 0cm 7.15pt;color:#777777;font-size:18px;font-family:'Function Pro';background-color:#ffffff\"><span style=\"font-size:13.5pt;font-family:'Function Pro', serif\"><span style=\"font-family:'Function Pro';background-color:#fafbfc\">\u00a0 \u00a0 Fabrication en Tunisie<\/span><\/span><\/p>\n","protected":false},"excerpt":{"rendered":"<p>Kimono Tajimi Maure Klein Tinsels durable et \u00e9thique \u2713 Livraison rapide &amp; paiement en x3 ou x4. La coupe :\u00a0 Kimono loose, manches courtes, \u00e0 porter en surchemise \u00e0 la ville, en sortie de bain \u00e0 la plage\u00a0! La mati\u00e8re\u00a0:\u00a0Satin viscose fluide et f\u00e9minin, dessin exclusif Tinsels Composition\u00a0:\u00a0100 % Viscose Entretien :\u00a0Lavage en machine cycle [&hellip;]<\/p>\n","protected":false},"featured_media":702950,"comment_status":"open","ping_status":"closed","template":"","meta":[],"product_brand":[],"product_cat":[1756,1762],"product_tag":[2244],"acf":[],"_links":{"self":[{"href":"https:\/\/streetmarkets.fr\/app\/wp-json\/wp\/v2\/product\/702949"}],"collection":[{"href":"https:\/\/streetmarkets.fr\/app\/wp-json\/wp\/v2\/product"}],"about":[{"href":"https:\/\/streetmarkets.fr\/app\/wp-json\/wp\/v2\/types\/product"}],"replies":[{"embeddable":true,"href":"https:\/\/streetmarkets.fr\/app\/wp-json\/wp\/v2\/comments?post=702949"}],"wp:featuredmedia":[{"embeddable":true,"href":"https:\/\/streetmarkets.fr\/app\/wp-json\/wp\/v2\/media\/702950"}],"wp:attachment":[{"href":"https:\/\/streetmarkets.fr\/app\/wp-json\/wp\/v2\/media?parent=702949"}],"wp:term":[{"taxonomy":"product_brand","embeddable":true,"href":"https:\/\/streetmarkets.fr\/app\/wp-json\/wp\/v2\/product_brand?post=702949"},{"taxonomy":"product_cat","embeddable":true,"href":"https:\/\/streetmarkets.fr\/app\/wp-json\/wp\/v2\/product_cat?post=702949"},{"taxonomy":"product_tag","embeddable":true,"href":"https:\/\/streetmarkets.fr\/app\/wp-json\/wp\/v2\/product_tag?post=702949"}],"curies":[{"name":"wp","href":"https:\/\/api.w.org\/{rel}","templated":true}]}}