{"id":702870,"date":"2024-10-15T10:30:10","date_gmt":"2024-10-15T08:30:10","guid":{"rendered":"https:\/\/streetmarkets.fr\/app\/produit\/chemise-anita-lester\/"},"modified":"2024-10-15T10:30:47","modified_gmt":"2024-10-15T08:30:47","slug":"chemise-anita-lester","status":"publish","type":"product","link":"https:\/\/streetmarkets.fr\/app\/produit\/chemise-anita-lester\/","title":{"rendered":"Chemise Anita Lester"},"content":{"rendered":"<p>Chemise Anita Lester sacr\u00e9coeur durable et \u00e9thique \u2713 Livraison rapide &amp; paiement en x3 ou x4.<\/p>\n<p class=\"p1\" style=\"margin:0px;font-size:13px;line-height:normal;font-family:'Helvetica Neue'\">Chemise imprim\u00e9 all over, inspiration chemise d\u2019homme.<\/p>\n<p class=\"p1\" style=\"margin:0px;font-size:13px;line-height:normal;font-family:'Helvetica Neue'\">\u00a0<\/p>\n<p class=\"p1\" style=\"margin:0px;font-size:13px;line-height:normal;font-family:'Helvetica Neue'\">Voile de coton-soie. Impression fran\u00e7aise.<\/p>\n<p class=\"p1\" style=\"margin:0px;font-size:13px;line-height:normal;font-family:'Helvetica Neue'\">\u00a0<\/p>\n<p class=\"p1\" style=\"margin:0px;font-size:13px;line-height:normal;font-family:'Helvetica Neue'\">&#8211; Emmanchure l\u00e9g\u00e8rement basse.<\/p>\n<p class=\"p1\" style=\"margin:0px;font-size:13px;line-height:normal;font-family:'Helvetica Neue'\">&#8211; Col chemise classique.<\/p>\n<p class=\"p1\" style=\"margin:0px;font-size:13px;line-height:normal;font-family:'Helvetica Neue'\">&#8211; Poche poitrine plaqu\u00e9e.<\/p>\n<p class=\"p1\" style=\"margin:0px;font-size:13px;line-height:normal;font-family:'Helvetica Neue'\">&#8211; Boutons apparents, patte capucin.<\/p>\n<p class=\"p1\" style=\"margin:0px;font-size:13px;line-height:normal;font-family:'Helvetica Neue'\">\u00a0<\/p>\n<p class=\"p1\" style=\"margin:0px;font-size:13px;line-height:normal;font-family:'Helvetica Neue'\">Coupe f\u00e9minine, tr\u00e8s l\u00e9g\u00e8rement oversize.<\/p>\n<p class=\"p1\" style=\"margin:0px;font-size:13px;line-height:normal;font-family:'Helvetica Neue'\">\u00a0<\/p>\n<p class=\"p1\" style=\"margin:0px;font-size:13px;line-height:normal;font-family:'Helvetica Neue'\">Le mannequin mesure 175 cm et porte une taille S.<\/p>\n<p class=\"p2\" style=\"margin:0px;font-size:13px;line-height:normal;font-family:'Helvetica Neue';min-height:15px\">\n<p class=\"p2\" style=\"margin:0px;font-size:13px;line-height:normal;font-family:'Helvetica Neue';min-height:15px\">\n<p class=\"p1\" style=\"margin:0px;font-size:13px;line-height:normal;font-family:'Helvetica Neue'\">Composition : 67% coton \u2013 32% soie<\/p>\n<p class=\"p2\" style=\"margin:0px;font-size:13px;line-height:normal;font-family:'Helvetica Neue';min-height:15px\">\n<p class=\"p1\" style=\"margin:0px;font-size:13px;line-height:normal;font-family:'Helvetica Neue'\">Fabriqu\u00e9e en Tunisie<span class=\"Apple-converted-space\">\u00a0<\/span><\/p>\n<p class=\"p2\" style=\"margin:0px;font-size:13px;line-height:normal;font-family:'Helvetica Neue';min-height:15px\">\n<p class=\"p1\" style=\"margin:0px;font-size:13px;line-height:normal;font-family:'Helvetica Neue'\">Conseils d\u2019entretien :<\/p>\n<p class=\"p1\" style=\"margin:0px;font-size:13px;line-height:normal;font-family:'Helvetica Neue'\">&#8211; Lavage cycle d\u00e9licat 30\u00b0<\/p>\n<p class=\"p1\" style=\"margin:0px;font-size:13px;line-height:normal;font-family:'Helvetica Neue'\">&#8211; Chlore interdit<\/p>\n<p class=\"p1\" style=\"margin:0px;font-size:13px;line-height:normal;font-family:'Helvetica Neue'\">&#8211; S\u00e9chage en tambour interdit<\/p>\n<p class=\"p1\" style=\"margin:0px;font-size:13px;line-height:normal;font-family:'Helvetica Neue'\">&#8211; Repassage doux<\/p>\n","protected":false},"excerpt":{"rendered":"<p>Chemise Anita Lester sacr\u00e9coeur durable et \u00e9thique \u2713 Livraison rapide &amp; paiement en x3 ou x4. Chemise imprim\u00e9 all over, inspiration chemise d\u2019homme. \u00a0 Voile de coton-soie. Impression fran\u00e7aise. \u00a0 &#8211; Emmanchure l\u00e9g\u00e8rement basse. &#8211; Col chemise classique. &#8211; Poche poitrine plaqu\u00e9e. &#8211; Boutons apparents, patte capucin. \u00a0 Coupe f\u00e9minine, tr\u00e8s l\u00e9g\u00e8rement oversize. \u00a0 Le [&hellip;]<\/p>\n","protected":false},"featured_media":702871,"comment_status":"open","ping_status":"closed","template":"","meta":[],"product_brand":[],"product_cat":[1756,1762],"product_tag":[2244],"acf":[],"_links":{"self":[{"href":"https:\/\/streetmarkets.fr\/app\/wp-json\/wp\/v2\/product\/702870"}],"collection":[{"href":"https:\/\/streetmarkets.fr\/app\/wp-json\/wp\/v2\/product"}],"about":[{"href":"https:\/\/streetmarkets.fr\/app\/wp-json\/wp\/v2\/types\/product"}],"replies":[{"embeddable":true,"href":"https:\/\/streetmarkets.fr\/app\/wp-json\/wp\/v2\/comments?post=702870"}],"wp:featuredmedia":[{"embeddable":true,"href":"https:\/\/streetmarkets.fr\/app\/wp-json\/wp\/v2\/media\/702871"}],"wp:attachment":[{"href":"https:\/\/streetmarkets.fr\/app\/wp-json\/wp\/v2\/media?parent=702870"}],"wp:term":[{"taxonomy":"product_brand","embeddable":true,"href":"https:\/\/streetmarkets.fr\/app\/wp-json\/wp\/v2\/product_brand?post=702870"},{"taxonomy":"product_cat","embeddable":true,"href":"https:\/\/streetmarkets.fr\/app\/wp-json\/wp\/v2\/product_cat?post=702870"},{"taxonomy":"product_tag","embeddable":true,"href":"https:\/\/streetmarkets.fr\/app\/wp-json\/wp\/v2\/product_tag?post=702870"}],"curies":[{"name":"wp","href":"https:\/\/api.w.org\/{rel}","templated":true}]}}