{"id":702720,"date":"2024-10-15T10:30:04","date_gmt":"2024-10-15T08:30:04","guid":{"rendered":"https:\/\/streetmarkets.fr\/app\/produit\/pull-hami\/"},"modified":"2024-10-15T10:30:46","modified_gmt":"2024-10-15T08:30:46","slug":"pull-hami","status":"publish","type":"product","link":"https:\/\/streetmarkets.fr\/app\/produit\/pull-hami\/","title":{"rendered":"Pull Hami"},"content":{"rendered":"<p>Pull Hami Grace &amp; Mila durable et \u00e9thique \u2713 Livraison rapide &amp; paiement en x3 ou x4.<\/p>\n<p><span style=\"color:#666666;font-family:Montserrat;font-size:13px;background-color:#ffffff\">On aime la maille jacquard de ce pull douillet, id\u00e9al \u00e0 porter lorsque les temp\u00e9ratures sont en baisse ! Cette pi\u00e8ce rejoint notre gamme Collective avec ses 59% de polyester recycl\u00e9.<\/span><br style=\"color:#666666;font-family:Montserrat;font-size:13px\" \/><br style=\"color:#666666;font-family:Montserrat;font-size:13px\" \/><span style=\"color:#666666;font-family:Montserrat;font-size:13px;background-color:#ffffff\">On aime le porter avec : Un jean taille haute, une veste matelass\u00e9e et un bonnet pour un look preppy et douillet.<\/span><br style=\"color:#666666;font-family:Montserrat;font-size:13px\" \/><br style=\"color:#666666;font-family:Montserrat;font-size:13px\" \/><span style=\"color:#666666;font-family:Montserrat;font-size:13px;background-color:#ffffff\">Le conseil sizing : Taille normalement. Prenez votre taille habituelle. La mannequin mesure 1m70 pour 59 cm de tour de taille, 87 cm de tour de hanches et porte une taille S.<\/span><\/p>\n","protected":false},"excerpt":{"rendered":"<p>Pull Hami Grace &amp; Mila durable et \u00e9thique \u2713 Livraison rapide &amp; paiement en x3 ou x4. On aime la maille jacquard de ce pull douillet, id\u00e9al \u00e0 porter lorsque les temp\u00e9ratures sont en baisse ! Cette pi\u00e8ce rejoint notre gamme Collective avec ses 59% de polyester recycl\u00e9.On aime le porter avec : Un jean [&hellip;]<\/p>\n","protected":false},"featured_media":702721,"comment_status":"open","ping_status":"closed","template":"","meta":[],"product_brand":[],"product_cat":[1756,1762],"product_tag":[2244],"acf":[],"_links":{"self":[{"href":"https:\/\/streetmarkets.fr\/app\/wp-json\/wp\/v2\/product\/702720"}],"collection":[{"href":"https:\/\/streetmarkets.fr\/app\/wp-json\/wp\/v2\/product"}],"about":[{"href":"https:\/\/streetmarkets.fr\/app\/wp-json\/wp\/v2\/types\/product"}],"replies":[{"embeddable":true,"href":"https:\/\/streetmarkets.fr\/app\/wp-json\/wp\/v2\/comments?post=702720"}],"wp:featuredmedia":[{"embeddable":true,"href":"https:\/\/streetmarkets.fr\/app\/wp-json\/wp\/v2\/media\/702721"}],"wp:attachment":[{"href":"https:\/\/streetmarkets.fr\/app\/wp-json\/wp\/v2\/media?parent=702720"}],"wp:term":[{"taxonomy":"product_brand","embeddable":true,"href":"https:\/\/streetmarkets.fr\/app\/wp-json\/wp\/v2\/product_brand?post=702720"},{"taxonomy":"product_cat","embeddable":true,"href":"https:\/\/streetmarkets.fr\/app\/wp-json\/wp\/v2\/product_cat?post=702720"},{"taxonomy":"product_tag","embeddable":true,"href":"https:\/\/streetmarkets.fr\/app\/wp-json\/wp\/v2\/product_tag?post=702720"}],"curies":[{"name":"wp","href":"https:\/\/api.w.org\/{rel}","templated":true}]}}