{"id":702653,"date":"2024-10-15T10:30:01","date_gmt":"2024-10-15T08:30:01","guid":{"rendered":"https:\/\/streetmarkets.fr\/app\/produit\/pull-alan\/"},"modified":"2024-10-15T10:30:45","modified_gmt":"2024-10-15T08:30:45","slug":"pull-alan","status":"publish","type":"product","link":"https:\/\/streetmarkets.fr\/app\/produit\/pull-alan\/","title":{"rendered":"Pull Alan"},"content":{"rendered":"<p>Pull Alan Karma Koma durable et \u00e9thique \u2713 Livraison rapide &amp; paiement en x3 ou x4.<\/p>\n<p style=\"font-size:16px;padding:0px;margin:0px 0px 1rem;color:#212529;font-family:Muli, '-apple-system', BlinkMacSystemFont, 'Segoe UI', Roboto, 'Helvetica Neue', Arial, sans-serif, 'Apple Color Emoji', 'Segoe UI Emoji', 'Segoe UI Symbol'\">Pull en maille \u00e9paisse.<br style=\"padding:0px;margin:0px\" \/>&#8211; Coupe oversize<br style=\"padding:0px;margin:0px\" \/>&#8211; Encolure arrondie en c\u00f4tes<br style=\"padding:0px;margin:0px\" \/>&#8211; Resserr\u00e9 aux extr\u00e9mit\u00e9s<br style=\"padding:0px;margin:0px\" \/>&#8211; Double tresse en V<\/p>\n<p style=\"font-size:16px;padding:0px;margin:0px 0px 1rem;color:#212529;font-family:Muli, '-apple-system', BlinkMacSystemFont, 'Segoe UI', Roboto, 'Helvetica Neue', Arial, sans-serif, 'Apple Color Emoji', 'Segoe UI Emoji', 'Segoe UI Symbol'\">Madeleine mesure 1m78 et porte une taille unique.<br style=\"padding:0px;margin:0px\" \/>Oriane mesure 1m76 et porte une taille unique.<br style=\"padding:0px;margin:0px\" \/>Charlotte mesure 1m79 et porte une taille unique.<\/p>\n<p style=\"font-size:16px;padding:0px;margin:0px 0px 1rem;color:#212529;font-family:Muli, '-apple-system', BlinkMacSystemFont, 'Segoe UI', Roboto, 'Helvetica Neue', Arial, sans-serif, 'Apple Color Emoji', 'Segoe UI Emoji', 'Segoe UI Symbol'\"><span style=\"background-color:#ffffff\">29% LAINE\u00a0<\/span><br style=\"padding:0px;margin:0px\" \/><span style=\"background-color:#ffffff\">23% ALPAGA\u00a0<\/span><br style=\"padding:0px;margin:0px\" \/><span style=\"background-color:#ffffff\">40% ACRYLIQUE\u00a0<\/span><br style=\"padding:0px;margin:0px\" \/><span style=\"background-color:#ffffff\">8% NYLON<\/span><\/p>\n<p style=\"font-size:16px;padding:0px;margin:0px 0px 1rem;color:#212529;font-family:Muli, '-apple-system', BlinkMacSystemFont, 'Segoe UI', Roboto, 'Helvetica Neue', Arial, sans-serif, 'Apple Color Emoji', 'Segoe UI Emoji', 'Segoe UI Symbol'\"><span style=\"background-color:#ffffff\">Lavage \u00e0 la main<\/span><br style=\"padding:0px;margin:0px\" \/><span style=\"background-color:#ffffff\">Pas de blanchissement<\/span><br style=\"padding:0px;margin:0px\" \/><span style=\"background-color:#ffffff\">Pas de s\u00e9chage en tambour<\/span><br style=\"padding:0px;margin:0px\" \/><span style=\"background-color:#ffffff\">Repassage \u00e0 temp\u00e9rature faible<\/span><span style=\"background-color:#ffffff\"><\/span><\/p>\n","protected":false},"excerpt":{"rendered":"<p>Pull Alan Karma Koma durable et \u00e9thique \u2713 Livraison rapide &amp; paiement en x3 ou x4. Pull en maille \u00e9paisse.&#8211; Coupe oversize&#8211; Encolure arrondie en c\u00f4tes&#8211; Resserr\u00e9 aux extr\u00e9mit\u00e9s&#8211; Double tresse en V Madeleine mesure 1m78 et porte une taille unique.Oriane mesure 1m76 et porte une taille unique.Charlotte mesure 1m79 et porte une taille unique. [&hellip;]<\/p>\n","protected":false},"featured_media":702654,"comment_status":"open","ping_status":"closed","template":"","meta":[],"product_brand":[],"product_cat":[1756,1762],"product_tag":[2244],"acf":[],"_links":{"self":[{"href":"https:\/\/streetmarkets.fr\/app\/wp-json\/wp\/v2\/product\/702653"}],"collection":[{"href":"https:\/\/streetmarkets.fr\/app\/wp-json\/wp\/v2\/product"}],"about":[{"href":"https:\/\/streetmarkets.fr\/app\/wp-json\/wp\/v2\/types\/product"}],"replies":[{"embeddable":true,"href":"https:\/\/streetmarkets.fr\/app\/wp-json\/wp\/v2\/comments?post=702653"}],"wp:featuredmedia":[{"embeddable":true,"href":"https:\/\/streetmarkets.fr\/app\/wp-json\/wp\/v2\/media\/702654"}],"wp:attachment":[{"href":"https:\/\/streetmarkets.fr\/app\/wp-json\/wp\/v2\/media?parent=702653"}],"wp:term":[{"taxonomy":"product_brand","embeddable":true,"href":"https:\/\/streetmarkets.fr\/app\/wp-json\/wp\/v2\/product_brand?post=702653"},{"taxonomy":"product_cat","embeddable":true,"href":"https:\/\/streetmarkets.fr\/app\/wp-json\/wp\/v2\/product_cat?post=702653"},{"taxonomy":"product_tag","embeddable":true,"href":"https:\/\/streetmarkets.fr\/app\/wp-json\/wp\/v2\/product_tag?post=702653"}],"curies":[{"name":"wp","href":"https:\/\/api.w.org\/{rel}","templated":true}]}}