{"id":702601,"date":"2024-10-15T10:29:58","date_gmt":"2024-10-15T08:29:58","guid":{"rendered":"https:\/\/streetmarkets.fr\/app\/produit\/pull-nabia\/"},"modified":"2024-10-15T10:30:44","modified_gmt":"2024-10-15T08:30:44","slug":"pull-nabia","status":"publish","type":"product","link":"https:\/\/streetmarkets.fr\/app\/produit\/pull-nabia\/","title":{"rendered":"Pull Nabia"},"content":{"rendered":"<p>Pull Nabia Karma Koma durable et \u00e9thique \u2713 Livraison rapide &amp; paiement en x3 ou x4.<\/p>\n<p><span style=\"font-size:16px;color:#212529;font-family:Muli, '-apple-system', BlinkMacSystemFont, 'Segoe UI', Roboto, 'Helvetica Neue', Arial, sans-serif, 'Apple Color Emoji', 'Segoe UI Emoji', 'Segoe UI Symbol';background-color:#ffffff\">Pull \u00e0 capuche.<\/span><br style=\"font-size:16px;padding:0px;margin:0px;color:#212529;font-family:Muli, '-apple-system', BlinkMacSystemFont, 'Segoe UI', Roboto, 'Helvetica Neue', Arial, sans-serif, 'Apple Color Emoji', 'Segoe UI Emoji', 'Segoe UI Symbol'\" \/><span style=\"font-size:16px;color:#212529;font-family:Muli, '-apple-system', BlinkMacSystemFont, 'Segoe UI', Roboto, 'Helvetica Neue', Arial, sans-serif, 'Apple Color Emoji', 'Segoe UI Emoji', 'Segoe UI Symbol';background-color:#ffffff\">&#8211; Forme oversize<\/span><br style=\"font-size:16px;padding:0px;margin:0px;color:#212529;font-family:Muli, '-apple-system', BlinkMacSystemFont, 'Segoe UI', Roboto, 'Helvetica Neue', Arial, sans-serif, 'Apple Color Emoji', 'Segoe UI Emoji', 'Segoe UI Symbol'\" \/><span style=\"font-size:16px;color:#212529;font-family:Muli, '-apple-system', BlinkMacSystemFont, 'Segoe UI', Roboto, 'Helvetica Neue', Arial, sans-serif, 'Apple Color Emoji', 'Segoe UI Emoji', 'Segoe UI Symbol';background-color:#ffffff\">&#8211; Emmanchures basses<\/span><br style=\"font-size:16px;padding:0px;margin:0px;color:#212529;font-family:Muli, '-apple-system', BlinkMacSystemFont, 'Segoe UI', Roboto, 'Helvetica Neue', Arial, sans-serif, 'Apple Color Emoji', 'Segoe UI Emoji', 'Segoe UI Symbol'\" \/><span style=\"font-size:16px;color:#212529;font-family:Muli, '-apple-system', BlinkMacSystemFont, 'Segoe UI', Roboto, 'Helvetica Neue', Arial, sans-serif, 'Apple Color Emoji', 'Segoe UI Emoji', 'Segoe UI Symbol';background-color:#ffffff\">&#8211; Manches longues resserr\u00e9es par des bords c\u00f4tes<\/span><br style=\"font-size:16px;padding:0px;margin:0px;color:#212529;font-family:Muli, '-apple-system', BlinkMacSystemFont, 'Segoe UI', Roboto, 'Helvetica Neue', Arial, sans-serif, 'Apple Color Emoji', 'Segoe UI Emoji', 'Segoe UI Symbol'\" \/><span style=\"font-size:16px;color:#212529;font-family:Muli, '-apple-system', BlinkMacSystemFont, 'Segoe UI', Roboto, 'Helvetica Neue', Arial, sans-serif, 'Apple Color Emoji', 'Segoe UI Emoji', 'Segoe UI Symbol';background-color:#ffffff\">&#8211; Encolure col style marin<\/span><br style=\"font-size:16px;padding:0px;margin:0px;color:#212529;font-family:Muli, '-apple-system', BlinkMacSystemFont, 'Segoe UI', Roboto, 'Helvetica Neue', Arial, sans-serif, 'Apple Color Emoji', 'Segoe UI Emoji', 'Segoe UI Symbol'\" \/><span style=\"font-size:16px;color:#212529;font-family:Muli, '-apple-system', BlinkMacSystemFont, 'Segoe UI', Roboto, 'Helvetica Neue', Arial, sans-serif, 'Apple Color Emoji', 'Segoe UI Emoji', 'Segoe UI Symbol';background-color:#ffffff\">&#8211; Finitions bord c\u00f4te<\/span><\/p>\n","protected":false},"excerpt":{"rendered":"<p>Pull Nabia Karma Koma durable et \u00e9thique \u2713 Livraison rapide &amp; paiement en x3 ou x4. Pull \u00e0 capuche.&#8211; Forme oversize&#8211; Emmanchures basses&#8211; Manches longues resserr\u00e9es par des bords c\u00f4tes&#8211; Encolure col style marin&#8211; Finitions bord c\u00f4te<\/p>\n","protected":false},"featured_media":702603,"comment_status":"open","ping_status":"closed","template":"","meta":[],"product_brand":[],"product_cat":[1756,1762],"product_tag":[2244],"acf":[],"_links":{"self":[{"href":"https:\/\/streetmarkets.fr\/app\/wp-json\/wp\/v2\/product\/702601"}],"collection":[{"href":"https:\/\/streetmarkets.fr\/app\/wp-json\/wp\/v2\/product"}],"about":[{"href":"https:\/\/streetmarkets.fr\/app\/wp-json\/wp\/v2\/types\/product"}],"replies":[{"embeddable":true,"href":"https:\/\/streetmarkets.fr\/app\/wp-json\/wp\/v2\/comments?post=702601"}],"wp:featuredmedia":[{"embeddable":true,"href":"https:\/\/streetmarkets.fr\/app\/wp-json\/wp\/v2\/media\/702603"}],"wp:attachment":[{"href":"https:\/\/streetmarkets.fr\/app\/wp-json\/wp\/v2\/media?parent=702601"}],"wp:term":[{"taxonomy":"product_brand","embeddable":true,"href":"https:\/\/streetmarkets.fr\/app\/wp-json\/wp\/v2\/product_brand?post=702601"},{"taxonomy":"product_cat","embeddable":true,"href":"https:\/\/streetmarkets.fr\/app\/wp-json\/wp\/v2\/product_cat?post=702601"},{"taxonomy":"product_tag","embeddable":true,"href":"https:\/\/streetmarkets.fr\/app\/wp-json\/wp\/v2\/product_tag?post=702601"}],"curies":[{"name":"wp","href":"https:\/\/api.w.org\/{rel}","templated":true}]}}