{"id":702535,"date":"2024-10-15T10:29:13","date_gmt":"2024-10-15T08:29:13","guid":{"rendered":"https:\/\/streetmarkets.fr\/app\/produit\/sautoir-baby-ubud-tourmaline-et-apatite-hanka-in\/"},"modified":"2026-05-10T08:37:20","modified_gmt":"2026-05-10T06:37:20","slug":"sautoir-baby-ubud-tourmaline-et-apatite-hanka-in","status":"publish","type":"product","link":"https:\/\/streetmarkets.fr\/app\/produit\/sautoir-baby-ubud-tourmaline-et-apatite-hanka-in\/","title":{"rendered":"Sautoir Baby ubud tourmaline et apatite &#8211; Hanka In"},"content":{"rendered":"<p><span style=\"font-family: -apple-system, BlinkMacSystemFont, 'San Francisco', 'Segoe UI', Roboto, 'Helvetica Neue', sans-serif;font-size: 0.875rem\">Le sautoir Baby Ubud en tourmalines roses et en apatites vertes est sublim\u00e9 par un m\u00e9daillon sertie d&#8217;un zircon.<\/span><\/p>\n<p><span style=\"font-family: -apple-system, BlinkMacSystemFont, 'San Francisco', 'Segoe UI', Roboto, 'Helvetica Neue', sans-serif;font-size: 0.875rem\">C&#8217;est un sautoir ajustable avec son noeud coulissant.\u00a0\u00a0<\/span><\/p>\n<p><strong style=\"font-family: -apple-system, BlinkMacSystemFont, 'San Francisco', 'Segoe UI', Roboto, 'Helvetica Neue', sans-serif;font-size: 0.875rem\">Cr\u00e9atrice fran\u00e7aise Hanka In<\/strong><span style=\"font-family: -apple-system, BlinkMacSystemFont, 'San Francisco', 'Segoe UI', Roboto, 'Helvetica Neue', sans-serif;font-size: 0.875rem\">, les mod\u00e8les sont dessin\u00e9s et fabriqu\u00e9s en France.<\/span><\/p>\n","protected":false},"excerpt":{"rendered":"<p>Le sautoir Baby Ubud en tourmalines roses et en apatites vertes est sublim\u00e9 par un m\u00e9daillon sertie d&#8217;un zircon. C&#8217;est un sautoir ajustable avec son noeud coulissant.\u00a0\u00a0 Cr\u00e9atrice fran\u00e7aise Hanka In, les mod\u00e8les sont dessin\u00e9s et fabriqu\u00e9s en France.<\/p>\n","protected":false},"featured_media":702536,"comment_status":"open","ping_status":"closed","template":"","meta":[],"product_brand":[],"product_cat":[1807,1756],"product_tag":[2244],"acf":[],"_links":{"self":[{"href":"https:\/\/streetmarkets.fr\/app\/wp-json\/wp\/v2\/product\/702535"}],"collection":[{"href":"https:\/\/streetmarkets.fr\/app\/wp-json\/wp\/v2\/product"}],"about":[{"href":"https:\/\/streetmarkets.fr\/app\/wp-json\/wp\/v2\/types\/product"}],"replies":[{"embeddable":true,"href":"https:\/\/streetmarkets.fr\/app\/wp-json\/wp\/v2\/comments?post=702535"}],"wp:featuredmedia":[{"embeddable":true,"href":"https:\/\/streetmarkets.fr\/app\/wp-json\/wp\/v2\/media\/702536"}],"wp:attachment":[{"href":"https:\/\/streetmarkets.fr\/app\/wp-json\/wp\/v2\/media?parent=702535"}],"wp:term":[{"taxonomy":"product_brand","embeddable":true,"href":"https:\/\/streetmarkets.fr\/app\/wp-json\/wp\/v2\/product_brand?post=702535"},{"taxonomy":"product_cat","embeddable":true,"href":"https:\/\/streetmarkets.fr\/app\/wp-json\/wp\/v2\/product_cat?post=702535"},{"taxonomy":"product_tag","embeddable":true,"href":"https:\/\/streetmarkets.fr\/app\/wp-json\/wp\/v2\/product_tag?post=702535"}],"curies":[{"name":"wp","href":"https:\/\/api.w.org\/{rel}","templated":true}]}}