{"id":702521,"date":"2024-10-15T10:29:13","date_gmt":"2024-10-15T08:29:13","guid":{"rendered":"https:\/\/streetmarkets.fr\/app\/produit\/pince-a-cheveux-coeur-au-choix\/"},"modified":"2024-10-15T10:29:55","modified_gmt":"2024-10-15T08:29:55","slug":"pince-a-cheveux-coeur-au-choix","status":"publish","type":"product","link":"https:\/\/streetmarkets.fr\/app\/produit\/pince-a-cheveux-coeur-au-choix\/","title":{"rendered":"Pince \u00e0 cheveux Coeur (au choix)"},"content":{"rendered":"<p>Pince \u00e0 cheveux Coeur (au choix) Coucou Suzette durable et \u00e9thique \u2713 Livraison rapide &amp; paiement en x3 ou x4.<\/p>\n<div id=\"product-description-short-329\" class=\"rte-content product-description\">\n<p><span id=\"docs-internal-guid-02fa1fb7-7fff-8771-4048-de6845b54c26\">Une sublime pince \u00e0 cheveux effet nacr\u00e9 en forme de c\u0153ur, pour des coiffures \u00e9l\u00e9gantes et d\u00e9bordantes d\u2019amour ! Le parfait petit cadeau \u00e0 offrir \u00e0 son amoureuse (ou bien \u00e0 nous-m\u00eame) : un accessoire simple et efficace, pour un message romantique sans d\u00e9tour.<\/span><\/p>\n<p>Existe aussi en version <a href=\"https:\/\/coucousuzette.com\/fr\/barrettes\/773-mini-pince-a-cheveux-coeur\" target=\"_blank\" rel=\"noreferrer noopener\"><span style=\"text-decoration:underline\">mini<\/span><\/a> !<\/p>\n<p>Marque : Coucou Suzette<\/p>\n<\/div>\n","protected":false},"excerpt":{"rendered":"<p>Pince \u00e0 cheveux Coeur (au choix) Coucou Suzette durable et \u00e9thique \u2713 Livraison rapide &amp; paiement en x3 ou x4. Une sublime pince \u00e0 cheveux effet nacr\u00e9 en forme de c\u0153ur, pour des coiffures \u00e9l\u00e9gantes et d\u00e9bordantes d\u2019amour ! Le parfait petit cadeau \u00e0 offrir \u00e0 son amoureuse (ou bien \u00e0 nous-m\u00eame) : un accessoire [&hellip;]<\/p>\n","protected":false},"featured_media":702522,"comment_status":"open","ping_status":"closed","template":"","meta":[],"product_brand":[],"product_cat":[1756,1764],"product_tag":[2244],"acf":[],"_links":{"self":[{"href":"https:\/\/streetmarkets.fr\/app\/wp-json\/wp\/v2\/product\/702521"}],"collection":[{"href":"https:\/\/streetmarkets.fr\/app\/wp-json\/wp\/v2\/product"}],"about":[{"href":"https:\/\/streetmarkets.fr\/app\/wp-json\/wp\/v2\/types\/product"}],"replies":[{"embeddable":true,"href":"https:\/\/streetmarkets.fr\/app\/wp-json\/wp\/v2\/comments?post=702521"}],"wp:featuredmedia":[{"embeddable":true,"href":"https:\/\/streetmarkets.fr\/app\/wp-json\/wp\/v2\/media\/702522"}],"wp:attachment":[{"href":"https:\/\/streetmarkets.fr\/app\/wp-json\/wp\/v2\/media?parent=702521"}],"wp:term":[{"taxonomy":"product_brand","embeddable":true,"href":"https:\/\/streetmarkets.fr\/app\/wp-json\/wp\/v2\/product_brand?post=702521"},{"taxonomy":"product_cat","embeddable":true,"href":"https:\/\/streetmarkets.fr\/app\/wp-json\/wp\/v2\/product_cat?post=702521"},{"taxonomy":"product_tag","embeddable":true,"href":"https:\/\/streetmarkets.fr\/app\/wp-json\/wp\/v2\/product_tag?post=702521"}],"curies":[{"name":"wp","href":"https:\/\/api.w.org\/{rel}","templated":true}]}}