{"id":702464,"date":"2024-10-15T10:29:11","date_gmt":"2024-10-15T08:29:11","guid":{"rendered":"https:\/\/streetmarkets.fr\/app\/produit\/jean-hermeline-blue\/"},"modified":"2024-10-15T10:29:55","modified_gmt":"2024-10-15T08:29:55","slug":"jean-hermeline-blue","status":"publish","type":"product","link":"https:\/\/streetmarkets.fr\/app\/produit\/jean-hermeline-blue\/","title":{"rendered":"Jean Hermeline blue"},"content":{"rendered":"<p>Jean Hermeline blue Artlove durable et \u00e9thique \u2713 Livraison rapide &amp; paiement en x3 ou x4.<\/p>\n<p>Jean Hermeline Bleu, taille haute, poches sur le devant, fermeture \u00e9clair et boutonn\u00e9e, coupe flare<\/p>\n<\/p>\n<p>Jean Hermeline Bleu<\/p>\n<\/p>\n<ul>\n<li>Taille haute<\/li>\n<li>Poches sur le devant<\/li>\n<li>Fermeture \u00e9clair et boutonn\u00e9e<\/li>\n<li>Coupe flare<\/li>\n<\/ul>\n<p>Composition: 62% Coton et 38% Polyester<\/p>\n<p>Marque: Artlove<\/p><\/p>\n","protected":false},"excerpt":{"rendered":"<p>Jean Hermeline blue Artlove durable et \u00e9thique \u2713 Livraison rapide &amp; paiement en x3 ou x4. Jean Hermeline Bleu, taille haute, poches sur le devant, fermeture \u00e9clair et boutonn\u00e9e, coupe flare Jean Hermeline Bleu Taille haute Poches sur le devant Fermeture \u00e9clair et boutonn\u00e9e Coupe flare Composition: 62% Coton et 38% Polyester Marque: Artlove<\/p>\n","protected":false},"featured_media":702465,"comment_status":"open","ping_status":"closed","template":"","meta":[],"product_brand":[],"product_cat":[1756,1762],"product_tag":[2244],"acf":[],"_links":{"self":[{"href":"https:\/\/streetmarkets.fr\/app\/wp-json\/wp\/v2\/product\/702464"}],"collection":[{"href":"https:\/\/streetmarkets.fr\/app\/wp-json\/wp\/v2\/product"}],"about":[{"href":"https:\/\/streetmarkets.fr\/app\/wp-json\/wp\/v2\/types\/product"}],"replies":[{"embeddable":true,"href":"https:\/\/streetmarkets.fr\/app\/wp-json\/wp\/v2\/comments?post=702464"}],"wp:featuredmedia":[{"embeddable":true,"href":"https:\/\/streetmarkets.fr\/app\/wp-json\/wp\/v2\/media\/702465"}],"wp:attachment":[{"href":"https:\/\/streetmarkets.fr\/app\/wp-json\/wp\/v2\/media?parent=702464"}],"wp:term":[{"taxonomy":"product_brand","embeddable":true,"href":"https:\/\/streetmarkets.fr\/app\/wp-json\/wp\/v2\/product_brand?post=702464"},{"taxonomy":"product_cat","embeddable":true,"href":"https:\/\/streetmarkets.fr\/app\/wp-json\/wp\/v2\/product_cat?post=702464"},{"taxonomy":"product_tag","embeddable":true,"href":"https:\/\/streetmarkets.fr\/app\/wp-json\/wp\/v2\/product_tag?post=702464"}],"curies":[{"name":"wp","href":"https:\/\/api.w.org\/{rel}","templated":true}]}}