{"id":702321,"date":"2024-10-15T10:29:06","date_gmt":"2024-10-15T08:29:06","guid":{"rendered":"https:\/\/streetmarkets.fr\/app\/produit\/boucles-hexa-rubis-hanka-in\/"},"modified":"2026-05-08T08:37:26","modified_gmt":"2026-05-08T06:37:26","slug":"boucles-hexa-rubis-hanka-in","status":"publish","type":"product","link":"https:\/\/streetmarkets.fr\/app\/produit\/boucles-hexa-rubis-hanka-in\/","title":{"rendered":"Boucles Hexa Rubis &#8211; Hanka In"},"content":{"rendered":"<p>Boucles fines dor\u00e9es \u00e0 l&#8217;or fin compos\u00e9es de 3 zircons blancs et d&#8217;une pierre en rubis de forme hexagonale.\u00a0<\/p>\n<p>Longueur : 2,5 cm<\/p>\n<p><strong>Cr\u00e9atrice fran\u00e7aise<\/strong>, les bijoux sont confectionn\u00e9s en atelier parisien.<\/p>\n","protected":false},"excerpt":{"rendered":"<p>Boucles fines dor\u00e9es \u00e0 l&#8217;or fin compos\u00e9es de 3 zircons blancs et d&#8217;une pierre en rubis de forme hexagonale.\u00a0 Longueur : 2,5 cm Cr\u00e9atrice fran\u00e7aise, les bijoux sont confectionn\u00e9s en atelier parisien.<\/p>\n","protected":false},"featured_media":702322,"comment_status":"open","ping_status":"closed","template":"","meta":[],"product_brand":[],"product_cat":[1807,1756],"product_tag":[2244],"acf":[],"_links":{"self":[{"href":"https:\/\/streetmarkets.fr\/app\/wp-json\/wp\/v2\/product\/702321"}],"collection":[{"href":"https:\/\/streetmarkets.fr\/app\/wp-json\/wp\/v2\/product"}],"about":[{"href":"https:\/\/streetmarkets.fr\/app\/wp-json\/wp\/v2\/types\/product"}],"replies":[{"embeddable":true,"href":"https:\/\/streetmarkets.fr\/app\/wp-json\/wp\/v2\/comments?post=702321"}],"wp:featuredmedia":[{"embeddable":true,"href":"https:\/\/streetmarkets.fr\/app\/wp-json\/wp\/v2\/media\/702322"}],"wp:attachment":[{"href":"https:\/\/streetmarkets.fr\/app\/wp-json\/wp\/v2\/media?parent=702321"}],"wp:term":[{"taxonomy":"product_brand","embeddable":true,"href":"https:\/\/streetmarkets.fr\/app\/wp-json\/wp\/v2\/product_brand?post=702321"},{"taxonomy":"product_cat","embeddable":true,"href":"https:\/\/streetmarkets.fr\/app\/wp-json\/wp\/v2\/product_cat?post=702321"},{"taxonomy":"product_tag","embeddable":true,"href":"https:\/\/streetmarkets.fr\/app\/wp-json\/wp\/v2\/product_tag?post=702321"}],"curies":[{"name":"wp","href":"https:\/\/api.w.org\/{rel}","templated":true}]}}