{"id":702075,"date":"2024-10-15T10:28:23","date_gmt":"2024-10-15T08:28:23","guid":{"rendered":"https:\/\/streetmarkets.fr\/app\/produit\/collier-hexa-quartz-fraise-rose-hanka-in\/"},"modified":"2026-05-05T08:37:24","modified_gmt":"2026-05-05T06:37:24","slug":"collier-hexa-quartz-fraise-rose-hanka-in","status":"publish","type":"product","link":"https:\/\/streetmarkets.fr\/app\/produit\/collier-hexa-quartz-fraise-rose-hanka-in\/","title":{"rendered":"Collier Hexa Quartz Fraise rose &#8211; Hanka In"},"content":{"rendered":"<p>Collier sur chaine fine dor\u00e9e \u00e0 l&#8217;or fin compos\u00e9 avec une pierre eb quatrz fraise rose de forme octogonale.<\/p>\n<p>Longueur : 41 cm et 3 cm de cha\u00eene r\u00e9glable\u00a0<\/p>\n<p><strong>Cr\u00e9atrice fran\u00e7aise Hanka In<\/strong>, les mod\u00e8les sont dessin\u00e9s et fabriqu\u00e9s en France.<\/p>\n","protected":false},"excerpt":{"rendered":"<p>Collier sur chaine fine dor\u00e9e \u00e0 l&#8217;or fin compos\u00e9 avec une pierre eb quatrz fraise rose de forme octogonale. Longueur : 41 cm et 3 cm de cha\u00eene r\u00e9glable\u00a0 Cr\u00e9atrice fran\u00e7aise Hanka In, les mod\u00e8les sont dessin\u00e9s et fabriqu\u00e9s en France.<\/p>\n","protected":false},"featured_media":702076,"comment_status":"open","ping_status":"closed","template":"","meta":[],"product_brand":[],"product_cat":[1807,1756],"product_tag":[2244],"acf":[],"_links":{"self":[{"href":"https:\/\/streetmarkets.fr\/app\/wp-json\/wp\/v2\/product\/702075"}],"collection":[{"href":"https:\/\/streetmarkets.fr\/app\/wp-json\/wp\/v2\/product"}],"about":[{"href":"https:\/\/streetmarkets.fr\/app\/wp-json\/wp\/v2\/types\/product"}],"replies":[{"embeddable":true,"href":"https:\/\/streetmarkets.fr\/app\/wp-json\/wp\/v2\/comments?post=702075"}],"wp:featuredmedia":[{"embeddable":true,"href":"https:\/\/streetmarkets.fr\/app\/wp-json\/wp\/v2\/media\/702076"}],"wp:attachment":[{"href":"https:\/\/streetmarkets.fr\/app\/wp-json\/wp\/v2\/media?parent=702075"}],"wp:term":[{"taxonomy":"product_brand","embeddable":true,"href":"https:\/\/streetmarkets.fr\/app\/wp-json\/wp\/v2\/product_brand?post=702075"},{"taxonomy":"product_cat","embeddable":true,"href":"https:\/\/streetmarkets.fr\/app\/wp-json\/wp\/v2\/product_cat?post=702075"},{"taxonomy":"product_tag","embeddable":true,"href":"https:\/\/streetmarkets.fr\/app\/wp-json\/wp\/v2\/product_tag?post=702075"}],"curies":[{"name":"wp","href":"https:\/\/api.w.org\/{rel}","templated":true}]}}