{"id":701832,"date":"2024-10-15T10:28:10","date_gmt":"2024-10-15T08:28:10","guid":{"rendered":"https:\/\/streetmarkets.fr\/app\/produit\/echarpe-en-laine-mushi\/"},"modified":"2024-10-15T10:28:49","modified_gmt":"2024-10-15T08:28:49","slug":"echarpe-en-laine-mushi","status":"publish","type":"product","link":"https:\/\/streetmarkets.fr\/app\/produit\/echarpe-en-laine-mushi\/","title":{"rendered":"Echarpe en laine Mushi"},"content":{"rendered":"<p>Echarpe en laine Mushi Mamamushi Studio durable et \u00e9thique \u2713 Livraison rapide &amp; paiement en x3 ou x4.<\/p>\n<p>\u00c9toles en fine laine d&#8217;agneau.<\/p>\n<p>S\u00e9ries limit\u00e9es<\/p>\n<p>Dimensions: 110 x 220<\/p>\n<\/p>\n<div>\n<div class=\"product-info___2vEuK\">\n<div>\n<dl>\n<dt class=\"title-cbd low description___1jL_l\">Basique intemporel de la marque Mamamushi, ces \u00e9toles unisexe en pure laine d&#8217;agneau vierge (premi\u00e8re tonte) sont un v\u00e9ritable coup de coeur.<\/dt>\n<dt class=\"title-cbd low description___1jL_l\">Ils peuvent \u00eatre port\u00e9s en \u00e9charpe ou en \u00e9tole autour des \u00e9paules.<\/dt>\n<dt class=\"title-cbd low description___1jL_l\"><\/dt>\n<dt class=\"title-cbd low description___1jL_l\">Ces petites s\u00e9ries limit\u00e9es de couleurs sont r\u00e9alis\u00e9es par des supers artisans du nord de l&#8217;Inde au Pendjab. Tricot fin et ultra doux.<\/dt>\n<dt class=\"title-cbd low description___1jL_l\"><\/dt>\n<dt class=\"title-cbd low description___1jL_l\">Dimensions: 110&#215;220 cm.<\/dt>\n<dt class=\"title-cbd low description___1jL_l\"><\/dt>\n<dt class=\"title-cbd low description___1jL_l\"><\/dt>\n<\/dl>\n<\/div>\n<\/div>\n<\/div>\n","protected":false},"excerpt":{"rendered":"<p>Echarpe en laine Mushi Mamamushi Studio durable et \u00e9thique \u2713 Livraison rapide &amp; paiement en x3 ou x4. \u00c9toles en fine laine d&#8217;agneau. S\u00e9ries limit\u00e9es Dimensions: 110 x 220 Basique intemporel de la marque Mamamushi, ces \u00e9toles unisexe en pure laine d&#8217;agneau vierge (premi\u00e8re tonte) sont un v\u00e9ritable coup de coeur. Ils peuvent \u00eatre port\u00e9s [&hellip;]<\/p>\n","protected":false},"featured_media":701833,"comment_status":"open","ping_status":"closed","template":"","meta":[],"product_brand":[],"product_cat":[1756,1764],"product_tag":[2244],"acf":[],"_links":{"self":[{"href":"https:\/\/streetmarkets.fr\/app\/wp-json\/wp\/v2\/product\/701832"}],"collection":[{"href":"https:\/\/streetmarkets.fr\/app\/wp-json\/wp\/v2\/product"}],"about":[{"href":"https:\/\/streetmarkets.fr\/app\/wp-json\/wp\/v2\/types\/product"}],"replies":[{"embeddable":true,"href":"https:\/\/streetmarkets.fr\/app\/wp-json\/wp\/v2\/comments?post=701832"}],"wp:featuredmedia":[{"embeddable":true,"href":"https:\/\/streetmarkets.fr\/app\/wp-json\/wp\/v2\/media\/701833"}],"wp:attachment":[{"href":"https:\/\/streetmarkets.fr\/app\/wp-json\/wp\/v2\/media?parent=701832"}],"wp:term":[{"taxonomy":"product_brand","embeddable":true,"href":"https:\/\/streetmarkets.fr\/app\/wp-json\/wp\/v2\/product_brand?post=701832"},{"taxonomy":"product_cat","embeddable":true,"href":"https:\/\/streetmarkets.fr\/app\/wp-json\/wp\/v2\/product_cat?post=701832"},{"taxonomy":"product_tag","embeddable":true,"href":"https:\/\/streetmarkets.fr\/app\/wp-json\/wp\/v2\/product_tag?post=701832"}],"curies":[{"name":"wp","href":"https:\/\/api.w.org\/{rel}","templated":true}]}}