{"id":701394,"date":"2024-10-15T10:27:21","date_gmt":"2024-10-15T08:27:21","guid":{"rendered":"https:\/\/streetmarkets.fr\/app\/produit\/collier-xouxou-iphone-xs-max\/"},"modified":"2024-10-15T10:27:55","modified_gmt":"2024-10-15T08:27:55","slug":"collier-xouxou-iphone-xs-max","status":"publish","type":"product","link":"https:\/\/streetmarkets.fr\/app\/produit\/collier-xouxou-iphone-xs-max\/","title":{"rendered":"Collier Xouxou iPhone XS Max"},"content":{"rendered":"<p>Collier Xouxou  iPhone XS Max Xouxou durable et \u00e9thique \u2713 Livraison rapide &amp; paiement en x3 ou x4.<\/p>\n<div class=\"tab-pane fade in active\" id=\"description\">\n<div class=\"product-description\">\n<div class=\"tab-pane fade in active\">\n<p class=\"product-description\">En 2015, alors qu\u2019elle accueille son premier enfant, Yara la cr\u00e9atrice berlinoise de Xouxou se retrouve vite d\u00e9bord\u00e9e, ses mains aussi. Une id\u00e9e lui vient en t\u00eate : le collier de t\u00e9l\u00e9phone!<\/p>\n<p class=\"product-description\">Tr\u00e8s vite ce collier a et\u00e9 adopt\u00e9 par tous.<\/p>\n<p class=\"product-description\">Ne plus avoir \u00e0 chercher son telephone, avoir les mains libres instantan\u00e9ment, ne plus se le faire voler dans le m\u00e9tro ou en soir\u00e9e&#8230;<\/p>\n<p class=\"product-description\">On avoue que c&#8217;est quand m\u00eame assez pratique par moments m\u00eame s&#8217;il faut aussi savoir lacher un peu son t\u00e9l\u00e9phone.\u00a0\u00a0<\/p>\n<\/div>\n<\/div>\n<\/div>\n","protected":false},"excerpt":{"rendered":"<p>Collier Xouxou iPhone XS Max Xouxou durable et \u00e9thique \u2713 Livraison rapide &amp; paiement en x3 ou x4. En 2015, alors qu\u2019elle accueille son premier enfant, Yara la cr\u00e9atrice berlinoise de Xouxou se retrouve vite d\u00e9bord\u00e9e, ses mains aussi. Une id\u00e9e lui vient en t\u00eate : le collier de t\u00e9l\u00e9phone! Tr\u00e8s vite ce collier a [&hellip;]<\/p>\n","protected":false},"featured_media":701395,"comment_status":"open","ping_status":"closed","template":"","meta":[],"product_brand":[],"product_cat":[1756,1764],"product_tag":[2244],"acf":[],"_links":{"self":[{"href":"https:\/\/streetmarkets.fr\/app\/wp-json\/wp\/v2\/product\/701394"}],"collection":[{"href":"https:\/\/streetmarkets.fr\/app\/wp-json\/wp\/v2\/product"}],"about":[{"href":"https:\/\/streetmarkets.fr\/app\/wp-json\/wp\/v2\/types\/product"}],"replies":[{"embeddable":true,"href":"https:\/\/streetmarkets.fr\/app\/wp-json\/wp\/v2\/comments?post=701394"}],"wp:featuredmedia":[{"embeddable":true,"href":"https:\/\/streetmarkets.fr\/app\/wp-json\/wp\/v2\/media\/701395"}],"wp:attachment":[{"href":"https:\/\/streetmarkets.fr\/app\/wp-json\/wp\/v2\/media?parent=701394"}],"wp:term":[{"taxonomy":"product_brand","embeddable":true,"href":"https:\/\/streetmarkets.fr\/app\/wp-json\/wp\/v2\/product_brand?post=701394"},{"taxonomy":"product_cat","embeddable":true,"href":"https:\/\/streetmarkets.fr\/app\/wp-json\/wp\/v2\/product_cat?post=701394"},{"taxonomy":"product_tag","embeddable":true,"href":"https:\/\/streetmarkets.fr\/app\/wp-json\/wp\/v2\/product_tag?post=701394"}],"curies":[{"name":"wp","href":"https:\/\/api.w.org\/{rel}","templated":true}]}}