{"id":701301,"date":"2024-10-15T10:27:16","date_gmt":"2024-10-15T08:27:16","guid":{"rendered":"https:\/\/streetmarkets.fr\/app\/produit\/robe-stone-noir-myrtille\/"},"modified":"2024-10-15T10:27:54","modified_gmt":"2024-10-15T08:27:54","slug":"robe-stone-noir-myrtille","status":"publish","type":"product","link":"https:\/\/streetmarkets.fr\/app\/produit\/robe-stone-noir-myrtille\/","title":{"rendered":"Robe Stone noir myrtille"},"content":{"rendered":"<p>D\u00e9couvrez la sublime robe courte r\u00e9versible myrtille Stone de la marque Karma Koma chez Mamamushi.<br \/>\nClick and collect disponible, livraison &amp; paiement s\u00e9curis\u00e9.<\/p>\n<p>Petite robe de soir\u00e9e satin\u00e9e \u00e0 la coupe droite. Les manches courtes sont d\u00e9taill\u00e9es par un large revers. L&#8217;avant et l&#8217;arri\u00e8re du mod\u00e8le pr\u00e9sentent deux ouvertures en V profondes. L&#8217;une est raccord\u00e9e par un lien en tissu, quant \u00e0 l&#8217;autre, elle peut se refermer par une cha\u00eenette amovible, de quoi rendre ce mod\u00e8le r\u00e9versible. A vous de moduler votre d\u00e9collet\u00e9 !<\/p>\n<p>Mati\u00e8re: 100% Viscose<\/p>\n<p>Marque: Karma Koma<\/p>\n","protected":false},"excerpt":{"rendered":"<p>D\u00e9couvrez la sublime robe courte r\u00e9versible myrtille Stone de la marque Karma Koma chez Mamamushi. Click and collect disponible, livraison &amp; paiement s\u00e9curis\u00e9. Petite robe de soir\u00e9e satin\u00e9e \u00e0 la coupe droite. Les manches courtes sont d\u00e9taill\u00e9es par un large revers. L&#8217;avant et l&#8217;arri\u00e8re du mod\u00e8le pr\u00e9sentent deux ouvertures en V profondes. L&#8217;une est raccord\u00e9e [&hellip;]<\/p>\n","protected":false},"featured_media":701302,"comment_status":"open","ping_status":"closed","template":"","meta":[],"product_brand":[],"product_cat":[1756,1758],"product_tag":[2244],"acf":[],"_links":{"self":[{"href":"https:\/\/streetmarkets.fr\/app\/wp-json\/wp\/v2\/product\/701301"}],"collection":[{"href":"https:\/\/streetmarkets.fr\/app\/wp-json\/wp\/v2\/product"}],"about":[{"href":"https:\/\/streetmarkets.fr\/app\/wp-json\/wp\/v2\/types\/product"}],"replies":[{"embeddable":true,"href":"https:\/\/streetmarkets.fr\/app\/wp-json\/wp\/v2\/comments?post=701301"}],"wp:featuredmedia":[{"embeddable":true,"href":"https:\/\/streetmarkets.fr\/app\/wp-json\/wp\/v2\/media\/701302"}],"wp:attachment":[{"href":"https:\/\/streetmarkets.fr\/app\/wp-json\/wp\/v2\/media?parent=701301"}],"wp:term":[{"taxonomy":"product_brand","embeddable":true,"href":"https:\/\/streetmarkets.fr\/app\/wp-json\/wp\/v2\/product_brand?post=701301"},{"taxonomy":"product_cat","embeddable":true,"href":"https:\/\/streetmarkets.fr\/app\/wp-json\/wp\/v2\/product_cat?post=701301"},{"taxonomy":"product_tag","embeddable":true,"href":"https:\/\/streetmarkets.fr\/app\/wp-json\/wp\/v2\/product_tag?post=701301"}],"curies":[{"name":"wp","href":"https:\/\/api.w.org\/{rel}","templated":true}]}}