{"id":701257,"date":"2024-10-15T10:27:15","date_gmt":"2024-10-15T08:27:15","guid":{"rendered":"https:\/\/streetmarkets.fr\/app\/produit\/chaussettes-kamasutra-au-choix\/"},"modified":"2024-10-15T10:27:53","modified_gmt":"2024-10-15T08:27:53","slug":"chaussettes-kamasutra-au-choix","status":"publish","type":"product","link":"https:\/\/streetmarkets.fr\/app\/produit\/chaussettes-kamasutra-au-choix\/","title":{"rendered":"Chaussettes Kamasutra (au choix)"},"content":{"rendered":"<p>Chaussettes Kamasutra (au choix) Coucou Suzette durable et \u00e9thique \u2713 Livraison rapide &amp; paiement en x3 ou x4.<\/p>\n<p class=\"p1\" style=\"margin:0px;font-size:12px;line-height:normal;font-family:'Helvetica Neue'\">En manque d&#8217;inspiration ? Petit cadeau parfait pour r\u00e9viser son Kamasutra&#8230; Et\u00a0pour briser la glace avec son crush !<\/p>\n<p class=\"p2\" style=\"margin:0px;font-size:12px;line-height:normal;font-family:'Helvetica Neue';min-height:14px\">\n<p class=\"p1\" style=\"margin:0px;font-size:12px;line-height:normal;font-family:'Helvetica Neue'\">En manque d&#8217;inspiration ? Petit cadeau parfait pour r\u00e9viser son Kamasutra&#8230; Et\u00a0pour briser la glace avec son crush !<\/p>\n<p class=\"p2\" style=\"margin:0px;font-size:12px;line-height:normal;font-family:'Helvetica Neue';min-height:14px\">\n<p class=\"p1\" style=\"margin:0px;font-size:12px;line-height:normal;font-family:'Helvetica Neue'\">Chaussettes\u00a0en coton italien certifi\u00e9 OEKO-TEX\u00ae, fabriqu\u00e9es\u00a0en France.<\/p>\n<p class=\"p2\" style=\"margin:0px;font-size:12px;line-height:normal;font-family:'Helvetica Neue';min-height:14px\">\n<p class=\"p1\" style=\"margin:0px;font-size:12px;line-height:normal;font-family:'Helvetica Neue'\">Taille Unique\u00a0(convient du 35 au 44), elles peuvent \u00e9galement aller aux hommes !<\/p>\n<div class=\"product-information\">\n<div id=\"product-description-short-49\" class=\"rte-content\">\n<p><span>Existe en version h\u00e9t\u00e9ro blanc, h\u00e9t\u00e9ro m\u00e9tisse, gay blanc, gay m\u00e9tisse. <\/span><\/p>\n<p><span>Marque: Coucou Suzette<\/span><\/p>\n<\/div>\n<\/div>\n","protected":false},"excerpt":{"rendered":"<p>Chaussettes Kamasutra (au choix) Coucou Suzette durable et \u00e9thique \u2713 Livraison rapide &amp; paiement en x3 ou x4. En manque d&#8217;inspiration ? Petit cadeau parfait pour r\u00e9viser son Kamasutra&#8230; Et\u00a0pour briser la glace avec son crush ! En manque d&#8217;inspiration ? Petit cadeau parfait pour r\u00e9viser son Kamasutra&#8230; Et\u00a0pour briser la glace avec son crush [&hellip;]<\/p>\n","protected":false},"featured_media":701258,"comment_status":"open","ping_status":"closed","template":"","meta":[],"product_brand":[],"product_cat":[1756,1764],"product_tag":[2244],"acf":[],"_links":{"self":[{"href":"https:\/\/streetmarkets.fr\/app\/wp-json\/wp\/v2\/product\/701257"}],"collection":[{"href":"https:\/\/streetmarkets.fr\/app\/wp-json\/wp\/v2\/product"}],"about":[{"href":"https:\/\/streetmarkets.fr\/app\/wp-json\/wp\/v2\/types\/product"}],"replies":[{"embeddable":true,"href":"https:\/\/streetmarkets.fr\/app\/wp-json\/wp\/v2\/comments?post=701257"}],"wp:featuredmedia":[{"embeddable":true,"href":"https:\/\/streetmarkets.fr\/app\/wp-json\/wp\/v2\/media\/701258"}],"wp:attachment":[{"href":"https:\/\/streetmarkets.fr\/app\/wp-json\/wp\/v2\/media?parent=701257"}],"wp:term":[{"taxonomy":"product_brand","embeddable":true,"href":"https:\/\/streetmarkets.fr\/app\/wp-json\/wp\/v2\/product_brand?post=701257"},{"taxonomy":"product_cat","embeddable":true,"href":"https:\/\/streetmarkets.fr\/app\/wp-json\/wp\/v2\/product_cat?post=701257"},{"taxonomy":"product_tag","embeddable":true,"href":"https:\/\/streetmarkets.fr\/app\/wp-json\/wp\/v2\/product_tag?post=701257"}],"curies":[{"name":"wp","href":"https:\/\/api.w.org\/{rel}","templated":true}]}}