{"id":701208,"date":"2024-10-15T10:26:54","date_gmt":"2024-10-15T08:26:54","guid":{"rendered":"https:\/\/streetmarkets.fr\/app\/produit\/robe-kimono-senin-my-sayang\/"},"modified":"2026-05-10T08:37:06","modified_gmt":"2026-05-10T06:37:06","slug":"robe-kimono-senin-my-sayang","status":"publish","type":"product","link":"https:\/\/streetmarkets.fr\/app\/produit\/robe-kimono-senin-my-sayang\/","title":{"rendered":"Robe Kimono Senin &#8211; My Sayang"},"content":{"rendered":"<p>Robe Kimono fabriqu\u00e9e \u00e0 partir de lin de haute qualit\u00e9, cette robe est la pi\u00e8ce id\u00e9ale pour l&#8217;\u00e9t\u00e9. Elle se porte en robe ou en kimono long.\u00a0<br \/>Ceinture amovible<\/p>\n<p>\u00a0<\/p>\n","protected":false},"excerpt":{"rendered":"<p>Robe Kimono fabriqu\u00e9e \u00e0 partir de lin de haute qualit\u00e9, cette robe est la pi\u00e8ce id\u00e9ale pour l&#8217;\u00e9t\u00e9. Elle se porte en robe ou en kimono long.\u00a0Ceinture amovible \u00a0<\/p>\n","protected":false},"featured_media":701209,"comment_status":"open","ping_status":"closed","template":"","meta":[],"product_brand":[],"product_cat":[1756,1762],"product_tag":[2244],"acf":[],"_links":{"self":[{"href":"https:\/\/streetmarkets.fr\/app\/wp-json\/wp\/v2\/product\/701208"}],"collection":[{"href":"https:\/\/streetmarkets.fr\/app\/wp-json\/wp\/v2\/product"}],"about":[{"href":"https:\/\/streetmarkets.fr\/app\/wp-json\/wp\/v2\/types\/product"}],"replies":[{"embeddable":true,"href":"https:\/\/streetmarkets.fr\/app\/wp-json\/wp\/v2\/comments?post=701208"}],"wp:featuredmedia":[{"embeddable":true,"href":"https:\/\/streetmarkets.fr\/app\/wp-json\/wp\/v2\/media\/701209"}],"wp:attachment":[{"href":"https:\/\/streetmarkets.fr\/app\/wp-json\/wp\/v2\/media?parent=701208"}],"wp:term":[{"taxonomy":"product_brand","embeddable":true,"href":"https:\/\/streetmarkets.fr\/app\/wp-json\/wp\/v2\/product_brand?post=701208"},{"taxonomy":"product_cat","embeddable":true,"href":"https:\/\/streetmarkets.fr\/app\/wp-json\/wp\/v2\/product_cat?post=701208"},{"taxonomy":"product_tag","embeddable":true,"href":"https:\/\/streetmarkets.fr\/app\/wp-json\/wp\/v2\/product_tag?post=701208"}],"curies":[{"name":"wp","href":"https:\/\/api.w.org\/{rel}","templated":true}]}}