{"id":700973,"date":"2024-10-15T10:26:20","date_gmt":"2024-10-15T08:26:20","guid":{"rendered":"https:\/\/streetmarkets.fr\/app\/produit\/pince-a-cheveux-sakura\/"},"modified":"2024-10-15T10:27:10","modified_gmt":"2024-10-15T08:27:10","slug":"pince-a-cheveux-sakura","status":"publish","type":"product","link":"https:\/\/streetmarkets.fr\/app\/produit\/pince-a-cheveux-sakura\/","title":{"rendered":"Pince \u00e0 cheveux Sakura"},"content":{"rendered":"<p>Pince \u00e0 cheveux Sakura Coucou Suzette durable et \u00e9thique \u2713 Livraison rapide &amp; paiement en x3 ou x4.<\/p>\n<div id=\"product-description-tab-content\" class=\"product-description-tab-content tab-pane active\">\n<div class=\"rte\">Coucou Suzette adore les inspirations japonaises, il \u00e9tait donc impossible de passer \u00e0 c\u00f4t\u00e9 de cette beaut\u00e9 !<\/div>\n<div class=\"rte\"><\/div>\n<div class=\"rte\">Eh oui, Sakura est l\u2019\u00e9l\u00e9gant nom nippon des fleurs de cerisiers roses qui ravissent tout le monde au printemps.<\/div>\n<div class=\"rte\"><\/div>\n<div class=\"rte\">On craque compl\u00e8tement pour sa d\u00e9clinaison en pince \u00e0 cheveux, hyper pratique \u00e0 glisser dans son sac et \u00e0 d\u00e9gainer pour une demi-queue ou un joli chignon tout en d\u00e9licatesse.<\/div>\n<div class=\"rte\"><\/div>\n<div class=\"rte\">Pince \u00e0 cheveux fleurs en ac\u00e9tate de cellulose recycl\u00e9e &amp; biod\u00e9gradable (eco-friendly).<\/div>\n<\/div>\n","protected":false},"excerpt":{"rendered":"<p>Pince \u00e0 cheveux Sakura Coucou Suzette durable et \u00e9thique \u2713 Livraison rapide &amp; paiement en x3 ou x4. Coucou Suzette adore les inspirations japonaises, il \u00e9tait donc impossible de passer \u00e0 c\u00f4t\u00e9 de cette beaut\u00e9 ! Eh oui, Sakura est l\u2019\u00e9l\u00e9gant nom nippon des fleurs de cerisiers roses qui ravissent tout le monde au printemps. [&hellip;]<\/p>\n","protected":false},"featured_media":700974,"comment_status":"open","ping_status":"closed","template":"","meta":[],"product_brand":[],"product_cat":[1756,1764],"product_tag":[2244],"acf":[],"_links":{"self":[{"href":"https:\/\/streetmarkets.fr\/app\/wp-json\/wp\/v2\/product\/700973"}],"collection":[{"href":"https:\/\/streetmarkets.fr\/app\/wp-json\/wp\/v2\/product"}],"about":[{"href":"https:\/\/streetmarkets.fr\/app\/wp-json\/wp\/v2\/types\/product"}],"replies":[{"embeddable":true,"href":"https:\/\/streetmarkets.fr\/app\/wp-json\/wp\/v2\/comments?post=700973"}],"wp:featuredmedia":[{"embeddable":true,"href":"https:\/\/streetmarkets.fr\/app\/wp-json\/wp\/v2\/media\/700974"}],"wp:attachment":[{"href":"https:\/\/streetmarkets.fr\/app\/wp-json\/wp\/v2\/media?parent=700973"}],"wp:term":[{"taxonomy":"product_brand","embeddable":true,"href":"https:\/\/streetmarkets.fr\/app\/wp-json\/wp\/v2\/product_brand?post=700973"},{"taxonomy":"product_cat","embeddable":true,"href":"https:\/\/streetmarkets.fr\/app\/wp-json\/wp\/v2\/product_cat?post=700973"},{"taxonomy":"product_tag","embeddable":true,"href":"https:\/\/streetmarkets.fr\/app\/wp-json\/wp\/v2\/product_tag?post=700973"}],"curies":[{"name":"wp","href":"https:\/\/api.w.org\/{rel}","templated":true}]}}