{"id":700939,"date":"2024-10-15T10:26:19","date_gmt":"2024-10-15T08:26:19","guid":{"rendered":"https:\/\/streetmarkets.fr\/app\/produit\/porte-cle-coeur\/"},"modified":"2024-10-15T10:27:09","modified_gmt":"2024-10-15T08:27:09","slug":"porte-cle-coeur","status":"publish","type":"product","link":"https:\/\/streetmarkets.fr\/app\/produit\/porte-cle-coeur\/","title":{"rendered":"Porte cl\u00e9 coeur"},"content":{"rendered":"<p>Porte cl\u00e9 coeur Coucou Suzette durable et \u00e9thique \u2713 Livraison rapide &amp; paiement en x3 ou x4.<\/p>\n<p style=\"margin:0px;font-size:13px;line-height:normal;font-family:'Helvetica Neue'\">Un adorable porte-cl\u00e9 avec \u00e0 son anneau dor\u00e9 un joli coeur rouge tout en paillettes.<\/p>\n<p style=\"margin:0px;font-size:13px;line-height:normal;font-family:'Helvetica Neue'\">\n<p style=\"margin:0px;font-size:13px;line-height:normal;font-family:'Helvetica Neue'\">Impossible de perdre son trousseau avec ce bijou scintillant !<\/p>\n<p style=\"margin:0px;font-size:13px;line-height:normal;font-family:'Helvetica Neue'\">\n<p style=\"margin:0px;font-size:13px;line-height:normal;font-family:'Helvetica Neue'\">Le parfait petit cadeau pour d\u00e9clarer sa flamme \u00e0 l\u2019heureux.se \u00e9lu.e (ou simplement pour pimper ses cl\u00e9s).<\/p>\n<p style=\"margin:0px;font-size:13px;line-height:normal;font-family:'Helvetica Neue'\">&#8211; Longueur : 8 cm<br \/>&#8211; Largeur : 2,5 cm<br \/>&#8211; Chaque cr\u00e9ation est unique, la couleur peut varier l\u00e9g\u00e8rement.<br \/>&#8211; Fabriqu\u00e9 en Chine.<\/p>\n","protected":false},"excerpt":{"rendered":"<p>Porte cl\u00e9 coeur Coucou Suzette durable et \u00e9thique \u2713 Livraison rapide &amp; paiement en x3 ou x4. Un adorable porte-cl\u00e9 avec \u00e0 son anneau dor\u00e9 un joli coeur rouge tout en paillettes. Impossible de perdre son trousseau avec ce bijou scintillant ! Le parfait petit cadeau pour d\u00e9clarer sa flamme \u00e0 l\u2019heureux.se \u00e9lu.e (ou simplement [&hellip;]<\/p>\n","protected":false},"featured_media":700940,"comment_status":"open","ping_status":"closed","template":"","meta":[],"product_brand":[],"product_cat":[1756,1764],"product_tag":[2244],"acf":[],"_links":{"self":[{"href":"https:\/\/streetmarkets.fr\/app\/wp-json\/wp\/v2\/product\/700939"}],"collection":[{"href":"https:\/\/streetmarkets.fr\/app\/wp-json\/wp\/v2\/product"}],"about":[{"href":"https:\/\/streetmarkets.fr\/app\/wp-json\/wp\/v2\/types\/product"}],"replies":[{"embeddable":true,"href":"https:\/\/streetmarkets.fr\/app\/wp-json\/wp\/v2\/comments?post=700939"}],"wp:featuredmedia":[{"embeddable":true,"href":"https:\/\/streetmarkets.fr\/app\/wp-json\/wp\/v2\/media\/700940"}],"wp:attachment":[{"href":"https:\/\/streetmarkets.fr\/app\/wp-json\/wp\/v2\/media?parent=700939"}],"wp:term":[{"taxonomy":"product_brand","embeddable":true,"href":"https:\/\/streetmarkets.fr\/app\/wp-json\/wp\/v2\/product_brand?post=700939"},{"taxonomy":"product_cat","embeddable":true,"href":"https:\/\/streetmarkets.fr\/app\/wp-json\/wp\/v2\/product_cat?post=700939"},{"taxonomy":"product_tag","embeddable":true,"href":"https:\/\/streetmarkets.fr\/app\/wp-json\/wp\/v2\/product_tag?post=700939"}],"curies":[{"name":"wp","href":"https:\/\/api.w.org\/{rel}","templated":true}]}}