{"id":700916,"date":"2024-10-15T10:26:18","date_gmt":"2024-10-15T08:26:18","guid":{"rendered":"https:\/\/streetmarkets.fr\/app\/produit\/elastique-muse-au-choix\/"},"modified":"2024-10-15T10:27:09","modified_gmt":"2024-10-15T08:27:09","slug":"elastique-muse-au-choix","status":"publish","type":"product","link":"https:\/\/streetmarkets.fr\/app\/produit\/elastique-muse-au-choix\/","title":{"rendered":"\u00c9lastique Muse (au choix)"},"content":{"rendered":"<p>\u00c9lastique Muse (au choix) Gypso durable et \u00e9thique \u2713 Livraison rapide &amp; paiement en x3 ou x4.<\/p>\n<p style=\"margin:0px;font-size:13px;line-height:normal;font-family:'Helvetica Neue'\">On le porte sur une queue de cheval haute ou basse, sur un chignon\u2026<br \/>Cet \u00e9lastique, m\u00eame au poignet aura son charme! \ud83d\ude09<\/p>\n<p style=\"margin:0px;font-size:13px;line-height:normal;font-family:'Helvetica Neue'\"><span style=\"font-size:16px;color:#333333;font-family:'Amiri-Regular';background-color:#ffffff\">Existe en dor\u00e9 \u00e0 l&#8217;<\/span><span style=\"font-size:16px;color:#333333;font-family:'Amiri-Regular'\">or fin 24 carats<\/span><span style=\"font-size:16px;color:#333333;font-family:'Amiri-Regular';background-color:#ffffff\">, argent et or rose.<\/span><\/p>\n<p style=\"margin:0px;font-size:13px;line-height:normal;font-family:'Helvetica Neue'\"><span style=\"font-size:16px;color:#333333;font-family:'Amiri-Regular';background-color:#ffffff\"><\/span><\/p>\n<p style=\"margin:0px;font-size:13px;line-height:normal;font-family:'Helvetica Neue'\">Mati\u00e8re : Laiton<\/p>\n<p style=\"margin:0px;font-size:13px;line-height:normal;font-family:'Helvetica Neue'\">Type barrette : Bijou mont\u00e9 sur \u00e9lastique<\/p>\n<p style=\"margin:0px;font-size:13px;line-height:normal;font-family:'Helvetica Neue'\">Dimensions : 6 cm x 2.5 cm<\/p>\n","protected":false},"excerpt":{"rendered":"<p>\u00c9lastique Muse (au choix) Gypso durable et \u00e9thique \u2713 Livraison rapide &amp; paiement en x3 ou x4. On le porte sur une queue de cheval haute ou basse, sur un chignon\u2026Cet \u00e9lastique, m\u00eame au poignet aura son charme! \ud83d\ude09 Existe en dor\u00e9 \u00e0 l&#8217;or fin 24 carats, argent et or rose. Mati\u00e8re : Laiton Type [&hellip;]<\/p>\n","protected":false},"featured_media":700917,"comment_status":"open","ping_status":"closed","template":"","meta":[],"product_brand":[],"product_cat":[1756,1764],"product_tag":[2244],"acf":[],"_links":{"self":[{"href":"https:\/\/streetmarkets.fr\/app\/wp-json\/wp\/v2\/product\/700916"}],"collection":[{"href":"https:\/\/streetmarkets.fr\/app\/wp-json\/wp\/v2\/product"}],"about":[{"href":"https:\/\/streetmarkets.fr\/app\/wp-json\/wp\/v2\/types\/product"}],"replies":[{"embeddable":true,"href":"https:\/\/streetmarkets.fr\/app\/wp-json\/wp\/v2\/comments?post=700916"}],"wp:featuredmedia":[{"embeddable":true,"href":"https:\/\/streetmarkets.fr\/app\/wp-json\/wp\/v2\/media\/700917"}],"wp:attachment":[{"href":"https:\/\/streetmarkets.fr\/app\/wp-json\/wp\/v2\/media?parent=700916"}],"wp:term":[{"taxonomy":"product_brand","embeddable":true,"href":"https:\/\/streetmarkets.fr\/app\/wp-json\/wp\/v2\/product_brand?post=700916"},{"taxonomy":"product_cat","embeddable":true,"href":"https:\/\/streetmarkets.fr\/app\/wp-json\/wp\/v2\/product_cat?post=700916"},{"taxonomy":"product_tag","embeddable":true,"href":"https:\/\/streetmarkets.fr\/app\/wp-json\/wp\/v2\/product_tag?post=700916"}],"curies":[{"name":"wp","href":"https:\/\/api.w.org\/{rel}","templated":true}]}}