{"id":700832,"date":"2024-10-15T10:26:00","date_gmt":"2024-10-15T08:26:00","guid":{"rendered":"https:\/\/streetmarkets.fr\/app\/produit\/boucles-doreilles-valentina-diaperis\/"},"modified":"2026-05-05T08:37:06","modified_gmt":"2026-05-05T06:37:06","slug":"boucles-doreilles-valentina-diaperis","status":"publish","type":"product","link":"https:\/\/streetmarkets.fr\/app\/produit\/boucles-doreilles-valentina-diaperis\/","title":{"rendered":"Boucles d&#8217;oreilles Valentina &#8211; Diaperis"},"content":{"rendered":"<div class=\"page\" title=\"Page 1\">\n<div class=\"section\">\n<div class=\"layoutArea\">\n<div class=\"column\">\n<p><span>Paire de boucles d&#8217;oreilles pendantes plaqu\u00e9es en \u00e9mail blanc or<\/span><\/p>\n<p>Si vous aimez les pierres naturelles, color\u00e9es, et ultra-l\u00e9g\u00e8res,\u00a0ces boucles sont pour vous !\u00a0<\/p>\n<\/div>\n<\/div>\n<\/div>\n<\/div>\n<p data-mce-fragment=\"1\">Longueur : 7 cm\u00a0<\/p>\n","protected":false},"excerpt":{"rendered":"<p>Paire de boucles d&#8217;oreilles pendantes plaqu\u00e9es en \u00e9mail blanc or Si vous aimez les pierres naturelles, color\u00e9es, et ultra-l\u00e9g\u00e8res,\u00a0ces boucles sont pour vous !\u00a0 Longueur : 7 cm\u00a0<\/p>\n","protected":false},"featured_media":700833,"comment_status":"open","ping_status":"closed","template":"","meta":[],"product_brand":[],"product_cat":[1807,1756],"product_tag":[2244],"acf":[],"_links":{"self":[{"href":"https:\/\/streetmarkets.fr\/app\/wp-json\/wp\/v2\/product\/700832"}],"collection":[{"href":"https:\/\/streetmarkets.fr\/app\/wp-json\/wp\/v2\/product"}],"about":[{"href":"https:\/\/streetmarkets.fr\/app\/wp-json\/wp\/v2\/types\/product"}],"replies":[{"embeddable":true,"href":"https:\/\/streetmarkets.fr\/app\/wp-json\/wp\/v2\/comments?post=700832"}],"wp:featuredmedia":[{"embeddable":true,"href":"https:\/\/streetmarkets.fr\/app\/wp-json\/wp\/v2\/media\/700833"}],"wp:attachment":[{"href":"https:\/\/streetmarkets.fr\/app\/wp-json\/wp\/v2\/media?parent=700832"}],"wp:term":[{"taxonomy":"product_brand","embeddable":true,"href":"https:\/\/streetmarkets.fr\/app\/wp-json\/wp\/v2\/product_brand?post=700832"},{"taxonomy":"product_cat","embeddable":true,"href":"https:\/\/streetmarkets.fr\/app\/wp-json\/wp\/v2\/product_cat?post=700832"},{"taxonomy":"product_tag","embeddable":true,"href":"https:\/\/streetmarkets.fr\/app\/wp-json\/wp\/v2\/product_tag?post=700832"}],"curies":[{"name":"wp","href":"https:\/\/api.w.org\/{rel}","templated":true}]}}