{"id":700742,"date":"2024-10-15T10:25:55","date_gmt":"2024-10-15T08:25:55","guid":{"rendered":"https:\/\/streetmarkets.fr\/app\/produit\/sac-vert-vintage-en-shalla\/"},"modified":"2026-04-10T08:37:09","modified_gmt":"2026-04-10T06:37:09","slug":"sac-vert-vintage-en-shalla","status":"publish","type":"product","link":"https:\/\/streetmarkets.fr\/app\/produit\/sac-vert-vintage-en-shalla\/","title":{"rendered":"Sac vert vintage &#8211; En Shalla"},"content":{"rendered":"<p>A partir d&#8217;un cabas alimentaire recycl\u00e9, des designs en fil lurex et nylon sont r\u00e9alis\u00e9s \u00e0 la main.<\/p>\n<p>Ce cabas ajoutera de l&#8217;originalit\u00e9 et de la couleur \u00e0 vos looks.<\/p>\n<p>Cabas polyvalent se portant \u00e0 la main, \u00e0 l&#8217;\u00e9paule ou en bandouli\u00e8re avec sa grande anse.\u00a0<\/p>\n<p><\/p>\n","protected":false},"excerpt":{"rendered":"<p>A partir d&#8217;un cabas alimentaire recycl\u00e9, des designs en fil lurex et nylon sont r\u00e9alis\u00e9s \u00e0 la main. Ce cabas ajoutera de l&#8217;originalit\u00e9 et de la couleur \u00e0 vos looks. Cabas polyvalent se portant \u00e0 la main, \u00e0 l&#8217;\u00e9paule ou en bandouli\u00e8re avec sa grande anse.\u00a0<\/p>\n","protected":false},"featured_media":700743,"comment_status":"open","ping_status":"closed","template":"","meta":[],"product_brand":[],"product_cat":[1756,1764],"product_tag":[2244,2122],"acf":[],"_links":{"self":[{"href":"https:\/\/streetmarkets.fr\/app\/wp-json\/wp\/v2\/product\/700742"}],"collection":[{"href":"https:\/\/streetmarkets.fr\/app\/wp-json\/wp\/v2\/product"}],"about":[{"href":"https:\/\/streetmarkets.fr\/app\/wp-json\/wp\/v2\/types\/product"}],"replies":[{"embeddable":true,"href":"https:\/\/streetmarkets.fr\/app\/wp-json\/wp\/v2\/comments?post=700742"}],"wp:featuredmedia":[{"embeddable":true,"href":"https:\/\/streetmarkets.fr\/app\/wp-json\/wp\/v2\/media\/700743"}],"wp:attachment":[{"href":"https:\/\/streetmarkets.fr\/app\/wp-json\/wp\/v2\/media?parent=700742"}],"wp:term":[{"taxonomy":"product_brand","embeddable":true,"href":"https:\/\/streetmarkets.fr\/app\/wp-json\/wp\/v2\/product_brand?post=700742"},{"taxonomy":"product_cat","embeddable":true,"href":"https:\/\/streetmarkets.fr\/app\/wp-json\/wp\/v2\/product_cat?post=700742"},{"taxonomy":"product_tag","embeddable":true,"href":"https:\/\/streetmarkets.fr\/app\/wp-json\/wp\/v2\/product_tag?post=700742"}],"curies":[{"name":"wp","href":"https:\/\/api.w.org\/{rel}","templated":true}]}}