{"id":700723,"date":"2024-10-15T10:25:31","date_gmt":"2024-10-15T08:25:31","guid":{"rendered":"https:\/\/streetmarkets.fr\/app\/produit\/chausson-en-laine-bebe\/"},"modified":"2024-10-15T10:26:14","modified_gmt":"2024-10-15T08:26:14","slug":"chausson-en-laine-bebe","status":"publish","type":"product","link":"https:\/\/streetmarkets.fr\/app\/produit\/chausson-en-laine-bebe\/","title":{"rendered":"Chausson en laine b\u00e9b\u00e9"},"content":{"rendered":"<p>Chausson en laine b\u00e9b\u00e9 Yoko durable et \u00e9thique \u2713 Livraison rapide &amp; paiement en x3 ou x4.<\/p>\n<p style=\"margin:0px;font-size:13px;line-height:normal;font-family:'Helvetica Neue'\">Natural &#8211; 100% de laine sib\u00e9rienne<\/p>\n<p style=\"margin:0px;font-size:13px;line-height:normal;font-family:'Helvetica Neue'\">Disponible en tailles: 0\/6 mois et 6\/12 mois<\/p>\n<p style=\"margin:0px;font-size:13px;line-height:normal;font-family:'Helvetica Neue'\">\n<p style=\"margin:0px;font-size:13px;line-height:normal;font-family:'Helvetica Neue'\">\n<p style=\"margin:0px;font-size:13px;line-height:normal;font-family:'Helvetica Neue'\">Ces adorables petits chaussons, allient confort et style pour r\u00e9pondre \u00e0 tous les besoins de votre petite fashionista. Gardez ses petits pieds au chaud et \u00e0 la mode avec ces chaussons confortables et charmants.<\/p>\n","protected":false},"excerpt":{"rendered":"<p>Chausson en laine b\u00e9b\u00e9 Yoko durable et \u00e9thique \u2713 Livraison rapide &amp; paiement en x3 ou x4. Natural &#8211; 100% de laine sib\u00e9rienne Disponible en tailles: 0\/6 mois et 6\/12 mois Ces adorables petits chaussons, allient confort et style pour r\u00e9pondre \u00e0 tous les besoins de votre petite fashionista. Gardez ses petits pieds au chaud [&hellip;]<\/p>\n","protected":false},"featured_media":700724,"comment_status":"open","ping_status":"closed","template":"","meta":[],"product_brand":[],"product_cat":[1756,1764],"product_tag":[2244],"acf":[],"_links":{"self":[{"href":"https:\/\/streetmarkets.fr\/app\/wp-json\/wp\/v2\/product\/700723"}],"collection":[{"href":"https:\/\/streetmarkets.fr\/app\/wp-json\/wp\/v2\/product"}],"about":[{"href":"https:\/\/streetmarkets.fr\/app\/wp-json\/wp\/v2\/types\/product"}],"replies":[{"embeddable":true,"href":"https:\/\/streetmarkets.fr\/app\/wp-json\/wp\/v2\/comments?post=700723"}],"wp:featuredmedia":[{"embeddable":true,"href":"https:\/\/streetmarkets.fr\/app\/wp-json\/wp\/v2\/media\/700724"}],"wp:attachment":[{"href":"https:\/\/streetmarkets.fr\/app\/wp-json\/wp\/v2\/media?parent=700723"}],"wp:term":[{"taxonomy":"product_brand","embeddable":true,"href":"https:\/\/streetmarkets.fr\/app\/wp-json\/wp\/v2\/product_brand?post=700723"},{"taxonomy":"product_cat","embeddable":true,"href":"https:\/\/streetmarkets.fr\/app\/wp-json\/wp\/v2\/product_cat?post=700723"},{"taxonomy":"product_tag","embeddable":true,"href":"https:\/\/streetmarkets.fr\/app\/wp-json\/wp\/v2\/product_tag?post=700723"}],"curies":[{"name":"wp","href":"https:\/\/api.w.org\/{rel}","templated":true}]}}