{"id":700640,"date":"2024-10-15T10:25:28","date_gmt":"2024-10-15T08:25:28","guid":{"rendered":"https:\/\/streetmarkets.fr\/app\/produit\/porte-cartes-zip-aux-choix\/"},"modified":"2024-10-15T10:26:13","modified_gmt":"2024-10-15T08:26:13","slug":"porte-cartes-zip-aux-choix","status":"publish","type":"product","link":"https:\/\/streetmarkets.fr\/app\/produit\/porte-cartes-zip-aux-choix\/","title":{"rendered":"Porte cartes zip (aux choix)"},"content":{"rendered":"<p>Porte cartes zip (aux choix) Les Ateliers Four\u00e8s durable et \u00e9thique \u2713 Livraison rapide &amp; paiement en x3 ou x4.<\/p>\n<div class=\"product__title ttu\" style=\"font-size:18px;text-transform:uppercase;margin-top:0px\">Vous \u00eates une vraie nomade ? De celles qui n&#8217;ont besoin de n&#8217;emporter que leur carte bleue, un peu d&#8217;esp\u00e8ces et leur pi\u00e8ce d&#8217;identit\u00e9 ? Alors ce porte-cartes est fait pour vous !<\/div>\n<div style=\"font-size:18px;margin:1.5rem 0px\">\n<div class=\"product-infos tablet-desktop-only\" style=\"font-size:18px\">\n<div class=\"product-infos__content rel\" style=\"font-size:18px\">\n<div class=\"product-infos__paragraph active\" style=\"font-size:18px\">\n<p style=\"font-size:18px\">Ce porte-carte en cuir pens\u00e9 pour vous. Sobre et \u00e9l\u00e9gant, il peut accuellir jusqu&#8217;\u00e0 3 CB, votre pi\u00e8ce d&#8217;identit\u00e9 et poss\u00e8de une petite poche zipp\u00e9e \u00e0 l&#8217;arri\u00e8re pour y glisser quelques pi\u00e8ces.<br style=\"font-size:18px\" \/>Il se glisse dans votre petit sac \u00e0 main sans jamais l&#8217;encombrer !<\/p>\n<h2 style=\"font-family:'MuktaVaani B';font-size:18px;letter-spacing:0.6px\">Une organisation optimis\u00e9e :\u00a03 CB, 1 poche \u00e0 billets ou papiers d&#8217;identit\u00e9, une poche monnaie zipp\u00e9eMati\u00e8re :cuir pleine fleur aniline, cuir de vachette<\/h2>\n<p><span style=\"font-family:'MuktaVaani R', sans-serif;letter-spacing:0.6px;background-color:#ffffff\"><\/span><\/p>\n<h2 style=\"font-family:'MuktaVaani B';font-size:18px;letter-spacing:0.6px\">Papiers :\u00a0<span style=\"font-family:'MuktaVaani R', sans-serif;letter-spacing:0.6px\">pi\u00e8ce d&#8217;identit\u00e9 (avant 2021), permis rose (apr\u00e8s 1989)<\/span><\/h2>\n<h2 style=\"font-family:'MuktaVaani B';font-size:18px;letter-spacing:0.6px\">Dimensions :\u00a0<span style=\"font-family:'MuktaVaani R', sans-serif;letter-spacing:0.6px\">120 x 20 x 90 mm<\/span><\/h2>\n<h2 style=\"font-family:'MuktaVaani B';font-size:18px;letter-spacing:0.6px\">Finitions :\u00a0<span style=\"font-family:'MuktaVaani R', sans-serif;letter-spacing:0.6px\">m\u00e9talliques, argent\u00e9es<\/span><\/h2>\n<h2 style=\"font-family:'MuktaVaani B';font-size:18px;letter-spacing:0.6px\">Fermeture :\u00a0<span style=\"font-family:'MuktaVaani R', sans-serif;letter-spacing:0.6px\">zipp\u00e9e<\/span><\/h2>\n<h2 style=\"font-family:'MuktaVaani B';font-size:18px;letter-spacing:0.6px\">Doublure :\u00a0<span style=\"font-family:'MuktaVaani R', sans-serif;letter-spacing:0.6px\">100% serg\u00e9 de coton<\/span><\/h2>\n<h2 style=\"font-family:'MuktaVaani B';font-size:18px;letter-spacing:0.6px\">Fabrication:\u00a0<span style=\"font-family:'MuktaVaani R', sans-serif;letter-spacing:0.6px\">Made In France, dans notre atelier \u00e0 Graulhet<\/span><\/h2>\n<h3 style=\"font-family:'MuktaVaani R', sans-serif;font-size:18px;letter-spacing:0.6px;font-weight:400\"><\/h3>\n<h2 style=\"font-family:'MuktaVaani B';font-size:18px;letter-spacing:0.6px\"><\/h2>\n<p><span style=\"font-family:'MuktaVaani R', sans-serif;letter-spacing:0.6px;background-color:#ffffff\"><\/span><span style=\"font-family:'MuktaVaani R', sans-serif;letter-spacing:0.6px;background-color:#ffffff\">\u00a0<\/span><\/p>\n<h3 style=\"font-family:'MuktaVaani R', sans-serif;font-size:18px;letter-spacing:0.6px;font-weight:400\"><\/h3>\n<\/div>\n<\/div>\n<\/div>\n<\/div>\n","protected":false},"excerpt":{"rendered":"<p>Porte cartes zip (aux choix) Les Ateliers Four\u00e8s durable et \u00e9thique \u2713 Livraison rapide &amp; paiement en x3 ou x4. Vous \u00eates une vraie nomade ? De celles qui n&#8217;ont besoin de n&#8217;emporter que leur carte bleue, un peu d&#8217;esp\u00e8ces et leur pi\u00e8ce d&#8217;identit\u00e9 ? Alors ce porte-cartes est fait pour vous ! Ce porte-carte [&hellip;]<\/p>\n","protected":false},"featured_media":700641,"comment_status":"open","ping_status":"closed","template":"","meta":[],"product_brand":[],"product_cat":[1756,1764],"product_tag":[2244],"acf":[],"_links":{"self":[{"href":"https:\/\/streetmarkets.fr\/app\/wp-json\/wp\/v2\/product\/700640"}],"collection":[{"href":"https:\/\/streetmarkets.fr\/app\/wp-json\/wp\/v2\/product"}],"about":[{"href":"https:\/\/streetmarkets.fr\/app\/wp-json\/wp\/v2\/types\/product"}],"replies":[{"embeddable":true,"href":"https:\/\/streetmarkets.fr\/app\/wp-json\/wp\/v2\/comments?post=700640"}],"wp:featuredmedia":[{"embeddable":true,"href":"https:\/\/streetmarkets.fr\/app\/wp-json\/wp\/v2\/media\/700641"}],"wp:attachment":[{"href":"https:\/\/streetmarkets.fr\/app\/wp-json\/wp\/v2\/media?parent=700640"}],"wp:term":[{"taxonomy":"product_brand","embeddable":true,"href":"https:\/\/streetmarkets.fr\/app\/wp-json\/wp\/v2\/product_brand?post=700640"},{"taxonomy":"product_cat","embeddable":true,"href":"https:\/\/streetmarkets.fr\/app\/wp-json\/wp\/v2\/product_cat?post=700640"},{"taxonomy":"product_tag","embeddable":true,"href":"https:\/\/streetmarkets.fr\/app\/wp-json\/wp\/v2\/product_tag?post=700640"}],"curies":[{"name":"wp","href":"https:\/\/api.w.org\/{rel}","templated":true}]}}