{"id":700593,"date":"2024-10-15T10:25:27","date_gmt":"2024-10-15T08:25:27","guid":{"rendered":"https:\/\/streetmarkets.fr\/app\/produit\/sac-24-heures-celestins-camouflage-au-choix\/"},"modified":"2024-10-15T10:26:13","modified_gmt":"2024-10-15T08:26:13","slug":"sac-24-heures-celestins-camouflage-au-choix","status":"publish","type":"product","link":"https:\/\/streetmarkets.fr\/app\/produit\/sac-24-heures-celestins-camouflage-au-choix\/","title":{"rendered":"Sac 24 heures Celestins Camouflage (au choix)"},"content":{"rendered":"<p>Sac 24 heures Celestins Camouflage (au choix) Rive Droite durable et \u00e9thique \u2713 Livraison rapide &amp; paiement en x3 ou x4.<\/p>\n<p style=\"margin:0px 0px 25px;font-family:SimplonNorm, sans-serif;font-size:15px\">L&#8217;imprim\u00e9 camouflage arrive chez Rivedroite avec la nouvelle collection &#8220;Camo&#8221;. A l&#8217;origine inspir\u00e9 par les tenues de l&#8217;arm\u00e9e, l&#8217;imprim\u00e9 camouflage habille cette saison les sacs iconiques de la marque avec 2 d\u00e9clinaisons de couleurs : l&#8217;imprim\u00e9 D\u00e9sert aux tonalit\u00e9s majeures de beige sable teint\u00e9es de kaki clair et de marron et l&#8217;imprim\u00e9 Jungle aux teintes plus fonc\u00e9es, o\u00f9 le marron, le noir et le kaki se m\u00e9langent avec des touches de beige sable.<\/p>\n<p style=\"margin:0px 0px 25px;font-family:SimplonNorm, sans-serif;font-size:15px\">C\u00e9lestins D\u00e9sert c&#8217;est le sac 24h id\u00e9al pour les vadrouilles du quotidien ou pour un court week-end. Au quotidien, vous y glissez facilement une tenue de sport, vos affaires de boulot (ordinateur, cahier etc), et toutes vos affaires personnelles comme un porte monnaie ou une trousse make-up.<\/p>\n<p style=\"margin:0px;font-family:SimplonNorm, sans-serif;font-size:15px\">Les doublures int\u00e9rieures de la collection &#8220;Camo&#8221; sont unies de couleur beige, issues de fins de stocks de tissus de l&#8217;industrie textile \u00e0 qui nous donnons une seconde vie.<\/p>\n<p style=\"margin:0px;font-family:SimplonNorm, sans-serif;font-size:15px\">\n<ul style=\"margin:0px 0px 0px 30px;padding:0px;font-family:SimplonNorm, sans-serif;font-size:15px\">\n<li style=\"margin-bottom:0.25em\"><span>Composition<\/span>\u00a0:\u00a0<span>60% coton recycl\u00e9 &#8211; 40% coton vierge.<\/span><\/li>\n<li style=\"margin-bottom:0.25em\"><span>Emballage :\u00a0<\/span>Ce produit est emball\u00e9 avec soin dans un pochon en coton r\u00e9utilisable avec un lien coulissant.<\/li>\n<li style=\"margin-bottom:0.25em\"><span>Doublure<\/span>\u00a0:\u00a0<span>100% polycoton upcycl\u00e9 issu de fins de stocks de tissus de l&#8217;industrie textile.<\/span><\/li>\n<li style=\"margin-bottom:0.25em\"><span>Dimensions<\/span>\u00a0:\u00a0<span>L42xH33xP20<\/span><span>.<\/span><\/li>\n<li style=\"margin-bottom:0.25em\"><span>Conseils d&#8217;entretien<\/span>\u00a0: Nettoyage \u00e0 sec uniquement.<\/li>\n<\/ul>\n","protected":false},"excerpt":{"rendered":"<p>Sac 24 heures Celestins Camouflage (au choix) Rive Droite durable et \u00e9thique \u2713 Livraison rapide &amp; paiement en x3 ou x4. L&#8217;imprim\u00e9 camouflage arrive chez Rivedroite avec la nouvelle collection &#8220;Camo&#8221;. A l&#8217;origine inspir\u00e9 par les tenues de l&#8217;arm\u00e9e, l&#8217;imprim\u00e9 camouflage habille cette saison les sacs iconiques de la marque avec 2 d\u00e9clinaisons de couleurs [&hellip;]<\/p>\n","protected":false},"featured_media":700594,"comment_status":"open","ping_status":"closed","template":"","meta":[],"product_brand":[],"product_cat":[1756,1764],"product_tag":[2244],"acf":[],"_links":{"self":[{"href":"https:\/\/streetmarkets.fr\/app\/wp-json\/wp\/v2\/product\/700593"}],"collection":[{"href":"https:\/\/streetmarkets.fr\/app\/wp-json\/wp\/v2\/product"}],"about":[{"href":"https:\/\/streetmarkets.fr\/app\/wp-json\/wp\/v2\/types\/product"}],"replies":[{"embeddable":true,"href":"https:\/\/streetmarkets.fr\/app\/wp-json\/wp\/v2\/comments?post=700593"}],"wp:featuredmedia":[{"embeddable":true,"href":"https:\/\/streetmarkets.fr\/app\/wp-json\/wp\/v2\/media\/700594"}],"wp:attachment":[{"href":"https:\/\/streetmarkets.fr\/app\/wp-json\/wp\/v2\/media?parent=700593"}],"wp:term":[{"taxonomy":"product_brand","embeddable":true,"href":"https:\/\/streetmarkets.fr\/app\/wp-json\/wp\/v2\/product_brand?post=700593"},{"taxonomy":"product_cat","embeddable":true,"href":"https:\/\/streetmarkets.fr\/app\/wp-json\/wp\/v2\/product_cat?post=700593"},{"taxonomy":"product_tag","embeddable":true,"href":"https:\/\/streetmarkets.fr\/app\/wp-json\/wp\/v2\/product_tag?post=700593"}],"curies":[{"name":"wp","href":"https:\/\/api.w.org\/{rel}","templated":true}]}}