{"id":700580,"date":"2024-10-15T10:25:26","date_gmt":"2024-10-15T08:25:26","guid":{"rendered":"https:\/\/streetmarkets.fr\/app\/produit\/sac-banane-custine-camouflage-au-choix\/"},"modified":"2024-10-15T10:26:12","modified_gmt":"2024-10-15T08:26:12","slug":"sac-banane-custine-camouflage-au-choix","status":"publish","type":"product","link":"https:\/\/streetmarkets.fr\/app\/produit\/sac-banane-custine-camouflage-au-choix\/","title":{"rendered":"Sac banane Custine Camouflage (au choix)"},"content":{"rendered":"<p>Sac banane Custine Camouflage (au choix) Rive Droite durable et \u00e9thique \u2713 Livraison rapide &amp; paiement en x3 ou x4.<\/p>\n<p style=\"margin:0px 0px 25px;font-family:SimplonNorm, sans-serif;font-size:15px\">L&#8217;imprim\u00e9 camouflage arrive chez Rivedroite avec la collection &#8220;Camo&#8221;. A l&#8217;origine inspir\u00e9 par les tenues de l&#8217;arm\u00e9e, l&#8217;imprim\u00e9 camouflage habille cette saison les sacs iconiques de la marque avec 2 d\u00e9clinaisons de couleurs : l&#8217;imprim\u00e9 D\u00e9sert aux tonalit\u00e9s majeures de beige sable teint\u00e9es de kaki clair et de marron et l&#8217;imprim\u00e9 Jungle aux teintes plus fonc\u00e9es, o\u00f9 le marron, le noir et le kaki se m\u00e9langent avec des touches de beige sable.<\/p>\n<p style=\"margin:0px 0px 25px;font-family:SimplonNorm, sans-serif;font-size:15px\"><span>Custine version Jungle va donner du style \u00e0 vos tenues printani\u00e8res. Sa forme arrondie est ultra pratique pour transporter vos essentiels avec vous et surtout toujours les avoir \u00e0 porter de main. Vous y glisserez tr\u00e8s facilement un portefeuille, un t\u00e9l\u00e9phone, des cl\u00e9s et m\u00eame un livre de poche !\u00a0<\/span><br \/><span><\/span><\/p>\n<p style=\"margin:0px;font-family:SimplonNorm, sans-serif;font-size:15px\"><span>Les doublures int\u00e9rieures de la collection &#8220;Camo&#8221; sont unies de couleur beige, issues de fins de stocks de tissus de l&#8217;industrie textile \u00e0 qui nous donnons une seconde vie.\u00a0<\/span><\/p>\n","protected":false},"excerpt":{"rendered":"<p>Sac banane Custine Camouflage (au choix) Rive Droite durable et \u00e9thique \u2713 Livraison rapide &amp; paiement en x3 ou x4. L&#8217;imprim\u00e9 camouflage arrive chez Rivedroite avec la collection &#8220;Camo&#8221;. A l&#8217;origine inspir\u00e9 par les tenues de l&#8217;arm\u00e9e, l&#8217;imprim\u00e9 camouflage habille cette saison les sacs iconiques de la marque avec 2 d\u00e9clinaisons de couleurs : l&#8217;imprim\u00e9 [&hellip;]<\/p>\n","protected":false},"featured_media":700581,"comment_status":"open","ping_status":"closed","template":"","meta":[],"product_brand":[],"product_cat":[1756,1764],"product_tag":[2244],"acf":[],"_links":{"self":[{"href":"https:\/\/streetmarkets.fr\/app\/wp-json\/wp\/v2\/product\/700580"}],"collection":[{"href":"https:\/\/streetmarkets.fr\/app\/wp-json\/wp\/v2\/product"}],"about":[{"href":"https:\/\/streetmarkets.fr\/app\/wp-json\/wp\/v2\/types\/product"}],"replies":[{"embeddable":true,"href":"https:\/\/streetmarkets.fr\/app\/wp-json\/wp\/v2\/comments?post=700580"}],"wp:featuredmedia":[{"embeddable":true,"href":"https:\/\/streetmarkets.fr\/app\/wp-json\/wp\/v2\/media\/700581"}],"wp:attachment":[{"href":"https:\/\/streetmarkets.fr\/app\/wp-json\/wp\/v2\/media?parent=700580"}],"wp:term":[{"taxonomy":"product_brand","embeddable":true,"href":"https:\/\/streetmarkets.fr\/app\/wp-json\/wp\/v2\/product_brand?post=700580"},{"taxonomy":"product_cat","embeddable":true,"href":"https:\/\/streetmarkets.fr\/app\/wp-json\/wp\/v2\/product_cat?post=700580"},{"taxonomy":"product_tag","embeddable":true,"href":"https:\/\/streetmarkets.fr\/app\/wp-json\/wp\/v2\/product_tag?post=700580"}],"curies":[{"name":"wp","href":"https:\/\/api.w.org\/{rel}","templated":true}]}}