{"id":700450,"date":"2024-10-15T10:25:22","date_gmt":"2024-10-15T08:25:22","guid":{"rendered":"https:\/\/streetmarkets.fr\/app\/produit\/ensemble-lingerie-green-stripes-lingerie-la-nouvelle\/"},"modified":"2026-05-01T08:37:01","modified_gmt":"2026-05-01T06:37:01","slug":"ensemble-lingerie-green-stripes-lingerie-la-nouvelle","status":"publish","type":"product","link":"https:\/\/streetmarkets.fr\/app\/produit\/ensemble-lingerie-green-stripes-lingerie-la-nouvelle\/","title":{"rendered":"Ensemble lingerie Green Stripes &#8211; Lingerie La Nouvelle"},"content":{"rendered":"<p><span style=\"font-family: -apple-system, BlinkMacSystemFont, 'San Francisco', 'Segoe UI', Roboto, 'Helvetica Neue', sans-serif\" data-mce-fragment=\"1\"><strong>Ensemble de lingerie<\/strong> compos\u00e9 de :\u00a0<\/span><\/p>\n<p><span style=\"font-family: -apple-system, BlinkMacSystemFont, 'San Francisco', 'Segoe UI', Roboto, 'Helvetica Neue', sans-serif\" data-mce-fragment=\"1\">&#8211; <strong>Un soutien-gorge Otis<\/strong> con\u00e7u <strong>sans armatures<\/strong> avec un anneau au milieu.\u00a0<\/span><\/p>\n<p><span style=\"font-family: -apple-system, BlinkMacSystemFont, 'San Francisco', 'Segoe UI', Roboto, 'Helvetica Neue', sans-serif\" data-mce-fragment=\"1\"><span>il s&#8217;attache \u00e0 l&#8217;arri\u00e8re pour un ajustement parfait. Sa coupe unique met en valeur le<\/span><strong> d\u00e9collet\u00e9 plongeant<\/strong><span>, ce qui permet de le porter m\u00eame avec des hauts \u00e9chancr\u00e9s. <\/span><\/span><span style=\"font-family: -apple-system, BlinkMacSystemFont, 'San Francisco', 'Segoe UI', Roboto, 'Helvetica Neue', sans-serif\" data-mce-fragment=\"1\"><span>Bretelles <strong>r\u00e9glables<\/strong> et c\u00f4t\u00e9s renforc\u00e9s.\u00a0<\/span><\/span><\/p>\n<p><span style=\"font-family: -apple-system, BlinkMacSystemFont, 'San Francisco', 'Segoe UI', Roboto, 'Helvetica Neue', sans-serif\" data-mce-fragment=\"1\">&#8211; C<strong>ulotte Rosa<\/strong>\u00a0compos\u00e9e de bords fins et d&#8217;une coupe ajust\u00e9e, elle est dot\u00e9e de deux anneaux dor\u00e9s sur les c\u00f4t\u00e9s.<\/span><\/p>\n<p><span style=\"font-family: -apple-system, BlinkMacSystemFont, 'San Francisco', 'Segoe UI', Roboto, 'Helvetica Neue', sans-serif\" data-mce-fragment=\"1\"><span data-mce-fragment=\"1\"><strong>Guide taille indicatif<\/strong> : B<\/span><span data-mce-fragment=\"1\">onnets A : prendre la taille 1 \/ <\/span><span data-mce-fragment=\"1\">Bonnets B : prendre la taille 2\/ <\/span><span data-mce-fragment=\"1\">Bonnets C : prendre la taille 3<\/span><\/span><\/p>\n<p><\/p>\n","protected":false},"excerpt":{"rendered":"<p>Ensemble de lingerie compos\u00e9 de :\u00a0 &#8211; Un soutien-gorge Otis con\u00e7u sans armatures avec un anneau au milieu.\u00a0 il s&#8217;attache \u00e0 l&#8217;arri\u00e8re pour un ajustement parfait. Sa coupe unique met en valeur le d\u00e9collet\u00e9 plongeant, ce qui permet de le porter m\u00eame avec des hauts \u00e9chancr\u00e9s. Bretelles r\u00e9glables et c\u00f4t\u00e9s renforc\u00e9s.\u00a0 &#8211; Culotte Rosa\u00a0compos\u00e9e de [&hellip;]<\/p>\n","protected":false},"featured_media":700451,"comment_status":"open","ping_status":"closed","template":"","meta":[],"product_brand":[],"product_cat":[1756,1758],"product_tag":[2244],"acf":[],"_links":{"self":[{"href":"https:\/\/streetmarkets.fr\/app\/wp-json\/wp\/v2\/product\/700450"}],"collection":[{"href":"https:\/\/streetmarkets.fr\/app\/wp-json\/wp\/v2\/product"}],"about":[{"href":"https:\/\/streetmarkets.fr\/app\/wp-json\/wp\/v2\/types\/product"}],"replies":[{"embeddable":true,"href":"https:\/\/streetmarkets.fr\/app\/wp-json\/wp\/v2\/comments?post=700450"}],"wp:featuredmedia":[{"embeddable":true,"href":"https:\/\/streetmarkets.fr\/app\/wp-json\/wp\/v2\/media\/700451"}],"wp:attachment":[{"href":"https:\/\/streetmarkets.fr\/app\/wp-json\/wp\/v2\/media?parent=700450"}],"wp:term":[{"taxonomy":"product_brand","embeddable":true,"href":"https:\/\/streetmarkets.fr\/app\/wp-json\/wp\/v2\/product_brand?post=700450"},{"taxonomy":"product_cat","embeddable":true,"href":"https:\/\/streetmarkets.fr\/app\/wp-json\/wp\/v2\/product_cat?post=700450"},{"taxonomy":"product_tag","embeddable":true,"href":"https:\/\/streetmarkets.fr\/app\/wp-json\/wp\/v2\/product_tag?post=700450"}],"curies":[{"name":"wp","href":"https:\/\/api.w.org\/{rel}","templated":true}]}}