{"id":700381,"date":"2024-10-15T10:25:20","date_gmt":"2024-10-15T08:25:20","guid":{"rendered":"https:\/\/streetmarkets.fr\/app\/produit\/sac-banane-custine-au-choix\/"},"modified":"2024-10-15T10:26:11","modified_gmt":"2024-10-15T08:26:11","slug":"sac-banane-custine-au-choix","status":"publish","type":"product","link":"https:\/\/streetmarkets.fr\/app\/produit\/sac-banane-custine-au-choix\/","title":{"rendered":"Sac banane Custine (au choix)"},"content":{"rendered":"<p>Sac banane Custine (au choix) Rive Droite durable et \u00e9thique \u2713 Livraison rapide &amp; paiement en x3 ou x4.<\/p>\n<div class=\"product__collapsibles\" style=\"padding-top:35px;padding-bottom:45px;font-family:SimplonNorm, sans-serif;font-size:15px\">\n<div class=\"collapsibles-wrapper collapsibles-wrapper--border-bottom is-tabs\" style=\"border-bottom-width:0px\">\n<div class=\"collapsibles-wrapper__content\">\n<div id=\"Product-content-description-7884212601072-7884212601072\" class=\"collapsible-content collapsible-content--all is-open\" style=\"height:0px\">\n<div class=\"collapsible-content__inner rte\" style=\"margin-bottom:0px;border-bottom-width:0px;padding-top:15px\">\n<p style=\"margin:0px\">Avec sa forme arrondie, son grand compartiment principal, Custine le sac banane<span>\u00a0<\/span>va vite remplacer votre sac \u00e0 main. Cl\u00e9s, portefeuille, t\u00e9l\u00e9phone, make-up, vous pouvez y ranger vos essentiels tout en gardant les mains libres.\u00a0<br \/>Sa anse s&#8217;ajuste facilement pour pouvoir le porter en bandouli\u00e8re ou \u00e0 la taille selon vos envies.<\/p>\n<p style=\"margin:0px\">\n<ul style=\"margin:0px 0px 0px 30px;padding:0px\">\n<li style=\"margin-bottom:0.25em\"><span>Composition<\/span>\u00a0:\u00a0<span>Coton recycl\u00e9 &#8211; 84% Coton &amp; 16% Polyester<\/span><\/li>\n<li style=\"margin-bottom:0.25em\"><span>Emballage :\u00a0<\/span>Ce produit est emball\u00e9 avec soin dans un pochon en coton r\u00e9utilisable avec un lien coulissant<\/li>\n<li style=\"margin-bottom:0.25em\"><span>Doublure<\/span>\u00a0: 100% polycoton upcycl\u00e9<\/li>\n<li style=\"margin-bottom:0.25em\"><span>Dimensions<\/span>\u00a0:\u00a0<span>L25 x H17cm x P6cm. Tour de taille maximum 112cm. Tour de taille minimum 62cm.<\/span><\/li>\n<li style=\"margin-bottom:0.25em\"><span>Conseils d&#8217;entretien<\/span>\u00a0: Lavage seul en machine \u00e0 froid, programme fragile. Repasser sur l&#8217;envers.\u00a0\u00a0<span>Les couleurs rouge et bleue peuvent potentiellement d\u00e9teindre sur des v\u00eatements de couleurs claires suite \u00e0 une friction ou un contact avec de l\u2019eau.<\/span><\/li>\n<\/ul>\n<\/div>\n<\/div>\n<div id=\"Product-content-infos-pratiques-7884212601072-7884212601072\" class=\"collapsible-content collapsible-content--all\" style=\"height:0px\">\n<div class=\"collapsible-content__inner rte\" style=\"margin-bottom:0px;border-bottom-width:0px;padding-top:15px\">\n<ul style=\"margin:0px 0px 0px 30px;padding:0px\">\n<li style=\"margin-bottom:0.25em\"><span><\/span><span><\/span><\/li>\n<li style=\"margin-bottom:0.25em\"><span><span><\/span><\/span><\/li>\n<li style=\"margin-bottom:0.25em\"><span><\/span><\/li>\n<li style=\"margin-bottom:0.25em\"><span><\/span><span><\/span><\/li>\n<li style=\"margin-bottom:0.25em\"><span><\/span><span><\/span><\/li>\n<\/ul>\n<\/div>\n<\/div>\n<div id=\"Product-content-notre-mission-7884212601072-7884212601072\" class=\"collapsible-content collapsible-content--all\" style=\"height:0px\">\n<div class=\"collapsible-content__inner rte\" style=\"margin-bottom:0px;border-bottom-width:0px;padding-top:15px\">\n<p style=\"margin:0px\"><span><\/span><\/p>\n<p><span><\/span><\/p>\n<\/div>\n<\/div>\n<\/div>\n<\/div>\n<\/div>\n<p><a class=\"product__broderie text-link\" href=\"https:\/\/www.rivedroite-paris.com\/products\/custine-le-sac-banane-coton-recycle-bleu-nuit\" style=\"text-decoration:none;background-image:none;border:0px none;padding:0px;margin:0px;font-family:SimplonNorm, sans-serif\"><\/a><\/p>\n","protected":false},"excerpt":{"rendered":"<p>Sac banane Custine (au choix) Rive Droite durable et \u00e9thique \u2713 Livraison rapide &amp; paiement en x3 ou x4. Avec sa forme arrondie, son grand compartiment principal, Custine le sac banane\u00a0va vite remplacer votre sac \u00e0 main. Cl\u00e9s, portefeuille, t\u00e9l\u00e9phone, make-up, vous pouvez y ranger vos essentiels tout en gardant les mains libres.\u00a0Sa anse s&#8217;ajuste [&hellip;]<\/p>\n","protected":false},"featured_media":700382,"comment_status":"open","ping_status":"closed","template":"","meta":[],"product_brand":[],"product_cat":[1756,1764],"product_tag":[2244],"acf":[],"_links":{"self":[{"href":"https:\/\/streetmarkets.fr\/app\/wp-json\/wp\/v2\/product\/700381"}],"collection":[{"href":"https:\/\/streetmarkets.fr\/app\/wp-json\/wp\/v2\/product"}],"about":[{"href":"https:\/\/streetmarkets.fr\/app\/wp-json\/wp\/v2\/types\/product"}],"replies":[{"embeddable":true,"href":"https:\/\/streetmarkets.fr\/app\/wp-json\/wp\/v2\/comments?post=700381"}],"wp:featuredmedia":[{"embeddable":true,"href":"https:\/\/streetmarkets.fr\/app\/wp-json\/wp\/v2\/media\/700382"}],"wp:attachment":[{"href":"https:\/\/streetmarkets.fr\/app\/wp-json\/wp\/v2\/media?parent=700381"}],"wp:term":[{"taxonomy":"product_brand","embeddable":true,"href":"https:\/\/streetmarkets.fr\/app\/wp-json\/wp\/v2\/product_brand?post=700381"},{"taxonomy":"product_cat","embeddable":true,"href":"https:\/\/streetmarkets.fr\/app\/wp-json\/wp\/v2\/product_cat?post=700381"},{"taxonomy":"product_tag","embeddable":true,"href":"https:\/\/streetmarkets.fr\/app\/wp-json\/wp\/v2\/product_tag?post=700381"}],"curies":[{"name":"wp","href":"https:\/\/api.w.org\/{rel}","templated":true}]}}