{"id":700210,"date":"2024-10-15T10:25:14","date_gmt":"2024-10-15T08:25:14","guid":{"rendered":"https:\/\/streetmarkets.fr\/app\/produit\/sac-banane-sofia-plusieurs-coloris\/"},"modified":"2024-10-15T10:26:10","modified_gmt":"2024-10-15T08:26:10","slug":"sac-banane-sofia-plusieurs-coloris","status":"publish","type":"product","link":"https:\/\/streetmarkets.fr\/app\/produit\/sac-banane-sofia-plusieurs-coloris\/","title":{"rendered":"Sac banane Sofia (plusieurs coloris)"},"content":{"rendered":"<p>Sac banane Sofia (plusieurs coloris) Hindbag durable et \u00e9thique \u2713 Livraison rapide &amp; paiement en x3 ou x4.<\/p>\n<p>Sofia, c\u2019est la banane XL qui remplace votre sac \u00e0 main encombrant. Avec ses 2 poches ext\u00e9rieures \u00e0 fermetures \u00e9clairs vous pourrez acc\u00e9der facilement \u00e0 votre t\u00e9l\u00e9phone, carte bancaire, passeport ou encore cl\u00e9s. Gr\u00e2ce \u00e0 sa anse r\u00e9glable, vous pouvez la porter aussi bien sur un manteau \u00e9pais en hiver que sur un t-shirt l\u00e9ger l\u2019\u00e9t\u00e9. De plus, elle existe en plusieurs coloris .<\/p>\n","protected":false},"excerpt":{"rendered":"<p>Sac banane Sofia (plusieurs coloris) Hindbag durable et \u00e9thique \u2713 Livraison rapide &amp; paiement en x3 ou x4. Sofia, c\u2019est la banane XL qui remplace votre sac \u00e0 main encombrant. Avec ses 2 poches ext\u00e9rieures \u00e0 fermetures \u00e9clairs vous pourrez acc\u00e9der facilement \u00e0 votre t\u00e9l\u00e9phone, carte bancaire, passeport ou encore cl\u00e9s. Gr\u00e2ce \u00e0 sa anse [&hellip;]<\/p>\n","protected":false},"featured_media":700211,"comment_status":"open","ping_status":"closed","template":"","meta":[],"product_brand":[],"product_cat":[1756,1764],"product_tag":[2244],"acf":[],"_links":{"self":[{"href":"https:\/\/streetmarkets.fr\/app\/wp-json\/wp\/v2\/product\/700210"}],"collection":[{"href":"https:\/\/streetmarkets.fr\/app\/wp-json\/wp\/v2\/product"}],"about":[{"href":"https:\/\/streetmarkets.fr\/app\/wp-json\/wp\/v2\/types\/product"}],"replies":[{"embeddable":true,"href":"https:\/\/streetmarkets.fr\/app\/wp-json\/wp\/v2\/comments?post=700210"}],"wp:featuredmedia":[{"embeddable":true,"href":"https:\/\/streetmarkets.fr\/app\/wp-json\/wp\/v2\/media\/700211"}],"wp:attachment":[{"href":"https:\/\/streetmarkets.fr\/app\/wp-json\/wp\/v2\/media?parent=700210"}],"wp:term":[{"taxonomy":"product_brand","embeddable":true,"href":"https:\/\/streetmarkets.fr\/app\/wp-json\/wp\/v2\/product_brand?post=700210"},{"taxonomy":"product_cat","embeddable":true,"href":"https:\/\/streetmarkets.fr\/app\/wp-json\/wp\/v2\/product_cat?post=700210"},{"taxonomy":"product_tag","embeddable":true,"href":"https:\/\/streetmarkets.fr\/app\/wp-json\/wp\/v2\/product_tag?post=700210"}],"curies":[{"name":"wp","href":"https:\/\/api.w.org\/{rel}","templated":true}]}}