{"id":700132,"date":"2024-10-15T10:24:31","date_gmt":"2024-10-15T08:24:31","guid":{"rendered":"https:\/\/streetmarkets.fr\/app\/produit\/mini-pince-a-cheveux-coeur-rouge\/"},"modified":"2024-10-15T10:25:12","modified_gmt":"2024-10-15T08:25:12","slug":"mini-pince-a-cheveux-coeur-rouge","status":"publish","type":"product","link":"https:\/\/streetmarkets.fr\/app\/produit\/mini-pince-a-cheveux-coeur-rouge\/","title":{"rendered":"Mini Pince \u00e0 cheveux coeur Rouge"},"content":{"rendered":"<p>D\u00e9couvrez la superbe mini pince \u00e0 cheveux en forme de coeur de la marque fran\u00e7aise Coucou Suzette chez Mamamushi.<br \/>\nClick and collect disponible, livraison &amp; paiement s\u00e9curis\u00e9.<\/p>\n<p><span id=\"docs-internal-guid-9a96269e-7fff-a72a-d0a9-45016a2705d3\">Une mini pince \u00e0 cheveux en forme de c\u0153ur rouge, aussi jolie que <a href=\"https:\/\/coucousuzette.com\/fr\/barrettes\/329-pince-a-cheveux-coeur\" target=\"_blank\" rel=\"noreferrer noopener\"><span style=\"text-decoration:underline\">sa grande s\u0153ur<\/span><\/a> avec son sublime effet nacr\u00e9.<br \/>Le petit accessoire id\u00e9al qui convient aussi aux cheveux courts, pour ajouter une touche mignonne et color\u00e9e \u00e0 ses coiffures les plus basiques, mais aussi un adorable cadeau en guise de d\u00e9licate d\u00e9claration d\u2019amour \u00e0 sa bff ou sa moiti\u00e9 !<\/span><\/p>\n<p><span>Marque : Coucou Suzette<\/span><\/p>\n","protected":false},"excerpt":{"rendered":"<p>D\u00e9couvrez la superbe mini pince \u00e0 cheveux en forme de coeur de la marque fran\u00e7aise Coucou Suzette chez Mamamushi. Click and collect disponible, livraison &amp; paiement s\u00e9curis\u00e9. Une mini pince \u00e0 cheveux en forme de c\u0153ur rouge, aussi jolie que sa grande s\u0153ur avec son sublime effet nacr\u00e9.Le petit accessoire id\u00e9al qui convient aussi aux [&hellip;]<\/p>\n","protected":false},"featured_media":700133,"comment_status":"open","ping_status":"closed","template":"","meta":[],"product_brand":[],"product_cat":[1756,1764],"product_tag":[2244],"acf":[],"_links":{"self":[{"href":"https:\/\/streetmarkets.fr\/app\/wp-json\/wp\/v2\/product\/700132"}],"collection":[{"href":"https:\/\/streetmarkets.fr\/app\/wp-json\/wp\/v2\/product"}],"about":[{"href":"https:\/\/streetmarkets.fr\/app\/wp-json\/wp\/v2\/types\/product"}],"replies":[{"embeddable":true,"href":"https:\/\/streetmarkets.fr\/app\/wp-json\/wp\/v2\/comments?post=700132"}],"wp:featuredmedia":[{"embeddable":true,"href":"https:\/\/streetmarkets.fr\/app\/wp-json\/wp\/v2\/media\/700133"}],"wp:attachment":[{"href":"https:\/\/streetmarkets.fr\/app\/wp-json\/wp\/v2\/media?parent=700132"}],"wp:term":[{"taxonomy":"product_brand","embeddable":true,"href":"https:\/\/streetmarkets.fr\/app\/wp-json\/wp\/v2\/product_brand?post=700132"},{"taxonomy":"product_cat","embeddable":true,"href":"https:\/\/streetmarkets.fr\/app\/wp-json\/wp\/v2\/product_cat?post=700132"},{"taxonomy":"product_tag","embeddable":true,"href":"https:\/\/streetmarkets.fr\/app\/wp-json\/wp\/v2\/product_tag?post=700132"}],"curies":[{"name":"wp","href":"https:\/\/api.w.org\/{rel}","templated":true}]}}