{"id":699490,"date":"2024-10-15T10:22:58","date_gmt":"2024-10-15T08:22:58","guid":{"rendered":"https:\/\/streetmarkets.fr\/app\/produit\/bracelet-ruthenium-gold-lurex-n827-marie-laure-chamorel\/"},"modified":"2026-05-05T08:36:50","modified_gmt":"2026-05-05T06:36:50","slug":"bracelet-ruthenium-gold-lurex-n827-marie-laure-chamorel","status":"publish","type":"product","link":"https:\/\/streetmarkets.fr\/app\/produit\/bracelet-ruthenium-gold-lurex-n827-marie-laure-chamorel\/","title":{"rendered":"Bracelet Ruthenium, gold &amp; lurex n\u00b0827 &#8211; Marie Laure Chamorel"},"content":{"rendered":"<p><strong>Nouveaut\u00e9 !<\/strong><\/p>\n<p><span>Bracelet tress\u00e9 en argent 925, compos\u00e9 d&#8217;une chaine fine en ruth\u00e9nium et d&#8217;un fil de lurex dor\u00e9. Il est agr\u00e9ment\u00e9 d&#8217;un pendentif orn\u00e9 d&#8217;un diamant Polki en serti clos et de trois mini grelots.<\/span><\/p>\n<p><span>La taille et la couleur irr\u00e9guli\u00e8res du diamant Polki ainsi que les mini inclusions qui le composent apportent charme et singularit\u00e9 au bracelet.\u00a0<\/span><\/p>\n<p><span>Un bijou facile \u00e0 porter, seul ou assorti aux colliers ou sautoirs de notre collection.<\/span><\/p>\n<p>Retrouvez sur notre eshop une s\u00e9lection des plus belles cr\u00e9ations bijoux de la nouvelle collection de <a href=\"https:\/\/www.joee.fr\/concept-store-chamorel-paris\" target=\"_blank\" rel=\"noopener\">Marie Laure Charmorel.<\/a><\/p>\n<p>\u00a0<\/p>\n","protected":false},"excerpt":{"rendered":"<p>Nouveaut\u00e9 ! Bracelet tress\u00e9 en argent 925, compos\u00e9 d&#8217;une chaine fine en ruth\u00e9nium et d&#8217;un fil de lurex dor\u00e9. Il est agr\u00e9ment\u00e9 d&#8217;un pendentif orn\u00e9 d&#8217;un diamant Polki en serti clos et de trois mini grelots. La taille et la couleur irr\u00e9guli\u00e8res du diamant Polki ainsi que les mini inclusions qui le composent apportent charme [&hellip;]<\/p>\n","protected":false},"featured_media":699491,"comment_status":"open","ping_status":"closed","template":"","meta":[],"product_brand":[],"product_cat":[1807,1756],"product_tag":[2244],"acf":[],"_links":{"self":[{"href":"https:\/\/streetmarkets.fr\/app\/wp-json\/wp\/v2\/product\/699490"}],"collection":[{"href":"https:\/\/streetmarkets.fr\/app\/wp-json\/wp\/v2\/product"}],"about":[{"href":"https:\/\/streetmarkets.fr\/app\/wp-json\/wp\/v2\/types\/product"}],"replies":[{"embeddable":true,"href":"https:\/\/streetmarkets.fr\/app\/wp-json\/wp\/v2\/comments?post=699490"}],"wp:featuredmedia":[{"embeddable":true,"href":"https:\/\/streetmarkets.fr\/app\/wp-json\/wp\/v2\/media\/699491"}],"wp:attachment":[{"href":"https:\/\/streetmarkets.fr\/app\/wp-json\/wp\/v2\/media?parent=699490"}],"wp:term":[{"taxonomy":"product_brand","embeddable":true,"href":"https:\/\/streetmarkets.fr\/app\/wp-json\/wp\/v2\/product_brand?post=699490"},{"taxonomy":"product_cat","embeddable":true,"href":"https:\/\/streetmarkets.fr\/app\/wp-json\/wp\/v2\/product_cat?post=699490"},{"taxonomy":"product_tag","embeddable":true,"href":"https:\/\/streetmarkets.fr\/app\/wp-json\/wp\/v2\/product_tag?post=699490"}],"curies":[{"name":"wp","href":"https:\/\/api.w.org\/{rel}","templated":true}]}}