{"id":699483,"date":"2024-10-15T10:22:25","date_gmt":"2024-10-15T08:22:25","guid":{"rendered":"https:\/\/streetmarkets.fr\/app\/produit\/body-bretelles-georgia-blue-surf-lingerie-la-nouvelle\/"},"modified":"2026-04-21T08:36:58","modified_gmt":"2026-04-21T06:36:58","slug":"body-bretelles-georgia-blue-surf-lingerie-la-nouvelle","status":"publish","type":"product","link":"https:\/\/streetmarkets.fr\/app\/produit\/body-bretelles-georgia-blue-surf-lingerie-la-nouvelle\/","title":{"rendered":"Body bretelles Georgia Blue surf &#8211; Lingerie La Nouvelle"},"content":{"rendered":"<p><strong>Body Georgia \u00e0 fines bretelles<\/strong>.<\/p>\n<p>Ce mod\u00e8le s&#8217;adapte \u00e0 toutes morphologies et est tr\u00e8s confortable. Elastique sous poitrine pour assurer le maintien\u00a0et fronces sur le milieu devant pour souligner la poitrine.\u00a0<\/p>\n<p><strong>Guide des tailles<\/strong> :\u00a0<\/p>\n<p>Taille 1 correspond \u00e0 un 36<\/p>\n<p>taille 2 correspond \u00e0 un 38<\/p>\n<p>Retrouvez sur notre eshop une s\u00e9lection des plus belles cr\u00e9ations lingerie de la nouvelle collection <a href=\"https:\/\/www.joee.fr\/concept-store-la-nouvelle-paris\" target=\"_blank\" rel=\"noopener\">La Nouvelle.<\/a><\/p>\n","protected":false},"excerpt":{"rendered":"<p>Body Georgia \u00e0 fines bretelles. Ce mod\u00e8le s&#8217;adapte \u00e0 toutes morphologies et est tr\u00e8s confortable. Elastique sous poitrine pour assurer le maintien\u00a0et fronces sur le milieu devant pour souligner la poitrine.\u00a0 Guide des tailles :\u00a0 Taille 1 correspond \u00e0 un 36 taille 2 correspond \u00e0 un 38 Retrouvez sur notre eshop une s\u00e9lection des plus [&hellip;]<\/p>\n","protected":false},"featured_media":699484,"comment_status":"open","ping_status":"closed","template":"","meta":[],"product_brand":[],"product_cat":[1756,1762],"product_tag":[2244],"acf":[],"_links":{"self":[{"href":"https:\/\/streetmarkets.fr\/app\/wp-json\/wp\/v2\/product\/699483"}],"collection":[{"href":"https:\/\/streetmarkets.fr\/app\/wp-json\/wp\/v2\/product"}],"about":[{"href":"https:\/\/streetmarkets.fr\/app\/wp-json\/wp\/v2\/types\/product"}],"replies":[{"embeddable":true,"href":"https:\/\/streetmarkets.fr\/app\/wp-json\/wp\/v2\/comments?post=699483"}],"wp:featuredmedia":[{"embeddable":true,"href":"https:\/\/streetmarkets.fr\/app\/wp-json\/wp\/v2\/media\/699484"}],"wp:attachment":[{"href":"https:\/\/streetmarkets.fr\/app\/wp-json\/wp\/v2\/media?parent=699483"}],"wp:term":[{"taxonomy":"product_brand","embeddable":true,"href":"https:\/\/streetmarkets.fr\/app\/wp-json\/wp\/v2\/product_brand?post=699483"},{"taxonomy":"product_cat","embeddable":true,"href":"https:\/\/streetmarkets.fr\/app\/wp-json\/wp\/v2\/product_cat?post=699483"},{"taxonomy":"product_tag","embeddable":true,"href":"https:\/\/streetmarkets.fr\/app\/wp-json\/wp\/v2\/product_tag?post=699483"}],"curies":[{"name":"wp","href":"https:\/\/api.w.org\/{rel}","templated":true}]}}