{"id":699198,"date":"2024-10-15T10:20:53","date_gmt":"2024-10-15T08:20:53","guid":{"rendered":"https:\/\/streetmarkets.fr\/app\/produit\/bracelet-luxume-gold-marie-laure-chamorel\/"},"modified":"2026-05-08T08:36:39","modified_gmt":"2026-05-08T06:36:39","slug":"bracelet-luxume-gold-marie-laure-chamorel","status":"publish","type":"product","link":"https:\/\/streetmarkets.fr\/app\/produit\/bracelet-luxume-gold-marie-laure-chamorel\/","title":{"rendered":"Bracelet luxume gold &#8211; Marie Laure Chamorel"},"content":{"rendered":"<p><strong>Nouveaut\u00e9 !<\/strong><\/p>\n<p><strong>. Description<\/strong> : Ravissant bracelet fin\u00a0<span data-mce-fragment=\"1\">en argent massif 925 dor\u00e9 \u00e0 l\u2019or jaune avec en son centre 3 diamants polki. Il s<\/span><span data-mce-fragment=\"1\">&#8216;attache avec un fermoir \u00e0 bascule.\u00a0<\/span><\/p>\n<p><strong>. Dimension<\/strong> : longueur 15 cm + 2 cm de fermoir \u00e0 bascule<\/p>\n<p><strong>Marie Laure chamorel<\/strong> est une cr\u00e9atrice fran\u00e7aise qui a cr\u00e9\u00e9 sa marque de bijoux il y a 10 ans. Son inspiration : un style boh\u00e8me et unique avec le tissage de chaines et fil de soie.<\/p>\n<p>Les bijoux sont dessin\u00e9s \u00e0 Paris, et fabriqu\u00e9s \u00e0 la main en Indon\u00e9sie.<br data-mce-fragment=\"1\"><\/p>\n","protected":false},"excerpt":{"rendered":"<p>Nouveaut\u00e9 ! . Description : Ravissant bracelet fin\u00a0en argent massif 925 dor\u00e9 \u00e0 l\u2019or jaune avec en son centre 3 diamants polki. Il s&#8216;attache avec un fermoir \u00e0 bascule.\u00a0 . Dimension : longueur 15 cm + 2 cm de fermoir \u00e0 bascule Marie Laure chamorel est une cr\u00e9atrice fran\u00e7aise qui a cr\u00e9\u00e9 sa marque de [&hellip;]<\/p>\n","protected":false},"featured_media":699199,"comment_status":"open","ping_status":"closed","template":"","meta":[],"product_brand":[],"product_cat":[1807,1756],"product_tag":[2244],"acf":[],"_links":{"self":[{"href":"https:\/\/streetmarkets.fr\/app\/wp-json\/wp\/v2\/product\/699198"}],"collection":[{"href":"https:\/\/streetmarkets.fr\/app\/wp-json\/wp\/v2\/product"}],"about":[{"href":"https:\/\/streetmarkets.fr\/app\/wp-json\/wp\/v2\/types\/product"}],"replies":[{"embeddable":true,"href":"https:\/\/streetmarkets.fr\/app\/wp-json\/wp\/v2\/comments?post=699198"}],"wp:featuredmedia":[{"embeddable":true,"href":"https:\/\/streetmarkets.fr\/app\/wp-json\/wp\/v2\/media\/699199"}],"wp:attachment":[{"href":"https:\/\/streetmarkets.fr\/app\/wp-json\/wp\/v2\/media?parent=699198"}],"wp:term":[{"taxonomy":"product_brand","embeddable":true,"href":"https:\/\/streetmarkets.fr\/app\/wp-json\/wp\/v2\/product_brand?post=699198"},{"taxonomy":"product_cat","embeddable":true,"href":"https:\/\/streetmarkets.fr\/app\/wp-json\/wp\/v2\/product_cat?post=699198"},{"taxonomy":"product_tag","embeddable":true,"href":"https:\/\/streetmarkets.fr\/app\/wp-json\/wp\/v2\/product_tag?post=699198"}],"curies":[{"name":"wp","href":"https:\/\/api.w.org\/{rel}","templated":true}]}}