{"id":699168,"date":"2024-10-15T10:20:51","date_gmt":"2024-10-15T08:20:51","guid":{"rendered":"https:\/\/streetmarkets.fr\/app\/produit\/maillot-de-bain-2-pieces-rouge-lingerie-la-nouvelle\/"},"modified":"2026-05-08T08:36:39","modified_gmt":"2026-05-08T06:36:39","slug":"maillot-de-bain-2-pieces-rouge-lingerie-la-nouvelle","status":"publish","type":"product","link":"https:\/\/streetmarkets.fr\/app\/produit\/maillot-de-bain-2-pieces-rouge-lingerie-la-nouvelle\/","title":{"rendered":"Maillot de bain 2 pi\u00e8ces rouge &#8211; Lingerie La Nouvelle"},"content":{"rendered":"<p><strong>. Description :<\/strong> Nouveaut\u00e9 chez Lingerie la Nouvelle : le soutien gorge Tara rouge avec armatures et ouverture sur le devant avec un crochet.\u00a0<\/p>\n<p>Ce mod\u00e8le offre\u00a0un maintien optimal, soutien-gorge avec d\u00e9collet\u00e9 plongeant et bretelles r\u00e9glables.<\/p>\n<p>Culotte Georgia beach rouge avec \u00e9<span>chancrure normale sur le devant et sur les fesses. Elastique tour de taille en lurex dor\u00e9.\u00a0<\/span><\/p>\n<p><span><strong>. conseil\u00a0taille<\/strong> : <\/span><\/p>\n<p><span>pour une taille 36<\/span><span>, prenez la taille 1<\/span><\/p>\n<p><span>pour une taille 38, prenez la taille 2<\/span><\/p>\n<p><strong>. Composition :<\/strong> polyamide \u00e9lasthanne, \u00e9lastique lurex.<\/p>\n<p>Maillot doubl\u00e9<\/p>\n<p><strong>. conseil entretien<\/strong> : lavage \u00e0 la main 30\u00b0<\/p>\n","protected":false},"excerpt":{"rendered":"<p>. Description : Nouveaut\u00e9 chez Lingerie la Nouvelle : le soutien gorge Tara rouge avec armatures et ouverture sur le devant avec un crochet.\u00a0 Ce mod\u00e8le offre\u00a0un maintien optimal, soutien-gorge avec d\u00e9collet\u00e9 plongeant et bretelles r\u00e9glables. Culotte Georgia beach rouge avec \u00e9chancrure normale sur le devant et sur les fesses. Elastique tour de taille en [&hellip;]<\/p>\n","protected":false},"featured_media":699169,"comment_status":"open","ping_status":"closed","template":"","meta":[],"product_brand":[],"product_cat":[1756,1762],"product_tag":[2244],"acf":[],"_links":{"self":[{"href":"https:\/\/streetmarkets.fr\/app\/wp-json\/wp\/v2\/product\/699168"}],"collection":[{"href":"https:\/\/streetmarkets.fr\/app\/wp-json\/wp\/v2\/product"}],"about":[{"href":"https:\/\/streetmarkets.fr\/app\/wp-json\/wp\/v2\/types\/product"}],"replies":[{"embeddable":true,"href":"https:\/\/streetmarkets.fr\/app\/wp-json\/wp\/v2\/comments?post=699168"}],"wp:featuredmedia":[{"embeddable":true,"href":"https:\/\/streetmarkets.fr\/app\/wp-json\/wp\/v2\/media\/699169"}],"wp:attachment":[{"href":"https:\/\/streetmarkets.fr\/app\/wp-json\/wp\/v2\/media?parent=699168"}],"wp:term":[{"taxonomy":"product_brand","embeddable":true,"href":"https:\/\/streetmarkets.fr\/app\/wp-json\/wp\/v2\/product_brand?post=699168"},{"taxonomy":"product_cat","embeddable":true,"href":"https:\/\/streetmarkets.fr\/app\/wp-json\/wp\/v2\/product_cat?post=699168"},{"taxonomy":"product_tag","embeddable":true,"href":"https:\/\/streetmarkets.fr\/app\/wp-json\/wp\/v2\/product_tag?post=699168"}],"curies":[{"name":"wp","href":"https:\/\/api.w.org\/{rel}","templated":true}]}}