{"id":699145,"date":"2024-10-15T10:20:50","date_gmt":"2024-10-15T08:20:50","guid":{"rendered":"https:\/\/streetmarkets.fr\/app\/produit\/pochette-carre-dor-xs-croco-noir-linde-gallery-st-barth\/"},"modified":"2026-05-05T08:36:36","modified_gmt":"2026-05-05T06:36:36","slug":"pochette-carre-dor-xs-croco-noir-linde-gallery-st-barth","status":"publish","type":"product","link":"https:\/\/streetmarkets.fr\/app\/produit\/pochette-carre-dor-xs-croco-noir-linde-gallery-st-barth\/","title":{"rendered":"Pochette carr\u00e9 d&#8217;or XS croco noir &#8211; Linde Gallery St Barth"},"content":{"rendered":"<p>Pochette impression croco mat coloris, coloris noir<\/p>\n<p>Fermeture avec bouton pression<\/p>\n<p>Fabrication traditionnelle dans le Tarn. <\/p>\n<p>Cr\u00e9ation et fabrication fran\u00e7aise. <\/p>\n<\/p>\n<p>Retrouvez sur notre eshop une s\u00e9lection des plus belles cr\u00e9ations maroquinerie de la nouvelle collection <a href=\"https:\/\/www.joee.fr\/concept-store-linde-gallery-paris\" target=\"_blank\" rel=\"noopener\">Linde Gallery St Barth.<\/a><\/p>\n","protected":false},"excerpt":{"rendered":"<p>Pochette impression croco mat coloris, coloris noir Fermeture avec bouton pression Fabrication traditionnelle dans le Tarn. Cr\u00e9ation et fabrication fran\u00e7aise. Retrouvez sur notre eshop une s\u00e9lection des plus belles cr\u00e9ations maroquinerie de la nouvelle collection Linde Gallery St Barth.<\/p>\n","protected":false},"featured_media":699146,"comment_status":"open","ping_status":"closed","template":"","meta":[],"product_brand":[],"product_cat":[1756,1764],"product_tag":[2244],"acf":[],"_links":{"self":[{"href":"https:\/\/streetmarkets.fr\/app\/wp-json\/wp\/v2\/product\/699145"}],"collection":[{"href":"https:\/\/streetmarkets.fr\/app\/wp-json\/wp\/v2\/product"}],"about":[{"href":"https:\/\/streetmarkets.fr\/app\/wp-json\/wp\/v2\/types\/product"}],"replies":[{"embeddable":true,"href":"https:\/\/streetmarkets.fr\/app\/wp-json\/wp\/v2\/comments?post=699145"}],"wp:featuredmedia":[{"embeddable":true,"href":"https:\/\/streetmarkets.fr\/app\/wp-json\/wp\/v2\/media\/699146"}],"wp:attachment":[{"href":"https:\/\/streetmarkets.fr\/app\/wp-json\/wp\/v2\/media?parent=699145"}],"wp:term":[{"taxonomy":"product_brand","embeddable":true,"href":"https:\/\/streetmarkets.fr\/app\/wp-json\/wp\/v2\/product_brand?post=699145"},{"taxonomy":"product_cat","embeddable":true,"href":"https:\/\/streetmarkets.fr\/app\/wp-json\/wp\/v2\/product_cat?post=699145"},{"taxonomy":"product_tag","embeddable":true,"href":"https:\/\/streetmarkets.fr\/app\/wp-json\/wp\/v2\/product_tag?post=699145"}],"curies":[{"name":"wp","href":"https:\/\/api.w.org\/{rel}","templated":true}]}}