{"id":692211,"date":"2024-10-14T15:42:24","date_gmt":"2024-10-14T13:42:24","guid":{"rendered":"https:\/\/streetmarkets.fr\/app\/produit\/pull-sans-manche-h24-femme-beige\/"},"modified":"2025-02-15T01:08:38","modified_gmt":"2025-02-15T00:08:38","slug":"pull-sans-manche-h24-femme-beige","status":"publish","type":"product","link":"https:\/\/streetmarkets.fr\/app\/produit\/pull-sans-manche-h24-femme-beige\/","title":{"rendered":"Pull Sans Manches (H24 \/ FEMME \/ Beige)"},"content":{"rendered":"<p>Confectionn\u00e9 en cachemire, ce pull sans manches court se pare d&#8217;un jeu de contrastes pour une \u00e9l\u00e9gance d\u00e9contract\u00e9e. M\u00ealant douceur et audace, il arbore un col roul\u00e9 et des bords c\u00f4tel\u00e9s contrast\u00e9s. Associez-le \u00e0 une chemise fluide et un pantalon ample pour un look sophistiqu\u00e9.<\/p>\n<p>&#8211; Pull sans manches court en cachemire certifi\u00e9 GCS\u00ae Femme<br \/>\n<br \/>&#8211; Bicolore<br \/>\n<br \/>&#8211; Col roul\u00e9<br \/>\n<br \/>&#8211; Bords c\u00f4tel\u00e9s contrast\u00e9s<br \/>\n<br \/>&#8211; Coupe regular<br \/>\n<br \/>&#8211; Le Good Cashmere Standard\u00ae (GCS) est une norme ind\u00e9pendante pour un cachemire plus durable et plus responsable. Il vise \u00e0 am\u00e9liorer le bien-\u00eatre des ch\u00e8vres cachemire, les conditions de travail des \u00e9leveurs ainsi qu&#8217;\u00e0 prot\u00e9ger l&#8217;environnement.<br \/>&#8211; <u>Cachemire 2 fils<\/u> <\/p>\n","protected":false},"excerpt":{"rendered":"<p>Confectionn\u00e9 en cachemire, ce pull sans manches court se pare d&#8217;un jeu de contrastes pour une \u00e9l\u00e9gance d\u00e9contract\u00e9e. M\u00ealant douceur et audace, il arbore un col roul\u00e9 et des bords c\u00f4tel\u00e9s contrast\u00e9s. Associez-le \u00e0 une chemise fluide et un pantalon ample pour un look sophistiqu\u00e9. &#8211; Pull sans manches court en cachemire certifi\u00e9 GCS\u00ae Femme [&hellip;]<\/p>\n","protected":false},"featured_media":692212,"comment_status":"open","ping_status":"closed","template":"","meta":[],"product_brand":[6868],"product_cat":[1756,1762],"product_tag":[2244],"acf":[],"_links":{"self":[{"href":"https:\/\/streetmarkets.fr\/app\/wp-json\/wp\/v2\/product\/692211"}],"collection":[{"href":"https:\/\/streetmarkets.fr\/app\/wp-json\/wp\/v2\/product"}],"about":[{"href":"https:\/\/streetmarkets.fr\/app\/wp-json\/wp\/v2\/types\/product"}],"replies":[{"embeddable":true,"href":"https:\/\/streetmarkets.fr\/app\/wp-json\/wp\/v2\/comments?post=692211"}],"wp:featuredmedia":[{"embeddable":true,"href":"https:\/\/streetmarkets.fr\/app\/wp-json\/wp\/v2\/media\/692212"}],"wp:attachment":[{"href":"https:\/\/streetmarkets.fr\/app\/wp-json\/wp\/v2\/media?parent=692211"}],"wp:term":[{"taxonomy":"product_brand","embeddable":true,"href":"https:\/\/streetmarkets.fr\/app\/wp-json\/wp\/v2\/product_brand?post=692211"},{"taxonomy":"product_cat","embeddable":true,"href":"https:\/\/streetmarkets.fr\/app\/wp-json\/wp\/v2\/product_cat?post=692211"},{"taxonomy":"product_tag","embeddable":true,"href":"https:\/\/streetmarkets.fr\/app\/wp-json\/wp\/v2\/product_tag?post=692211"}],"curies":[{"name":"wp","href":"https:\/\/api.w.org\/{rel}","templated":true}]}}